180.241.242.71 - - [10/Sep/2026:17:37:06 +0200] "POST //wp-admin/wafs.php HTTP/1.1" 200 7043 "https://salumipasini.spaceten.it//wp-admin/wafs.php" "Mozilla/5.0 (Windows NT 10.0; Win64; x64) AppleWebKit/537.36 (KHTML, like Gecko) Chrome/152.0.0.0 Safari/537.36"
180.241.242.71 - - [10/Sep/2026:17:37:06 +0200] "GET /favicon.ico HTTP/1.1" 200 9841 "https://salumipasini.spaceten.it//wp-admin/wafs.php" "Mozilla/5.0 (Windows NT 10.0; Win64; x64) AppleWebKit/537.36 (KHTML, like Gecko) Chrome/152.0.0.0 Safari/537.36"
180.241.242.71 - - [10/Sep/2026:17:37:08 +0200] "POST //wp-admin/wafs.php HTTP/1.1" 200 6700 "https://salumipasini.spaceten.it//wp-admin/wafs.php" "Mozilla/5.0 (Windows NT 10.0; Win64; x64) AppleWebKit/537.36 (KHTML, like Gecko) Chrome/152.0.0.0 Safari/537.36"
180.241.242.71 - - [10/Sep/2026:17:37:08 +0200] "GET /favicon.ico HTTP/1.1" 200 9841 "https://salumipasini.spaceten.it//wp-admin/wafs.php" "Mozilla/5.0 (Windows NT 10.0; Win64; x64) AppleWebKit/537.36 (KHTML, like Gecko) Chrome/152.0.0.0 Safari/537.36"
198.204.240.234 - - [10/Sep/2026:17:36:27 +0200] "GET /wp-content/x5ba52b/index.php HTTP/1.1" 200 5423 "https://salumipasini.spaceten.it/wp-content/x5ba52b/index.php" "Mozilla/5.0 (Macintosh; Intel Mac OS X 10_6_8) AppleWebKit/534.24 (KHTML, like Gecko) Iron/11.0.700.2 Chrome/11.0.700.2 Safari/534.24"
192.185.4.96 - - [10/Sep/2026:17:57:37 +0200] "GET /wp-login.php HTTP/1.1" 200 9844 "-" "Mozilla/5.0 (Macintosh; Intel Mac OS X 10_15_7) AppleWebKit/537.36 (KHTML, like Gecko) Chrome/148.0.0.0 Safari/537.36"
198.204.240.234 - - [10/Sep/2026:18:04:41 +0200] "GET /wp-content/x5ba52b/index.php HTTP/1.1" 200 5497 "https://salumipasini.spaceten.it/wp-content/x5ba52b/index.php" "Mozilla/5.0 (compatible; MSIE 10.0; Windows NT 6.1; Trident/6.0)"
198.204.240.234 - - [10/Sep/2026:18:04:21 +0200] "GET /wp-content/x5ba52b/index.php HTTP/1.1" 200 5423 "https://salumipasini.spaceten.it/wp-content/x5ba52b/index.php" "Mozilla/5.0 (Windows NT 5.1; rv:6.0) Gecko/20100101 Firefox/6.0"
107.150.52.226 - - [10/Sep/2026:18:05:51 +0200] "GET /wp-content/x5ba52b/index.php?id=580886$wd HTTP/1.1" 200 5423 "https://salumipasini.spaceten.it/wp-content/x5ba52b/index.php?id=580886$wd" "Mozilla/5.0"
168.144.130.93 - - [10/Sep/2026:18:21:03 +0200] "GET /wp-login.php HTTP/1.1" 200 9846 "https://www.google.com/" "Mozilla/5.0 (Macintosh; Intel Mac OS X 10_15_7) AppleWebKit/537.36 (KHTML, like Gecko) Chrome/121.0.0.0 Safari/537.36"
168.144.130.93 - - [10/Sep/2026:18:21:07 +0200] "GET /?author=1 HTTP/1.1" 200 9842 "-" "Mozilla/5.0 (Windows NT 10.0; Win64; x64; rv:120.0) Gecko/20100101 Firefox/120.0"
168.144.130.93 - - [10/Sep/2026:18:21:11 +0200] "GET /?author=2 HTTP/1.1" 200 9842 "https://wordpress.org/" "Mozilla/5.0 (Windows NT 11.0; Win64; x64) AppleWebKit/537.36 (KHTML, like Gecko) Chrome/120.0.0.0 Safari/537.36"
168.144.130.93 - - [10/Sep/2026:18:21:15 +0200] "GET /?author=3 HTTP/1.1" 200 9842 "https://t.co/" "Mozilla/5.0 (X11; Linux x86_64) AppleWebKit/537.36 (KHTML, like Gecko) Chrome/120.0.0.0 Safari/537.36"
168.144.130.93 - - [10/Sep/2026:18:21:19 +0200] "GET /?author=4 HTTP/1.1" 200 9842 "https://wordpress.org/" "Mozilla/5.0 (Macintosh; Intel Mac OS X 10_15_7) AppleWebKit/605.1.15 (KHTML, like Gecko) Version/17.2 Safari/605.1.15"
168.144.130.93 - - [10/Sep/2026:18:21:22 +0200] "GET /?author=5 HTTP/1.1" 200 5677 "https://www.google.com/search?q=wordpress" "Mozilla/5.0 (Macintosh; Intel Mac OS X 13_6_1) AppleWebKit/537.36 (KHTML, like Gecko) Chrome/121.0.0.0 Safari/537.36"
168.144.130.93 - - [10/Sep/2026:18:21:29 +0200] "GET /wp-json/wp/v2/users HTTP/1.1" 200 9842 "" "Mozilla/5.0 (Macintosh; Intel Mac OS X 13_6_1) AppleWebKit/605.1.15 (KHTML, like Gecko) Version/17.2 Safari/605.1.15"
168.144.130.93 - - [10/Sep/2026:18:21:32 +0200] "POST /wp-login.php HTTP/1.1" 200 9846 "https://salumipasini.spaceten.it/wp-login.php" "Mozilla/5.0 (Macintosh; Intel Mac OS X 13_6_1) AppleWebKit/605.1.15 (KHTML, like Gecko) Version/17.2 Safari/605.1.15"
168.144.130.93 - - [10/Sep/2026:18:21:36 +0200] "GET /wp-admin/index.php HTTP/1.1" 200 11507 "https://salumipasini.spaceten.it/wp-login.php" "Mozilla/5.0 (Macintosh; Intel Mac OS X 10_15_7) AppleWebKit/537.36 (KHTML, like Gecko) Chrome/119.0.0.0 Safari/537.36"
168.144.130.93 - - [10/Sep/2026:18:21:39 +0200] "GET /wp-admin/profile.php HTTP/1.1" 200 11509 "https://salumipasini.spaceten.it/wp-login.php" "Mozilla/5.0 (Macintosh; Intel Mac OS X 10_15_7) AppleWebKit/537.36 (KHTML, like Gecko) Chrome/119.0.0.0 Safari/537.36"
168.144.130.93 - - [10/Sep/2026:18:21:43 +0200] "GET /wp-admin/edit.php HTTP/1.1" 200 11507 "https://salumipasini.spaceten.it/wp-login.php" "Mozilla/5.0 (Macintosh; Intel Mac OS X 10_15_7) AppleWebKit/537.36 (KHTML, like Gecko) Chrome/119.0.0.0 Safari/537.36"
168.144.130.93 - - [10/Sep/2026:18:21:46 +0200] "GET /wp-admin/plugins.php HTTP/1.1" 200 11510 "https://salumipasini.spaceten.it/wp-login.php" "Mozilla/5.0 (Macintosh; Intel Mac OS X 10_15_7) AppleWebKit/537.36 (KHTML, like Gecko) Chrome/119.0.0.0 Safari/537.36"
168.144.130.93 - - [10/Sep/2026:18:21:50 +0200] "POST /wp-login.php HTTP/1.1" 200 9846 "https://salumipasini.spaceten.it/wp-login.php" "Mozilla/5.0 (Macintosh; Intel Mac OS X 10_15_7) AppleWebKit/537.36 (KHTML, like Gecko) Chrome/118.0.0.0 Safari/537.36"
168.144.130.93 - - [10/Sep/2026:18:21:53 +0200] "GET /wp-admin/index.php HTTP/1.1" 200 11507 "https://salumipasini.spaceten.it/wp-login.php" "Mozilla/5.0 (X11; Ubuntu; Linux x86_64) AppleWebKit/537.36 (KHTML, like Gecko) Chrome/118.0.0.0 Safari/537.36"
168.144.130.93 - - [10/Sep/2026:18:21:56 +0200] "GET /wp-admin/profile.php HTTP/1.1" 200 11509 "https://salumipasini.spaceten.it/wp-login.php" "Mozilla/5.0 (X11; Ubuntu; Linux x86_64) AppleWebKit/537.36 (KHTML, like Gecko) Chrome/118.0.0.0 Safari/537.36"
168.144.130.93 - - [10/Sep/2026:18:21:59 +0200] "GET /wp-admin/edit.php HTTP/1.1" 200 11507 "https://salumipasini.spaceten.it/wp-login.php" "Mozilla/5.0 (X11; Ubuntu; Linux x86_64) AppleWebKit/537.36 (KHTML, like Gecko) Chrome/118.0.0.0 Safari/537.36"
168.144.130.93 - - [10/Sep/2026:18:22:02 +0200] "GET /wp-admin/plugins.php HTTP/1.1" 200 11510 "https://salumipasini.spaceten.it/wp-login.php" "Mozilla/5.0 (X11; Ubuntu; Linux x86_64) AppleWebKit/537.36 (KHTML, like Gecko) Chrome/118.0.0.0 Safari/537.36"
168.144.130.93 - - [10/Sep/2026:18:22:06 +0200] "POST /wp-login.php HTTP/1.1" 200 9846 "https://salumipasini.spaceten.it/wp-login.php" "Mozilla/5.0 (Macintosh; Intel Mac OS X 13_6_1) AppleWebKit/605.1.15 (KHTML, like Gecko) Version/17.0 Safari/605.1.15"
168.144.130.93 - - [10/Sep/2026:18:22:09 +0200] "GET /wp-admin/index.php HTTP/1.1" 200 11507 "https://salumipasini.spaceten.it/wp-login.php" "Mozilla/5.0 (X11; Linux x86_64) AppleWebKit/537.36 (KHTML, like Gecko) Chrome/118.0.0.0 Safari/537.36"
168.144.130.93 - - [10/Sep/2026:18:22:13 +0200] "GET /wp-admin/profile.php HTTP/1.1" 200 11509 "https://salumipasini.spaceten.it/wp-login.php" "Mozilla/5.0 (X11; Linux x86_64) AppleWebKit/537.36 (KHTML, like Gecko) Chrome/118.0.0.0 Safari/537.36"
168.144.130.93 - - [10/Sep/2026:18:22:17 +0200] "GET /wp-admin/edit.php HTTP/1.1" 200 11507 "https://salumipasini.spaceten.it/wp-login.php" "Mozilla/5.0 (X11; Linux x86_64) AppleWebKit/537.36 (KHTML, like Gecko) Chrome/118.0.0.0 Safari/537.36"
168.144.130.93 - - [10/Sep/2026:18:22:26 +0200] "GET /wp-admin/plugins.php HTTP/1.1" 200 11510 "https://salumipasini.spaceten.it/wp-login.php" "Mozilla/5.0 (X11; Linux x86_64) AppleWebKit/537.36 (KHTML, like Gecko) Chrome/118.0.0.0 Safari/537.36"
168.144.130.93 - - [10/Sep/2026:18:22:31 +0200] "POST /wp-login.php HTTP/1.1" 200 9846 "https://salumipasini.spaceten.it/wp-login.php" "Mozilla/5.0 (Windows NT 11.0; Win64; x64) AppleWebKit/537.36 (KHTML, like Gecko) Chrome/118.0.0.0 Safari/537.36"
168.144.130.93 - - [10/Sep/2026:18:22:35 +0200] "GET /wp-admin/index.php HTTP/1.1" 200 11507 "https://salumipasini.spaceten.it/wp-login.php" "Mozilla/5.0 (Macintosh; Intel Mac OS X 10_15_7) AppleWebKit/605.1.15 (KHTML, like Gecko) Version/17.2 Safari/605.1.15"
168.144.130.93 - - [10/Sep/2026:18:22:38 +0200] "GET /wp-admin/profile.php HTTP/1.1" 200 11509 "https://salumipasini.spaceten.it/wp-login.php" "Mozilla/5.0 (Macintosh; Intel Mac OS X 10_15_7) AppleWebKit/605.1.15 (KHTML, like Gecko) Version/17.2 Safari/605.1.15"
168.144.130.93 - - [10/Sep/2026:18:22:42 +0200] "GET /wp-admin/edit.php HTTP/1.1" 200 11507 "https://salumipasini.spaceten.it/wp-login.php" "Mozilla/5.0 (Macintosh; Intel Mac OS X 10_15_7) AppleWebKit/605.1.15 (KHTML, like Gecko) Version/17.2 Safari/605.1.15"
168.144.130.93 - - [10/Sep/2026:18:22:45 +0200] "GET /wp-admin/plugins.php HTTP/1.1" 200 11510 "https://salumipasini.spaceten.it/wp-login.php" "Mozilla/5.0 (Macintosh; Intel Mac OS X 10_15_7) AppleWebKit/605.1.15 (KHTML, like Gecko) Version/17.2 Safari/605.1.15"
168.144.130.93 - - [10/Sep/2026:18:22:48 +0200] "POST /wp-login.php HTTP/1.1" 200 9846 "https://salumipasini.spaceten.it/wp-login.php" "Mozilla/5.0 (Macintosh; Intel Mac OS X 10_15_7) AppleWebKit/605.1.15 (KHTML, like Gecko) Version/17.1 Safari/605.1.15"
168.144.130.93 - - [10/Sep/2026:18:32:51 +0200] "POST /wp-login.php HTTP/1.1" 200 9846 "https://salumipasini.spaceten.it/wp-login.php" "Mozilla/5.0 (Macintosh; Intel Mac OS X 13_6_1) AppleWebKit/537.36 (KHTML, like Gecko) Chrome/121.0.0.0 Safari/537.36"
168.144.130.93 - - [10/Sep/2026:18:32:55 +0200] "GET /wp-admin/index.php HTTP/1.1" 200 11507 "https://salumipasini.spaceten.it/wp-login.php" "Mozilla/5.0 (Windows NT 10.0; Win64; x64) AppleWebKit/537.36 (KHTML, like Gecko) Chrome/120.0.0.0 Safari/537.36"
168.144.130.93 - - [10/Sep/2026:18:32:59 +0200] "GET /wp-admin/profile.php HTTP/1.1" 200 11509 "https://salumipasini.spaceten.it/wp-login.php" "Mozilla/5.0 (Windows NT 10.0; Win64; x64) AppleWebKit/537.36 (KHTML, like Gecko) Chrome/120.0.0.0 Safari/537.36"
168.144.130.93 - - [10/Sep/2026:18:33:02 +0200] "GET /wp-admin/edit.php HTTP/1.1" 200 11507 "https://salumipasini.spaceten.it/wp-login.php" "Mozilla/5.0 (Windows NT 10.0; Win64; x64) AppleWebKit/537.36 (KHTML, like Gecko) Chrome/120.0.0.0 Safari/537.36"
168.144.130.93 - - [10/Sep/2026:18:33:06 +0200] "GET /wp-admin/plugins.php HTTP/1.1" 200 11510 "https://salumipasini.spaceten.it/wp-login.php" "Mozilla/5.0 (Windows NT 10.0; Win64; x64) AppleWebKit/537.36 (KHTML, like Gecko) Chrome/120.0.0.0 Safari/537.36"
168.144.130.93 - - [10/Sep/2026:18:33:10 +0200] "POST /wp-login.php HTTP/1.1" 200 9846 "https://salumipasini.spaceten.it/wp-login.php" "Mozilla/5.0 (Macintosh; Intel Mac OS X 10_15_7; rv:118.0) Gecko/20100101 Firefox/118.0"
198.204.240.234 - - [10/Sep/2026:18:33:10 +0200] "GET /wp-content/x5ba52b/index.php HTTP/1.1" 200 5497 "https://salumipasini.spaceten.it/wp-content/x5ba52b/index.php" "Mozilla/5.0 (Macintosh; Intel Mac OS X 10_6_8) AppleWebKit/534.57.2 (KHTML, like Gecko) Version/5.1.7 Safari/534.57.2"
168.144.130.93 - - [10/Sep/2026:18:33:15 +0200] "GET /wp-admin/index.php HTTP/1.1" 200 11507 "https://salumipasini.spaceten.it/wp-login.php" "Mozilla/5.0 (X11; Linux x86_64) AppleWebKit/537.36 (KHTML, like Gecko) Chrome/118.0.0.0 Safari/537.36"
168.144.130.93 - - [10/Sep/2026:18:33:19 +0200] "GET /wp-admin/profile.php HTTP/1.1" 200 11509 "https://salumipasini.spaceten.it/wp-login.php" "Mozilla/5.0 (X11; Linux x86_64) AppleWebKit/537.36 (KHTML, like Gecko) Chrome/118.0.0.0 Safari/537.36"
168.144.130.93 - - [10/Sep/2026:18:33:23 +0200] "GET /wp-admin/edit.php HTTP/1.1" 200 11507 "https://salumipasini.spaceten.it/wp-login.php" "Mozilla/5.0 (X11; Linux x86_64) AppleWebKit/537.36 (KHTML, like Gecko) Chrome/118.0.0.0 Safari/537.36"
168.144.130.93 - - [10/Sep/2026:18:33:27 +0200] "GET /wp-admin/plugins.php HTTP/1.1" 200 11510 "https://salumipasini.spaceten.it/wp-login.php" "Mozilla/5.0 (X11; Linux x86_64) AppleWebKit/537.36 (KHTML, like Gecko) Chrome/118.0.0.0 Safari/537.36"
168.144.130.93 - - [10/Sep/2026:18:33:30 +0200] "POST /wp-login.php HTTP/1.1" 200 9846 "https://salumipasini.spaceten.it/wp-login.php" "Mozilla/5.0 (X11; Ubuntu; Linux x86_64) AppleWebKit/537.36 (KHTML, like Gecko) Chrome/121.0.0.0 Safari/537.36"
168.144.130.93 - - [10/Sep/2026:18:33:34 +0200] "GET /wp-admin/index.php HTTP/1.1" 200 11507 "https://salumipasini.spaceten.it/wp-login.php" "Mozilla/5.0 (X11; Linux x86_64) AppleWebKit/537.36 (KHTML, like Gecko) Chrome/121.0.0.0 Safari/537.36"
168.144.130.93 - - [10/Sep/2026:18:33:37 +0200] "GET /wp-admin/profile.php HTTP/1.1" 200 11509 "https://salumipasini.spaceten.it/wp-login.php" "Mozilla/5.0 (X11; Linux x86_64) AppleWebKit/537.36 (KHTML, like Gecko) Chrome/121.0.0.0 Safari/537.36"
168.144.130.93 - - [10/Sep/2026:18:33:41 +0200] "GET /wp-admin/edit.php HTTP/1.1" 200 11507 "https://salumipasini.spaceten.it/wp-login.php" "Mozilla/5.0 (X11; Linux x86_64) AppleWebKit/537.36 (KHTML, like Gecko) Chrome/121.0.0.0 Safari/537.36"
168.144.130.93 - - [10/Sep/2026:18:33:44 +0200] "GET /wp-admin/plugins.php HTTP/1.1" 200 11510 "https://salumipasini.spaceten.it/wp-login.php" "Mozilla/5.0 (X11; Linux x86_64) AppleWebKit/537.36 (KHTML, like Gecko) Chrome/121.0.0.0 Safari/537.36"
168.144.130.93 - - [10/Sep/2026:18:33:48 +0200] "POST /wp-login.php HTTP/1.1" 200 9846 "https://salumipasini.spaceten.it/wp-login.php" "Mozilla/5.0 (Macintosh; Intel Mac OS X 13_6_1) AppleWebKit/605.1.15 (KHTML, like Gecko) Version/17.0 Safari/605.1.15"
168.144.130.93 - - [10/Sep/2026:18:33:51 +0200] "GET /wp-admin/index.php HTTP/1.1" 200 11507 "https://salumipasini.spaceten.it/wp-login.php" "Mozilla/5.0 (Macintosh; Intel Mac OS X 10_15_7) AppleWebKit/605.1.15 (KHTML, like Gecko) Version/17.1 Safari/605.1.15"
168.144.130.93 - - [10/Sep/2026:18:33:54 +0200] "GET /wp-admin/profile.php HTTP/1.1" 200 11509 "https://salumipasini.spaceten.it/wp-login.php" "Mozilla/5.0 (Macintosh; Intel Mac OS X 10_15_7) AppleWebKit/605.1.15 (KHTML, like Gecko) Version/17.1 Safari/605.1.15"
168.144.130.93 - - [10/Sep/2026:18:33:57 +0200] "GET /wp-admin/edit.php HTTP/1.1" 200 11507 "https://salumipasini.spaceten.it/wp-login.php" "Mozilla/5.0 (Macintosh; Intel Mac OS X 10_15_7) AppleWebKit/605.1.15 (KHTML, like Gecko) Version/17.1 Safari/605.1.15"
168.144.130.93 - - [10/Sep/2026:18:34:00 +0200] "GET /wp-admin/plugins.php HTTP/1.1" 200 11510 "https://salumipasini.spaceten.it/wp-login.php" "Mozilla/5.0 (Macintosh; Intel Mac OS X 10_15_7) AppleWebKit/605.1.15 (KHTML, like Gecko) Version/17.1 Safari/605.1.15"
168.144.130.93 - - [10/Sep/2026:18:34:03 +0200] "POST /wp-login.php HTTP/1.1" 200 9846 "https://salumipasini.spaceten.it/wp-login.php" "Mozilla/5.0 (Windows NT 11.0; Win64; x64; rv:118.0) Gecko/20100101 Firefox/118.0"
198.204.240.234 - - [10/Sep/2026:18:32:51 +0200] "GET /wp-content/x5ba52b/index.php HTTP/1.1" 200 5423 "https://salumipasini.spaceten.it/wp-content/x5ba52b/index.php" "Mozilla/4.0 (compatible; MSIE 7.0; Windows NT 5.1; SV1)"
107.150.52.226 - - [10/Sep/2026:18:34:18 +0200] "GET /wp-content/x5ba52b/index.php?id=580886$wd HTTP/1.1" 200 5423 "https://salumipasini.spaceten.it/wp-content/x5ba52b/index.php?id=580886$wd" "Mozilla/5.0"
168.144.130.93 - - [10/Sep/2026:18:44:06 +0200] "POST /wp-login.php HTTP/1.1" 200 9846 "https://salumipasini.spaceten.it/wp-login.php" "Mozilla/5.0 (Windows NT 11.0; Win64; x64) AppleWebKit/537.36 (KHTML, like Gecko) Chrome/118.0.0.0 Safari/537.36"
168.144.130.93 - - [10/Sep/2026:18:44:08 +0200] "GET /wp-admin/index.php HTTP/1.1" 200 11507 "https://salumipasini.spaceten.it/wp-login.php" "Mozilla/5.0 (Macintosh; Intel Mac OS X 10_15_7) AppleWebKit/537.36 (KHTML, like Gecko) Chrome/121.0.0.0 Safari/537.36"
168.144.130.93 - - [10/Sep/2026:18:44:11 +0200] "GET /wp-admin/profile.php HTTP/1.1" 200 11509 "https://salumipasini.spaceten.it/wp-login.php" "Mozilla/5.0 (Macintosh; Intel Mac OS X 10_15_7) AppleWebKit/537.36 (KHTML, like Gecko) Chrome/121.0.0.0 Safari/537.36"
168.144.130.93 - - [10/Sep/2026:18:44:13 +0200] "GET /wp-admin/edit.php HTTP/1.1" 200 11507 "https://salumipasini.spaceten.it/wp-login.php" "Mozilla/5.0 (Macintosh; Intel Mac OS X 10_15_7) AppleWebKit/537.36 (KHTML, like Gecko) Chrome/121.0.0.0 Safari/537.36"
168.144.130.93 - - [10/Sep/2026:18:44:15 +0200] "GET /wp-admin/plugins.php HTTP/1.1" 200 11510 "https://salumipasini.spaceten.it/wp-login.php" "Mozilla/5.0 (Macintosh; Intel Mac OS X 10_15_7) AppleWebKit/537.36 (KHTML, like Gecko) Chrome/121.0.0.0 Safari/537.36"
168.144.130.93 - - [10/Sep/2026:18:44:18 +0200] "POST /wp-login.php HTTP/1.1" 200 9846 "https://salumipasini.spaceten.it/wp-login.php" "Mozilla/5.0 (Windows NT 10.0; Win64; x64) AppleWebKit/537.36 (KHTML, like Gecko) Chrome/120.0.0.0 Safari/537.36"
168.144.130.93 - - [10/Sep/2026:18:44:20 +0200] "GET /wp-admin/index.php HTTP/1.1" 200 11507 "https://salumipasini.spaceten.it/wp-login.php" "Mozilla/5.0 (Macintosh; Intel Mac OS X 10_15_7) AppleWebKit/537.36 (KHTML, like Gecko) Chrome/120.0.0.0 Safari/537.36"
168.144.130.93 - - [10/Sep/2026:18:44:23 +0200] "GET /wp-admin/profile.php HTTP/1.1" 200 11509 "https://salumipasini.spaceten.it/wp-login.php" "Mozilla/5.0 (Macintosh; Intel Mac OS X 10_15_7) AppleWebKit/537.36 (KHTML, like Gecko) Chrome/120.0.0.0 Safari/537.36"
168.144.130.93 - - [10/Sep/2026:18:44:25 +0200] "GET /wp-admin/edit.php HTTP/1.1" 200 11507 "https://salumipasini.spaceten.it/wp-login.php" "Mozilla/5.0 (Macintosh; Intel Mac OS X 10_15_7) AppleWebKit/537.36 (KHTML, like Gecko) Chrome/120.0.0.0 Safari/537.36"
168.144.130.93 - - [10/Sep/2026:18:44:27 +0200] "GET /wp-admin/plugins.php HTTP/1.1" 200 11510 "https://salumipasini.spaceten.it/wp-login.php" "Mozilla/5.0 (Macintosh; Intel Mac OS X 10_15_7) AppleWebKit/537.36 (KHTML, like Gecko) Chrome/120.0.0.0 Safari/537.36"
168.144.130.93 - - [10/Sep/2026:18:44:30 +0200] "POST /wp-login.php HTTP/1.1" 200 9846 "https://salumipasini.spaceten.it/wp-login.php" "Mozilla/5.0 (Windows NT 11.0; Win64; x64; rv:118.0) Gecko/20100101 Firefox/118.0"
168.144.130.93 - - [10/Sep/2026:18:44:32 +0200] "GET /wp-admin/index.php HTTP/1.1" 200 11507 "https://salumipasini.spaceten.it/wp-login.php" "Mozilla/5.0 (X11; Linux x86_64) AppleWebKit/537.36 (KHTML, like Gecko) Chrome/118.0.0.0 Safari/537.36"
168.144.130.93 - - [10/Sep/2026:18:44:35 +0200] "GET /wp-admin/profile.php HTTP/1.1" 200 11509 "https://salumipasini.spaceten.it/wp-login.php" "Mozilla/5.0 (X11; Linux x86_64) AppleWebKit/537.36 (KHTML, like Gecko) Chrome/118.0.0.0 Safari/537.36"
168.144.130.93 - - [10/Sep/2026:18:44:37 +0200] "GET /wp-admin/edit.php HTTP/1.1" 200 11507 "https://salumipasini.spaceten.it/wp-login.php" "Mozilla/5.0 (X11; Linux x86_64) AppleWebKit/537.36 (KHTML, like Gecko) Chrome/118.0.0.0 Safari/537.36"
168.144.130.93 - - [10/Sep/2026:18:44:39 +0200] "GET /wp-admin/plugins.php HTTP/1.1" 200 11510 "https://salumipasini.spaceten.it/wp-login.php" "Mozilla/5.0 (X11; Linux x86_64) AppleWebKit/537.36 (KHTML, like Gecko) Chrome/118.0.0.0 Safari/537.36"
168.144.130.93 - - [10/Sep/2026:18:44:42 +0200] "POST /wp-login.php HTTP/1.1" 200 9846 "https://salumipasini.spaceten.it/wp-login.php" "Mozilla/5.0 (Macintosh; Intel Mac OS X 13_6_1) AppleWebKit/537.36 (KHTML, like Gecko) Chrome/121.0.0.0 Safari/537.36"
168.144.130.93 - - [10/Sep/2026:18:44:45 +0200] "GET /wp-admin/index.php HTTP/1.1" 200 11507 "https://salumipasini.spaceten.it/wp-login.php" "Mozilla/5.0 (Windows NT 11.0; Win64; x64) AppleWebKit/537.36 (KHTML, like Gecko) Chrome/120.0.0.0 Safari/537.36"
168.144.130.93 - - [10/Sep/2026:18:44:47 +0200] "GET /wp-admin/profile.php HTTP/1.1" 200 11509 "https://salumipasini.spaceten.it/wp-login.php" "Mozilla/5.0 (Windows NT 11.0; Win64; x64) AppleWebKit/537.36 (KHTML, like Gecko) Chrome/120.0.0.0 Safari/537.36"
168.144.130.93 - - [10/Sep/2026:18:44:50 +0200] "GET /wp-admin/edit.php HTTP/1.1" 200 11507 "https://salumipasini.spaceten.it/wp-login.php" "Mozilla/5.0 (Windows NT 11.0; Win64; x64) AppleWebKit/537.36 (KHTML, like Gecko) Chrome/120.0.0.0 Safari/537.36"
168.144.130.93 - - [10/Sep/2026:18:44:52 +0200] "GET /wp-admin/plugins.php HTTP/1.1" 200 11510 "https://salumipasini.spaceten.it/wp-login.php" "Mozilla/5.0 (Windows NT 11.0; Win64; x64) AppleWebKit/537.36 (KHTML, like Gecko) Chrome/120.0.0.0 Safari/537.36"
168.144.130.93 - - [10/Sep/2026:18:44:54 +0200] "POST /wp-login.php HTTP/1.1" 200 9846 "https://salumipasini.spaceten.it/wp-login.php" "Mozilla/5.0 (Macintosh; Intel Mac OS X 10_15_7) AppleWebKit/605.1.15 (KHTML, like Gecko) Version/17.0 Safari/605.1.15"
198.204.240.234 - - [10/Sep/2026:19:01:05 +0200] "GET /wp-content/x5ba52b/index.php HTTP/1.1" 200 5497 "https://salumipasini.spaceten.it/wp-content/x5ba52b/index.php" "Mozilla/5.0 (compatible; MSIE 9.0; Windows NT 6.1; WOW64; Trident/5.0; SLCC2; .NET CLR 2.0.50727; .NET CLR 3.5.30729; .NET CLR 3.0.30729; Media Center PC 6.0; MAGW; .NET4.0C; Lunascape 6.5.8.24780)"
198.204.240.234 - - [10/Sep/2026:19:00:45 +0200] "GET /wp-content/x5ba52b/index.php HTTP/1.1" 200 5423 "https://salumipasini.spaceten.it/wp-content/x5ba52b/index.php" "Mozilla/4.0 (compatible; MSIE 7.0; Windows NT 5.1; SV1)"
107.150.52.226 - - [10/Sep/2026:19:02:16 +0200] "GET /wp-content/x5ba52b/index.php?id=580886$wd HTTP/1.1" 200 5423 "https://salumipasini.spaceten.it/wp-content/x5ba52b/index.php?id=580886$wd" "Mozilla/5.0"
216.73.216.156 - - [10/Sep/2026:19:15:10 +0200] "GET /robots.txt HTTP/1.1" 200 5678 "-" "Mozilla/5.0 AppleWebKit/537.36 (KHTML, like Gecko; compatible; ClaudeBot/1.0; +claudebot@anthropic.com)"
216.73.216.156 - - [10/Sep/2026:19:15:10 +0200] "GET / HTTP/1.1" 200 9840 "-" "Mozilla/5.0 AppleWebKit/537.36 (KHTML, like Gecko; compatible; ClaudeBot/1.0; +claudebot@anthropic.com)"
216.73.216.156 - - [10/Sep/2026:19:18:09 +0200] "GET / HTTP/1.1" 200 9840 "-" "Mozilla/5.0 AppleWebKit/537.36 (KHTML, like Gecko; compatible; ClaudeBot/1.0; +claudebot@anthropic.com)"
196.119.211.157 - - [10/Sep/2026:19:21:50 +0200] "GET /wp-l0gin.php HTTP/1.1" 200 5696 "-" "Mozilla/5.0 (Windows NT 10.0; Win64; x64) AppleWebKit/537.36 (KHTML, like Gecko) Chrome/152.0.0.0 Safari/537.36"
196.119.211.157 - - [10/Sep/2026:19:21:50 +0200] "GET /favicon.ico HTTP/1.1" 200 9842 "https://salumipasini.spaceten.it/wp-l0gin.php" "Mozilla/5.0 (Windows NT 10.0; Win64; x64) AppleWebKit/537.36 (KHTML, like Gecko) Chrome/152.0.0.0 Safari/537.36"
196.119.211.157 - - [10/Sep/2026:19:21:52 +0200] "POST /wp-l0gin.php HTTP/1.1" 200 7228 "https://salumipasini.spaceten.it/wp-l0gin.php" "Mozilla/5.0 (Windows NT 10.0; Win64; x64) AppleWebKit/537.36 (KHTML, like Gecko) Chrome/152.0.0.0 Safari/537.36"
196.119.211.157 - - [10/Sep/2026:19:21:52 +0200] "GET /favicon.ico HTTP/1.1" 200 9842 "https://salumipasini.spaceten.it/wp-l0gin.php" "Mozilla/5.0 (Windows NT 10.0; Win64; x64) AppleWebKit/537.36 (KHTML, like Gecko) Chrome/152.0.0.0 Safari/537.36"
196.119.211.157 - - [10/Sep/2026:19:22:21 +0200] "POST /wp-l0gin.php HTTP/1.1" 200 9776 "https://salumipasini.spaceten.it/wp-l0gin.php" "Mozilla/5.0 (Windows NT 10.0; Win64; x64) AppleWebKit/537.36 (KHTML, like Gecko) Chrome/152.0.0.0 Safari/537.36"
196.119.211.157 - - [10/Sep/2026:19:22:22 +0200] "GET /favicon.ico HTTP/1.1" 200 9842 "https://salumipasini.spaceten.it/wp-l0gin.php" "Mozilla/5.0 (Windows NT 10.0; Win64; x64) AppleWebKit/537.36 (KHTML, like Gecko) Chrome/152.0.0.0 Safari/537.36"
104.252.3.69 - - [10/Sep/2026:19:25:00 +0200] "GET / HTTP/1.1" 200 81529 "-" "Mozilla/5.0 (Windows NT 10.0; Win64; x64; rv:64.0) Gecko/20100101 Firefox/64.0"
192.30.83.219 - - [10/Sep/2026:19:25:01 +0200] "GET / HTTP/1.1" 200 81508 "-" "Mozilla/5.0 (Windows NT 10.0; Win64; x64; rv:64.0) Gecko/20100101 Firefox/64.0"
196.119.211.157 - - [10/Sep/2026:19:23:07 +0200] "POST /wp-l0gin.php HTTP/1.1" 200 85518 "https://salumipasini.spaceten.it/wp-l0gin.php" "Mozilla/5.0 (Windows NT 10.0; Win64; x64) AppleWebKit/537.36 (KHTML, like Gecko) Chrome/152.0.0.0 Safari/537.36"
196.119.211.157 - - [10/Sep/2026:19:25:04 +0200] "GET /favicon.ico HTTP/1.1" 200 9842 "https://salumipasini.spaceten.it/wp-l0gin.php" "Mozilla/5.0 (Windows NT 10.0; Win64; x64) AppleWebKit/537.36 (KHTML, like Gecko) Chrome/152.0.0.0 Safari/537.36"
196.119.211.157 - - [10/Sep/2026:19:26:07 +0200] "POST /wp-l0gin.php HTTP/1.1" 200 21697 "https://salumipasini.spaceten.it/wp-l0gin.php" "Mozilla/5.0 (Windows NT 10.0; Win64; x64) AppleWebKit/537.36 (KHTML, like Gecko) Chrome/152.0.0.0 Safari/537.36"
196.119.211.157 - - [10/Sep/2026:19:26:24 +0200] "GET /favicon.ico HTTP/1.1" 200 9842 "https://salumipasini.spaceten.it/wp-l0gin.php" "Mozilla/5.0 (Windows NT 10.0; Win64; x64) AppleWebKit/537.36 (KHTML, like Gecko) Chrome/152.0.0.0 Safari/537.36"
198.204.240.234 - - [10/Sep/2026:19:29:06 +0200] "GET /wp-content/x5ba52b/index.php HTTP/1.1" 200 5497 "https://salumipasini.spaceten.it/wp-content/x5ba52b/index.php" "Mozilla/5.0 (Macintosh; Intel Mac OS X 10_6_8) AppleWebKit/534.24 (KHTML, like Gecko) Chrome/11.0.696.71 Safari/534.24"
198.204.240.234 - - [10/Sep/2026:19:28:46 +0200] "GET /wp-content/x5ba52b/index.php HTTP/1.1" 200 5423 "https://salumipasini.spaceten.it/wp-content/x5ba52b/index.php" "Mozilla/5.0 (Macintosh; U; Intel Mac OS X 10_6_3; ja-jp) AppleWebKit/533.16 (KHTML, like Gecko) Version/5.0 Safari/533.16"
103.132.182.57 - - [10/Sep/2026:19:39:13 +0200] "GET /php8.php HTTP/1.1" 200 9841 "-" "Mozilla/5.0 (Windows NT 10.0; Win64; x64) AppleWebKit/537.36 (KHTML, like Gecko) Chrome/152.0.0.0 Safari/537.36"
103.132.182.57 - - [10/Sep/2026:19:39:18 +0200] "GET /favicon.ico HTTP/1.1" 200 9841 "https://salumipasini.spaceten.it/php8.php" "Mozilla/5.0 (Windows NT 10.0; Win64; x64) AppleWebKit/537.36 (KHTML, like Gecko) Chrome/152.0.0.0 Safari/537.36"
103.132.182.57 - - [10/Sep/2026:19:39:34 +0200] "GET /favicon.ico HTTP/1.1" 200 9841 "https://salumipasini.spaceten.it/php8.php" "Mozilla/5.0 (Windows NT 10.0; Win64; x64) AppleWebKit/537.36 (KHTML, like Gecko) Chrome/152.0.0.0 Safari/537.36"
74.7.244.50 - - [10/Sep/2026:19:54:54 +0200] "GET /robots.txt HTTP/1.1" 200 5678 "-" "Mozilla/5.0 (Macintosh; Intel Mac OS X 10_15_7) AppleWebKit/537.36 (KHTML, like Gecko) Chrome/131.0.0.0 Safari/537.36; compatible; OAI-SearchBot/1.4; robots.txt; +https://openai.com/searchbot"
198.204.240.234 - - [10/Sep/2026:19:57:11 +0200] "GET /wp-content/x5ba52b/index.php HTTP/1.1" 200 5497 "https://salumipasini.spaceten.it/wp-content/x5ba52b/index.php" "Mozilla/5.0 (Windows NT 6.1) AppleWebKit/534.24 (KHTML, like Gecko) Chrome/11.0.696.65 Safari/534.24"
198.204.240.234 - - [10/Sep/2026:19:56:51 +0200] "GET /wp-content/x5ba52b/index.php HTTP/1.1" 200 5423 "https://salumipasini.spaceten.it/wp-content/x5ba52b/index.php" "Mozilla/5.0 (Macintosh; U; PPC Mac OS X; ja-jp) AppleWebKit/523.12 (KHTML, like Gecko) Version/3.0.4 Safari/523.12"
107.150.52.226 - - [10/Sep/2026:19:58:20 +0200] "GET /wp-content/x5ba52b/index.php?id=580886$wd HTTP/1.1" 200 5423 "https://salumipasini.spaceten.it/wp-content/x5ba52b/index.php?id=580886$wd" "Mozilla/5.0"
107.150.52.226 - - [10/Sep/2026:19:59:52 +0200] "GET /wp-content/x5ba52b/index.php?id=580886$wd HTTP/1.1" 200 5423 "https://salumipasini.spaceten.it/wp-content/x5ba52b/index.php?id=580886$wd" "Mozilla/5.0"
107.150.52.226 - - [10/Sep/2026:20:01:20 +0200] "GET /wp-content/x5ba52b/index.php?id=580886$wd HTTP/1.1" 200 5423 "https://salumipasini.spaceten.it/wp-content/x5ba52b/index.php?id=580886$wd" "Mozilla/5.0"
95.111.193.11 - - [10/Sep/2026:20:21:26 +0200] "GET /wp-login.php HTTP/1.1" 200 9848 "-" "Mozilla/5.0 (X11; Linux x86_64) AppleWebKit/537.36 (KHTML, like Gecko) Chrome/150.0.0.0 Safari/537.36"
198.204.240.234 - - [10/Sep/2026:20:25:01 +0200] "GET /wp-content/x5ba52b/index.php HTTP/1.1" 200 5497 "https://salumipasini.spaceten.it/wp-content/x5ba52b/index.php" "Mozilla/5.0 (Macintosh; U; PPC Mac OS X 10_4_11; ja-jp) AppleWebKit/525.18 (KHTML, like Gecko) Version/3.1.2 Safari/525.22"
198.204.240.234 - - [10/Sep/2026:20:24:41 +0200] "GET /wp-content/x5ba52b/index.php HTTP/1.1" 200 5423 "https://salumipasini.spaceten.it/wp-content/x5ba52b/index.php" "Mozilla/5.0 (Macintosh; Intel Mac OS X 10_6_8) AppleWebKit/534.24 (KHTML, like Gecko) Chrome/11.0.696.71 Safari/534.24"
173.254.29.175 - - [10/Sep/2026:20:52:11 +0200] "GET /wp-login.php HTTP/1.1" 200 9846 "-" "Mozilla/5.0 (Windows NT 10.0; Win64; x64) AppleWebKit/537.36 (KHTML, like Gecko) Chrome/150.0.0.0 Safari/537.36"
198.204.240.234 - - [10/Sep/2026:20:53:32 +0200] "GET /wp-content/x5ba52b/index.php HTTP/1.1" 200 5497 "https://salumipasini.spaceten.it/wp-content/x5ba52b/index.php" "Mozilla/4.0 (compatible; MSIE 8.0; Windows NT 5.1; Trident/4.0; .NET CLR 2.0.50727; .NET CLR 3.0.04506.30; .NET CLR 3.0.04506.648)"
198.204.240.234 - - [10/Sep/2026:20:53:12 +0200] "GET /wp-content/x5ba52b/index.php HTTP/1.1" 200 5423 "https://salumipasini.spaceten.it/wp-content/x5ba52b/index.php" "Mozilla/5.0 (compatible; MSIE 9.0; Windows NT 6.0; Trident/5.0)"
107.150.52.226 - - [10/Sep/2026:20:54:39 +0200] "GET /wp-content/x5ba52b/index.php?id=580886$wd HTTP/1.1" 200 5423 "https://salumipasini.spaceten.it/wp-content/x5ba52b/index.php?id=580886$wd" "Mozilla/5.0"
198.204.240.234 - - [10/Sep/2026:21:22:04 +0200] "GET /wp-content/x5ba52b/index.php HTTP/1.1" 200 5497 "https://salumipasini.spaceten.it/wp-content/x5ba52b/index.php" "Mozilla/5.0 (Macintosh; Intel Mac OS X 10_6_8) AppleWebKit/535.7 (KHTML, like Gecko) Chrome/16.0.912.75 Safari/535.7"
198.204.240.234 - - [10/Sep/2026:21:21:44 +0200] "GET /wp-content/x5ba52b/index.php HTTP/1.1" 200 5423 "https://salumipasini.spaceten.it/wp-content/x5ba52b/index.php" "Mozilla/4.0 (compatible; MSIE 7.0; Windows NT 6.0; SLCC1; .NET CLR 2.0.50727; Media Center PC 5.0; .NET CLR 3.0.04506; InfoPath.1)"
216.73.216.156 - - [10/Sep/2026:21:34:40 +0200] "GET /robots.txt HTTP/1.1" 200 5678 "-" "Mozilla/5.0 AppleWebKit/537.36 (KHTML, like Gecko; compatible; ClaudeBot/1.0; +claudebot@anthropic.com)"
216.73.216.156 - - [10/Sep/2026:21:34:40 +0200] "GET / HTTP/1.1" 200 9840 "-" "Mozilla/5.0 AppleWebKit/537.36 (KHTML, like Gecko; compatible; ClaudeBot/1.0; +claudebot@anthropic.com)"
192.254.250.177 - - [10/Sep/2026:21:35:14 +0200] "GET /wp-login.php HTTP/1.1" 200 9846 "-" "Mozilla/5.0 (X11; Linux x86_64) AppleWebKit/537.36 (KHTML, like Gecko) Chrome/151.0.0.0 Safari/537.36"
94.154.43.125 - - [10/Sep/2026:21:48:27 +0200] "GET / HTTP/1.1" 200 81486 "-" "Mozilla/5.0 (Windows NT 10.0; Win64; x64) AppleWebKit/537.36 (KHTML, like Gecko) Chrome/147.0.0.0 Safari/537.36"
173.252.82.73 - - [10/Sep/2026:21:48:58 +0200] "GET /robots.txt HTTP/1.1" 206 5723 "-" "facebookexternalhit/1.1 (+http://www.facebook.com/externalhit_uatext.php)"
57.141.20.70 - - [10/Sep/2026:21:49:04 +0200] "GET /?sitemap684.xml HTTP/1.1" 200 5437 "-" "Mozilla/5.0 (Macintosh; Intel Mac OS X 10_15_7) AppleWebKit/537.36 (KHTML, like Gecko) Chrome/145.0.0.0 Safari/537.36 (compatible; meta-externalagent/1.1 (+https://developers.facebook.com/docs/sharing/webmasters/crawler))"
198.204.240.234 - - [10/Sep/2026:21:50:33 +0200] "GET /wp-content/x5ba52b/index.php HTTP/1.1" 200 5497 "https://salumipasini.spaceten.it/wp-content/x5ba52b/index.php" "Mozilla/5.0 (Macintosh; Intel Mac OS X 10.5; rv:5.0.1) Gecko/20100101 Firefox/5.0.1"
198.204.240.234 - - [10/Sep/2026:21:50:13 +0200] "GET /wp-content/x5ba52b/index.php HTTP/1.1" 200 5423 "https://salumipasini.spaceten.it/wp-content/x5ba52b/index.php" "Mozilla/4.0 (compatible; MSIE 8.0; Windows NT 5.1; Trident/4.0; .NET CLR 2.0.50727; InfoPath.1"
34.86.28.158 - - [10/Sep/2026:21:54:29 +0200] "GET / HTTP/1.1" 200 9840 "-" "Mozilla/5.0 (Macintosh; Intel Mac OS X 10_15_7) AppleWebKit/537.36 (KHTML, like Gecko) Chrome/126.0.0.0 Safari/537.36"
34.86.28.158 - - [10/Sep/2026:21:54:29 +0200] "GET / HTTP/1.1" 200 9810 "http://salumipasini.spaceten.it/" "Mozilla/5.0 (Windows NT 10.0; Win64; x64) AppleWebKit/537.36 (KHTML, like Gecko) Chrome/148.0.0.0 Safari/537.36 Edg/148.0.0.0"
34.86.28.158 - - [10/Sep/2026:21:54:29 +0200] "GET / HTTP/1.1" 200 9840 "-" "Mozilla/5.0 (Windows NT 10.0; Win64; x64; rv:132.0) Gecko/20100101 Firefox/132.0"
34.86.28.158 - - [10/Sep/2026:21:54:29 +0200] "GET / HTTP/1.1" 200 9840 "-" "Mozilla/5.0 (X11; Linux x86_64) AppleWebKit/537.36 (KHTML, like Gecko) Chrome/131.0.0.0 Safari/537.36"
34.86.28.158 - - [10/Sep/2026:21:54:29 +0200] "GET /@fs/.env?raw?? HTTP/1.1" 200 9840 "-" "Mozilla/5.0 (compatible; Claude-SearchBot/1.0; +https://www.anthropic.com/claude-searchbot)"
34.86.28.158 - - [10/Sep/2026:21:54:29 +0200] "GET /@fs/root/.env?raw?? HTTP/1.1" 200 9840 "-" "Mozilla/5.0 (compatible; GrokBot/1.0; +https://x.ai/grokbot)"
34.86.28.158 - - [10/Sep/2026:21:54:29 +0200] "GET /@fs/app/.env?raw?? HTTP/1.1" 200 9840 "-" "Mozilla/5.0 (compatible; PerplexityBot/1.0; +https://perplexity.ai/perplexitybot)"
34.86.28.158 - - [10/Sep/2026:21:54:29 +0200] "GET /@fs/src/.env?raw?? HTTP/1.1" 200 9840 "-" "Mozilla/5.0 AppleWebKit/537.36 (KHTML, like Gecko; compatible; Amzn-SearchBot/1.0; +https://developer.amazon.com/support/amazonbot)"
34.86.28.158 - - [10/Sep/2026:21:54:30 +0200] "GET /@fs/proc/self/environ?raw?? HTTP/1.1" 200 9840 "-" "Mozilla/5.0 (compatible; Amzn-SearchBot/1.0; +https://developer.amazon.com/support/amazonbot)"
34.86.28.158 - - [10/Sep/2026:21:54:30 +0200] "GET /@fs/..%252f..%252f..%252f..%252f..%252froot/.env?raw?? HTTP/1.1" 200 9840 "-" "Mozilla/5.0 (compatible; GPTBot/1.2; +https://openai.com/gptbot)"
34.86.28.158 - - [10/Sep/2026:21:54:30 +0200] "GET /@fs/etc/passwd?raw?? HTTP/1.1" 200 9840 "-" "Mozilla/5.0 (X11; Ubuntu; Linux x86_64) AppleWebKit/537.36 (KHTML, like Gecko; compatible; Twitterbot/1.0) Chrome/114.0.8933.104 Safari/537.36 Edg/114.0.8933.104"
34.86.28.158 - - [10/Sep/2026:21:54:30 +0200] "GET /@fs/..%252f..%252f..%252f..%252f..%252fproc/self/environ?raw?? HTTP/1.1" 200 9840 "-" "Mozilla/5.0 AppleWebKit/537.36 (KHTML, like Gecko); compatible; TelegramBot/1.0"
34.86.28.158 - - [10/Sep/2026:21:54:30 +0200] "GET /@fs/..%252f..%252f..%252f..%252f..%252fapp/.env?raw?? HTTP/1.1" 200 9840 "-" "Mozilla/5.0 (iPhone; CPU iPhone OS 18_4 like Mac OS X) AppleWebKit/537.36 (KHTML, like Gecko) Chrome/128.0.5688.92 Mobile Safari/537.36; compatible; LinkedInBot/1.0; +http://www.linkedin.com"
34.86.28.158 - - [10/Sep/2026:21:54:30 +0200] "GET /@fs/../.env?raw?? HTTP/1.1" 200 9840 "-" "Mozilla/5.0 (X11; Ubuntu; Linux x86_64; rv:149.9) Gecko/20100101 Firefox/149.9; compatible; Discordbot/2.0; +https://discordapp.com"
106.63.26.21 - - [10/Sep/2026:22:17:25 +0200] "GET / HTTP/1.1" 200 81507 "-" "Mozilla/5.0 (Macintosh; Intel Mac OS X 10_15_7) AppleWebKit/537.36 (KHTML, like Gecko) Chrome/120.0.0.0 Safari/537.36 Edg/120.0.0.0"
198.204.240.234 - - [10/Sep/2026:22:18:52 +0200] "GET /wp-content/x5ba52b/index.php HTTP/1.1" 200 5497 "https://salumipasini.spaceten.it/wp-content/x5ba52b/index.php" "Mozilla/5.0 (Macintosh; Intel Mac OS X 10_6_8) AppleWebKit/535.1 (KHTML, like Gecko) RockMelt/0.9.64.361 Chrome/13.0.782.218 Safari/535.1"
198.204.240.234 - - [10/Sep/2026:22:18:32 +0200] "GET /wp-content/x5ba52b/index.php HTTP/1.1" 200 5423 "https://salumipasini.spaceten.it/wp-content/x5ba52b/index.php" "Mozilla/5.0 (Macintosh; U; PPC Mac OS X; ja-jp) AppleWebKit/523.12 (KHTML, like Gecko) Version/3.0.4 Safari/523.12"
107.150.52.226 - - [10/Sep/2026:22:20:00 +0200] "GET /wp-content/x5ba52b/index.php?id=580886$wd HTTP/1.1" 200 5423 "https://salumipasini.spaceten.it/wp-content/x5ba52b/index.php?id=580886$wd" "Mozilla/5.0"
36.250.220.161 - - [10/Sep/2026:22:28:23 +0200] "GET / HTTP/1.1" 200 81509 "-" "Go-http-client/1.1"
94.136.170.142 - - [10/Sep/2026:22:42:30 +0200] "GET /wp-login.php HTTP/1.1" 200 9847 "-" "Mozilla/5.0 (Windows NT 10.0; Win64; x64) AppleWebKit/537.36 (KHTML, like Gecko) Chrome/150.0.0.0 Safari/537.36"
198.204.240.234 - - [10/Sep/2026:22:47:36 +0200] "GET /wp-content/x5ba52b/index.php HTTP/1.1" 200 5497 "https://salumipasini.spaceten.it/wp-content/x5ba52b/index.php" "Opera/9.80 (Macintosh; Intel Mac OS X 10.6.8; U; ja) Presto/2.10.289 Version/12.00"
198.204.240.234 - - [10/Sep/2026:22:47:16 +0200] "GET /wp-content/x5ba52b/index.php HTTP/1.1" 200 5423 "https://salumipasini.spaceten.it/wp-content/x5ba52b/index.php" "Mozilla/5.0 (Macintosh; Intel Mac OS X 10_6_8) AppleWebKit/534.30 (KHTML, like Gecko) Chrome/12.0.742.112 Safari/534.30"
198.204.240.234 - - [10/Sep/2026:23:15:53 +0200] "GET /wp-content/x5ba52b/index.php HTTP/1.1" 200 5497 "https://salumipasini.spaceten.it/wp-content/x5ba52b/index.php" "Mozilla/5.0 (Windows NT 6.1; WOW64) AppleWebKit/535.7 (KHTML, like Gecko) Chrome/16.0.912.75 Safari/535.7"
198.204.240.234 - - [10/Sep/2026:23:15:33 +0200] "GET /wp-content/x5ba52b/index.php HTTP/1.1" 200 5423 "https://salumipasini.spaceten.it/wp-content/x5ba52b/index.php" "Mozilla/5.0 (Macintosh; Intel Mac OS X 10_6_8) AppleWebKit/534.57.2 (KHTML, like Gecko) Version/5.1.7 Safari/534.57.2"
216.73.216.156 - - [10/Sep/2026:23:27:59 +0200] "GET /robots.txt HTTP/1.1" 200 5678 "-" "Mozilla/5.0 AppleWebKit/537.36 (KHTML, like Gecko; compatible; ClaudeBot/1.0; +claudebot@anthropic.com)"
216.73.216.156 - - [10/Sep/2026:23:27:59 +0200] "GET / HTTP/1.1" 200 9840 "-" "Mozilla/5.0 AppleWebKit/537.36 (KHTML, like Gecko; compatible; ClaudeBot/1.0; +claudebot@anthropic.com)"
216.73.216.156 - - [10/Sep/2026:23:30:51 +0200] "GET / HTTP/1.1" 200 9840 "-" "Mozilla/5.0 AppleWebKit/537.36 (KHTML, like Gecko; compatible; ClaudeBot/1.0; +claudebot@anthropic.com)"
198.204.240.234 - - [10/Sep/2026:23:43:48 +0200] "GET /wp-content/x5ba52b/index.php HTTP/1.1" 200 5497 "https://salumipasini.spaceten.it/wp-content/x5ba52b/index.php" "Mozilla/5.0 (Macintosh; U; Intel Mac OS X; ja-jp) AppleWebKit/523.10.3 (KHTML, like Gecko) Version/3.0.4 Safari/523.10"
198.204.240.234 - - [10/Sep/2026:23:43:28 +0200] "GET /wp-content/x5ba52b/index.php HTTP/1.1" 200 5423 "https://salumipasini.spaceten.it/wp-content/x5ba52b/index.php" "Mozilla/4.0 (compatible; MSIE 7.0; Windows NT 5.1)"
194.124.73.198 - - [11/Sep/2026:00:11:06 +0200] "POST /wp-cron.php?doing_wp_cron=1789078265.9577400684356689453125 HTTP/1.1" 200 5516 "https://salumipasini.spaceten.it/wp-cron.php?doing_wp_cron=1789078265.9577400684356689453125" "WordPress/6.1.1; https://salumipasini.spaceten.it"
146.190.98.114 - - [11/Sep/2026:00:11:05 +0200] "GET /wp-admin/install.php HTTP/1.1" 200 6327 "-" "Mozilla/5.0 (Macintosh; Intel Mac OS X 10_10_1) AppleWebKit/537.36 (KHTML, like Gecko) Chrome/39.0.2171.95 Safari/537.36"
194.124.73.198 - - [11/Sep/2026:00:11:17 +0200] "POST /wp-cron.php?doing_wp_cron=1789078277.7502169609069824218750 HTTP/1.1" 200 5516 "https://salumipasini.spaceten.it/wp-cron.php?doing_wp_cron=1789078277.7502169609069824218750" "WordPress/6.1.1; https://salumipasini.spaceten.it"
146.190.98.114 - - [11/Sep/2026:00:11:17 +0200] "GET //wp-admin/install.php?step=2 HTTP/1.1" 200 6327 "-" "Mozilla/5.0 (Macintosh; Intel Mac OS X 10_10_1) AppleWebKit/537.36 (KHTML, like Gecko) Chrome/39.0.2171.95 Safari/537.36"
198.204.240.234 - - [11/Sep/2026:00:11:31 +0200] "GET /wp-content/x5ba52b/index.php HTTP/1.1" 200 5497 "https://salumipasini.spaceten.it/wp-content/x5ba52b/index.php" "Mozilla/4.0 (compatible; MSIE 8.0; Windows NT 5.1; Trident/4.0; .NET CLR 2.0.50727; .NET CLR 3.0.04506.30; .NET CLR 3.0.04506.648)"
198.204.240.234 - - [11/Sep/2026:00:11:11 +0200] "GET /wp-content/x5ba52b/index.php HTTP/1.1" 200 5423 "https://salumipasini.spaceten.it/wp-content/x5ba52b/index.php" "Mozilla/5.0 (Macintosh; Intel Mac OS X 10.5; rv:5.0.1) Gecko/20100101 Firefox/5.0.1"
198.204.240.234 - - [11/Sep/2026:00:39:08 +0200] "GET /wp-content/x5ba52b/index.php HTTP/1.1" 200 5497 "https://salumipasini.spaceten.it/wp-content/x5ba52b/index.php" "Mozilla/4.0 (compatible; GoogleToolbar 5.0.2124.2070; Windows 6.0; MSIE 8.0.6001.18241)"
198.204.240.234 - - [11/Sep/2026:00:38:48 +0200] "GET /wp-content/x5ba52b/index.php HTTP/1.1" 200 5423 "https://salumipasini.spaceten.it/wp-content/x5ba52b/index.php" "Mozilla/5.0 (Windows NT 6.0; rv:7.0.1) Gecko/20100101 Firefox/7.0.1"
216.73.216.156 - - [11/Sep/2026:01:03:03 +0200] "GET /robots.txt HTTP/1.1" 200 5678 "-" "Mozilla/5.0 AppleWebKit/537.36 (KHTML, like Gecko; compatible; ClaudeBot/1.0; +claudebot@anthropic.com)"
216.73.216.156 - - [11/Sep/2026:01:03:04 +0200] "GET /'?lokasie=%2Fvar%2Fwww%2Fvhosts%2Fspaceten.it%2Fsalumipasini.spaceten.it%2Fwp-content%2Fbackup_plugins_19-07-2022.zip&loknya=%2Fvar%2Fwww%2Fvhosts%2Fspaceten.it%2Fsalumipasini.spaceten.it%2Fwp-content HTTP/1.1" 500 13118 "-" "Mozilla/5.0 AppleWebKit/537.36 (KHTML, like Gecko; compatible; ClaudeBot/1.0; +claudebot@anthropic.com)"
216.73.216.156 - - [11/Sep/2026:01:03:04 +0200] "GET /'?loknya=%2Fvar%2Fwww%2Fvhosts%2Fspaceten.it%2Fsalumipasini.spaceten.it%2Fwp-content%2Fuploads HTTP/1.1" 200 13613 "-" "Mozilla/5.0 AppleWebKit/537.36 (KHTML, like Gecko; compatible; ClaudeBot/1.0; +claudebot@anthropic.com)"
216.73.216.156 - - [11/Sep/2026:01:04:17 +0200] "GET /%22,t+=%22%3C%22+e.getAttribute(%22src%22?loknya=%2Fvar%2Fwww%2Fvhosts%2Fspaceten.it%2Fsalumipasini.spaceten.it%2Fwp-content%2Fuploads HTTP/1.1" 200 13613 "-" "Mozilla/5.0 AppleWebKit/537.36 (KHTML, like Gecko; compatible; ClaudeBot/1.0; +claudebot@anthropic.com)"
216.73.216.156 - - [11/Sep/2026:01:05:11 +0200] "GET /%22,t+=%22%3C%22+e.getAttribute(%22src%22?lokasie=%2Fvar%2Fwww%2Fvhosts%2Fspaceten.it%2Fsalumipasini.spaceten.it%2Fwp-content%2Fbackup_plugins_19-07-2022.zip&loknya=%2Fvar%2Fwww%2Fvhosts%2Fspaceten.it%2Fsalumipasini.spaceten.it%2Fwp-content HTTP/1.1" 500 13118 "-" "Mozilla/5.0 AppleWebKit/537.36 (KHTML, like Gecko; compatible; ClaudeBot/1.0; +claudebot@anthropic.com)"
103.216.119.20 - - [11/Sep/2026:01:06:54 +0200] "GET /wp-login.php HTTP/1.1" 200 9845 "-" "Mozilla/5.0 (Macintosh; Intel Mac OS X 10_15_7) AppleWebKit/537.36 (KHTML, like Gecko) Chrome/150.0.0.0 Safari/537.36"
198.204.240.234 - - [11/Sep/2026:01:07:02 +0200] "GET /wp-content/x5ba52b/index.php HTTP/1.1" 200 5497 "https://salumipasini.spaceten.it/wp-content/x5ba52b/index.php" "Opera/9.80 (Windows NT 6.1; U; ja) Presto/2.9.168 Version/11.50"
198.204.240.234 - - [11/Sep/2026:01:06:42 +0200] "GET /wp-content/x5ba52b/index.php HTTP/1.1" 200 5423 "https://salumipasini.spaceten.it/wp-content/x5ba52b/index.php" "Mozilla/5.0 (Macintosh; Intel Mac OS X 10_6_8) AppleWebKit/534.24 (KHTML, like Gecko) Iron/11.0.700.2 Chrome/11.0.700.2 Safari/534.24"
107.150.52.226 - - [11/Sep/2026:01:08:13 +0200] "GET /wp-content/x5ba52b/index.php?id=580886$wd HTTP/1.1" 200 5423 "https://salumipasini.spaceten.it/wp-content/x5ba52b/index.php?id=580886$wd" "Mozilla/5.0"
107.150.52.226 - - [11/Sep/2026:01:09:42 +0200] "GET /wp-content/x5ba52b/index.php?id=580886$wd HTTP/1.1" 200 5423 "https://salumipasini.spaceten.it/wp-content/x5ba52b/index.php?id=580886$wd" "Mozilla/5.0"
107.150.52.226 - - [11/Sep/2026:01:11:14 +0200] "GET /wp-content/x5ba52b/index.php?id=580886$wd HTTP/1.1" 200 5423 "https://salumipasini.spaceten.it/wp-content/x5ba52b/index.php?id=580886$wd" "Mozilla/5.0"
107.150.52.226 - - [11/Sep/2026:01:12:41 +0200] "GET /wp-content/x5ba52b/index.php?id=580886$wd HTTP/1.1" 200 5423 "https://salumipasini.spaceten.it/wp-content/x5ba52b/index.php?id=580886$wd" "Mozilla/5.0"
107.150.52.226 - - [11/Sep/2026:01:14:09 +0200] "GET /wp-content/x5ba52b/index.php?id=580886$wd HTTP/1.1" 200 5423 "https://salumipasini.spaceten.it/wp-content/x5ba52b/index.php?id=580886$wd" "Mozilla/5.0"
107.150.52.226 - - [11/Sep/2026:01:15:37 +0200] "GET /wp-content/x5ba52b/index.php?id=580886$wd HTTP/1.1" 200 5423 "https://salumipasini.spaceten.it/wp-content/x5ba52b/index.php?id=580886$wd" "Mozilla/5.0"
107.150.52.226 - - [11/Sep/2026:01:17:11 +0200] "GET /wp-content/x5ba52b/index.php?id=580886$wd HTTP/1.1" 200 5423 "https://salumipasini.spaceten.it/wp-content/x5ba52b/index.php?id=580886$wd" "Mozilla/5.0"
216.73.216.156 - - [11/Sep/2026:01:22:08 +0200] "GET / HTTP/1.1" 200 9840 "-" "Mozilla/5.0 AppleWebKit/537.36 (KHTML, like Gecko; compatible; ClaudeBot/1.0; +claudebot@anthropic.com)"
198.204.240.234 - - [11/Sep/2026:01:34:59 +0200] "GET /wp-content/x5ba52b/index.php HTTP/1.1" 200 5497 "https://salumipasini.spaceten.it/wp-content/x5ba52b/index.php" "Mozilla/5.0 (Macintosh; Intel Mac OS X 10.7; rv:7.0.1) Gecko/20100101 Firefox/7.0.1"
198.204.240.234 - - [11/Sep/2026:01:34:39 +0200] "GET /wp-content/x5ba52b/index.php HTTP/1.1" 200 5423 "https://salumipasini.spaceten.it/wp-content/x5ba52b/index.php" "Mozilla/5.0 (Windows NT 5.1) AppleWebKit/534.30 (KHTML, like Gecko) Chrome/12.0.742.122 Safari/534.30 ChromePlus/1.6.3.1"
107.150.52.226 - - [11/Sep/2026:01:36:08 +0200] "GET /wp-content/x5ba52b/index.php?id=580886$wd HTTP/1.1" 200 5423 "https://salumipasini.spaceten.it/wp-content/x5ba52b/index.php?id=580886$wd" "Mozilla/5.0"
74.7.244.50 - - [11/Sep/2026:01:37:58 +0200] "GET /robots.txt HTTP/1.1" 200 5678 "http://salumipasini.spaceten.it/robots.txt" "Mozilla/5.0 (Macintosh; Intel Mac OS X 10_15_7) AppleWebKit/537.36 (KHTML, like Gecko) Chrome/131.0.0.0 Safari/537.36; compatible; OAI-SearchBot/1.4; robots.txt; +https://openai.com/searchbot"
74.7.244.50 - - [11/Sep/2026:01:57:34 +0200] "GET /robots.txt HTTP/1.1" 200 5678 "-" "Mozilla/5.0 (Macintosh; Intel Mac OS X 10_15_7) AppleWebKit/537.36 (KHTML, like Gecko) Chrome/131.0.0.0 Safari/537.36; compatible; OAI-SearchBot/1.4; robots.txt; +https://openai.com/searchbot"
216.73.216.156 - - [11/Sep/2026:01:58:57 +0200] "GET /%22,t+=%22%3C%22+e.getAttribute(%22src%22?loknya=%2Fvar%2Fwww%2Fvhosts%2Fspaceten.it%2Fsalumipasini.spaceten.it%2Fwp-content%2Fplugins%2Fwoo-order-export-lite HTTP/1.1" 200 7995 "-" "Mozilla/5.0 AppleWebKit/537.36 (KHTML, like Gecko; compatible; ClaudeBot/1.0; +claudebot@anthropic.com)"
216.73.216.156 - - [11/Sep/2026:01:58:57 +0200] "GET /%22,t+=%22%3C%22+e.getAttribute(%22src%22?lokasie=%2Fvar%2Fwww%2Fvhosts%2Fspaceten.it%2F.trash%2Fworksec.php&loknya=%2Fvar%2Fwww%2Fvhosts%2Fspaceten.it%2F.trash HTTP/1.1" 200 7766 "-" "Mozilla/5.0 AppleWebKit/537.36 (KHTML, like Gecko; compatible; ClaudeBot/1.0; +claudebot@anthropic.com)"
216.73.216.156 - - [11/Sep/2026:01:59:08 +0200] "GET /%22,t+=%22%3C%22+e.getAttribute(%22src%22?loknya=%2Fvar%2Fwww%2Fvhosts%2Fspaceten.it%2Fsalumipasini.spaceten.it%2Fwp-content%2Fet-cache%2Fit_IT HTTP/1.1" 200 7711 "-" "Mozilla/5.0 AppleWebKit/537.36 (KHTML, like Gecko; compatible; ClaudeBot/1.0; +claudebot@anthropic.com)"
216.73.216.156 - - [11/Sep/2026:01:59:08 +0200] "GET /%22,t+=%22%3C%22+e.getAttribute(%22src%22?loknya=%2Fvar%2Fwww%2Fvhosts%2Fspaceten.it%2Fsalumipasini.spaceten.it%2Fwp-content%2Fet-cache_555%2F4866 HTTP/1.1" 200 7888 "-" "Mozilla/5.0 AppleWebKit/537.36 (KHTML, like Gecko; compatible; ClaudeBot/1.0; +claudebot@anthropic.com)"
216.73.216.156 - - [11/Sep/2026:01:59:26 +0200] "GET /%22,t+=%22%3C%22+e.getAttribute(%22src%22?loknya=%2Fvar%2Fwww%2Fvhosts%2Fspaceten.it%2Fsalumipasini.spaceten.it%2Fwp-content%2Fet-cache_555%2F4666 HTTP/1.1" 200 7889 "-" "Mozilla/5.0 AppleWebKit/537.36 (KHTML, like Gecko; compatible; ClaudeBot/1.0; +claudebot@anthropic.com)"
216.73.216.156 - - [11/Sep/2026:01:59:46 +0200] "GET /%22,t+=%22%3C%22+e.getAttribute(%22src%22?loknya=%2Fvar%2Fwww%2Fvhosts%2Fspaceten.it%2Fsalumipasini.spaceten.it%2Fwp-content%2Fet-cache_555%2F20138 HTTP/1.1" 200 7893 "-" "Mozilla/5.0 AppleWebKit/537.36 (KHTML, like Gecko; compatible; ClaudeBot/1.0; +claudebot@anthropic.com)"
216.73.216.156 - - [11/Sep/2026:01:59:59 +0200] "GET /%22,t+=%22%3C%22+e.getAttribute(%22src%22?loknya=%2Fvar%2Fwww%2Fvhosts%2Fspaceten.it%2Fsalumipasini.spaceten.it%2Fwp-content%2Fet-cache_555%2F4900 HTTP/1.1" 200 7889 "-" "Mozilla/5.0 AppleWebKit/537.36 (KHTML, like Gecko; compatible; ClaudeBot/1.0; +claudebot@anthropic.com)"
216.73.216.156 - - [11/Sep/2026:02:00:15 +0200] "GET /%22,t+=%22%3C%22+e.getAttribute(%22src%22?loknya=%2Fvar%2Fwww%2Fvhosts%2Fspaceten.it%2Fsalumipasini.spaceten.it%2Fwp-content%2Fet-cache_555%2F11039 HTTP/1.1" 200 7891 "-" "Mozilla/5.0 AppleWebKit/537.36 (KHTML, like Gecko; compatible; ClaudeBot/1.0; +claudebot@anthropic.com)"
216.73.216.156 - - [11/Sep/2026:02:00:22 +0200] "GET /%22,t+=%22%3C%22+e.getAttribute(%22src%22?loknya=%2Fvar%2Fwww%2Fvhosts%2Fspaceten.it%2Fsalumipasini.spaceten.it%2Fwp-content%2Fet-cache_555%2F4691 HTTP/1.1" 200 7889 "-" "Mozilla/5.0 AppleWebKit/537.36 (KHTML, like Gecko; compatible; ClaudeBot/1.0; +claudebot@anthropic.com)"
216.73.216.156 - - [11/Sep/2026:02:00:35 +0200] "GET /%22,t+=%22%3C%22+e.getAttribute(%22src%22?loknya=%2Fvar%2Fwww%2Fvhosts%2Fspaceten.it%2Fsalumipasini.spaceten.it%2Fwp-content%2Fet-cache_555%2Ftaxonomy HTTP/1.1" 200 7810 "-" "Mozilla/5.0 AppleWebKit/537.36 (KHTML, like Gecko; compatible; ClaudeBot/1.0; +claudebot@anthropic.com)"
216.73.216.156 - - [11/Sep/2026:02:00:44 +0200] "GET /%22,t+=%22%3C%22+e.getAttribute(%22src%22?lokasie=%2Fvar%2Fwww%2Fvhosts%2Fspaceten.it%2Fsalumipasini.spaceten.it%2Fwp-content%2Flanguages%2Fworksec.php&loknya=%2Fvar%2Fwww%2Fvhosts%2Fspaceten.it%2Fsalumipasini.spaceten.it%2Fwp-content%2Flanguages HTTP/1.1" 200 7793 "-" "Mozilla/5.0 AppleWebKit/537.36 (KHTML, like Gecko; compatible; ClaudeBot/1.0; +claudebot@anthropic.com)"
216.73.216.156 - - [11/Sep/2026:02:01:15 +0200] "GET /%22,t+=%22%3C%22+e.getAttribute(%22src%22?lokasie=%2Fvar%2Fwww%2Fvhosts%2Fspaceten.it%2Fsalumipasini.spaceten.it%2Fwp-content%2Flanguages%2Fadmin-network-fr_FR.mo&loknya=%2Fvar%2Fwww%2Fvhosts%2Fspaceten.it%2Fsalumipasini.spaceten.it%2Fwp-content%2Flanguages HTTP/1.1" 200 7240 "-" "Mozilla/5.0 AppleWebKit/537.36 (KHTML, like Gecko; compatible; ClaudeBot/1.0; +claudebot@anthropic.com)"
216.73.216.156 - - [11/Sep/2026:02:01:39 +0200] "GET /%22,t+=%22%3C%22+e.getAttribute(%22src%22?lokasie=%2Fvar%2Fwww%2Fvhosts%2Fspaceten.it%2Fsalumipasini.spaceten.it%2Fwp-content%2Fwflogs%2Fconfig-livewaf.php&loknya=%2Fvar%2Fwww%2Fvhosts%2Fspaceten.it%2Fsalumipasini.spaceten.it%2Fwp-content%2Fwflogs HTTP/1.1" 200 7559 "-" "Mozilla/5.0 AppleWebKit/537.36 (KHTML, like Gecko; compatible; ClaudeBot/1.0; +claudebot@anthropic.com)"
