Uname:Linux vps0314.00gate.com 5.15.0-1089-azure #98~20.04.1-Ubuntu SMP Fri May 2 20:18:39 UTC 2025 x86_64

Base Dir : /var/www/vhosts/spaceten.it/salumipasini.spaceten.it

User : spaceten.it_vps0314


403WebShell
403Webshell
Server IP : 194.124.73.198  /  Your IP : 216.73.216.156
Web Server : Apache
System : Linux vps0314.00gate.com 5.15.0-1089-azure #98~20.04.1-Ubuntu SMP Fri May 2 20:18:39 UTC 2025 x86_64
User : spaceten.it_vps0314 ( 10000)
PHP Version : 8.0.30
Disable Function : opcache_get_status
MySQL : OFF  |  cURL : ON  |  WGET : OFF  |  Perl : OFF  |  Python : OFF  |  Sudo : OFF  |  Pkexec : OFF
Directory :  /var/www/vhosts/spaceten.it/logs/salumipasini.spaceten.it/

Upload File :
current_dir [ Writeable ] document_root [ Writeable ]

 

Command :


[ Back ]     

Current File : /var/www/vhosts/spaceten.it/logs/salumipasini.spaceten.it/access_ssl_log
173.208.148.34 - - [10/Sep/2026:06:50:12 +0200] "GET / HTTP/1.1" 200 80338 "-" "Mozilla/5.0 (Windows NT 10.0; Win64; x64) AppleWebKit/537.36 (KHTML, like Gecko) Chrome/131.0.0.0 Safari/537.36"
173.208.148.34 - - [10/Sep/2026:06:50:13 +0200] "GET / HTTP/1.1" 200 179440 "-" "Mozilla/5.0 (compatible; Googlebot/2.1; +http://www.google.com/bot.html)"
173.208.148.34 - - [10/Sep/2026:06:50:16 +0200] "GET /index.php?params=1 HTTP/1.1" 200 80784 "-" "Mozilla/5.0 (Windows NT 10.0; Win64; x64) AppleWebKit/537.36 (KHTML, like Gecko) Chrome/131.0.0.0 Safari/537.36"
198.204.240.42 - - [10/Sep/2026:06:54:17 +0200] "GET / HTTP/1.1" 200 80338 "-" "Mozilla/5.0 (Windows NT 10.0; Win64; x64) AppleWebKit/537.36 (KHTML, like Gecko) Chrome/131.0.0.0 Safari/537.36"
198.204.240.42 - - [10/Sep/2026:06:54:18 +0200] "GET / HTTP/1.1" 200 179083 "-" "Mozilla/5.0 (compatible; Googlebot/2.1; +http://www.google.com/bot.html)"
198.204.240.42 - - [10/Sep/2026:06:54:20 +0200] "GET /index.php?params=1 HTTP/1.1" 200 80784 "-" "Mozilla/5.0 (Windows NT 10.0; Win64; x64) AppleWebKit/537.36 (KHTML, like Gecko) Chrome/131.0.0.0 Safari/537.36"
212.116.238.20 - - [10/Sep/2026:07:12:45 +0200] "GET / HTTP/1.1" 200 9777 "http://salumipasini.spaceten.it/" "Mozilla/5.0 (Windows NT 10.0; Win64; x64; rv:126.0) Gecko/20100101 Firefox/126.0"
216.73.216.156 - - [10/Sep/2026:07:14:57 +0200] "GET / HTTP/1.1" 200 9776 "-" "Mozilla/5.0 AppleWebKit/537.36 (KHTML, like Gecko; compatible; ClaudeBot/1.0; +claudebot@anthropic.com)"
74.7.244.50 - - [10/Sep/2026:07:49:34 +0200] "GET /robots.txt HTTP/1.1" 200 5680 "-" "Mozilla/5.0 (Macintosh; Intel Mac OS X 10_15_7) AppleWebKit/537.36 (KHTML, like Gecko) Chrome/131.0.0.0 Safari/537.36; compatible; OAI-SearchBot/1.4; robots.txt; +https://openai.com/searchbot"
198.204.240.42 - - [10/Sep/2026:08:17:28 +0200] "GET /dex.php HTTP/1.1" 200 9666 "-" "Mozilla/5.0 (Windows NT 10.0; Win64; x64) AppleWebKit/537.36 (KHTML, like Gecko) Chrome/152.0.0.0 Safari/537.36"
198.204.240.42 - - [10/Sep/2026:08:17:29 +0200] "GET /favicon.ico HTTP/1.1" 200 9776 "https://salumipasini.spaceten.it/dex.php" "Mozilla/5.0 (Windows NT 10.0; Win64; x64) AppleWebKit/537.36 (KHTML, like Gecko) Chrome/152.0.0.0 Safari/537.36"
216.73.216.156 - - [10/Sep/2026:08:20:09 +0200] "GET /robots.txt HTTP/1.1" 200 5680 "-" "Mozilla/5.0 AppleWebKit/537.36 (KHTML, like Gecko; compatible; ClaudeBot/1.0; +claudebot@anthropic.com)"
216.73.216.156 - - [10/Sep/2026:08:20:09 +0200] "GET / HTTP/1.1" 200 9776 "-" "Mozilla/5.0 AppleWebKit/537.36 (KHTML, like Gecko; compatible; ClaudeBot/1.0; +claudebot@anthropic.com)"
160.251.229.80 - - [10/Sep/2026:09:36:32 +0200] "GET /wp-login.php HTTP/1.1" 200 9781 "-" "Mozilla/5.0 (Windows NT 10.0; Win64; x64) AppleWebKit/537.36 (KHTML, like Gecko) Chrome/146.0.0.0 Safari/537.36"
216.73.216.156 - - [10/Sep/2026:10:19:09 +0200] "GET /robots.txt HTTP/1.1" 200 5680 "-" "Mozilla/5.0 AppleWebKit/537.36 (KHTML, like Gecko; compatible; ClaudeBot/1.0; +claudebot@anthropic.com)"
216.73.216.156 - - [10/Sep/2026:10:19:09 +0200] "GET / HTTP/1.1" 200 9776 "-" "Mozilla/5.0 AppleWebKit/537.36 (KHTML, like Gecko; compatible; ClaudeBot/1.0; +claudebot@anthropic.com)"
51.68.163.208 - - [10/Sep/2026:10:24:20 +0200] "GET /wp-content/plugins/wp-content-filter/wp-content-filter.php?k=woo2026 HTTP/1.1" 200 80783 "-" "Mozilla/5.0 (Macintosh; Intel Mac OS X 10_15_7) AppleWebKit/537.36 (KHTML, like Gecko) Chrome/147.0.0.0 Safari/537.36"
51.68.163.208 - - [10/Sep/2026:10:24:41 +0200] "GET /wp-content/plugins/cidaas-pro-master/composer.json HTTP/1.1" 200 80783 "-" "Mozilla/5.0 (Windows NT 10.0; Win64; x64) AppleWebKit/537.36 (KHTML, like Gecko) Chrome/147.0.0.0 Safari/537.36"
216.73.216.156 - - [10/Sep/2026:10:25:40 +0200] "GET / HTTP/1.1" 200 9776 "-" "Mozilla/5.0 AppleWebKit/537.36 (KHTML, like Gecko; compatible; ClaudeBot/1.0; +claudebot@anthropic.com)"
50.6.108.183 - - [10/Sep/2026:10:50:14 +0200] "GET /wp-login.php HTTP/1.1" 200 9781 "-" "Mozilla/5.0 (X11; Linux x86_64) AppleWebKit/537.36 (KHTML, like Gecko) Chrome/149.0.0.0 Safari/537.36"
90.79.129.113 - - [10/Sep/2026:10:57:38 +0200] "GET /wp-login.php HTTP/1.1" 200 9781 "-" "Mozilla/5.0 (X11; Linux x86_64) AppleWebKit/537.36 (KHTML, like Gecko) Chrome/146.0.0.0 Safari/537.36"
90.79.129.113 - - [10/Sep/2026:10:57:38 +0200] "POST /wp-login.php HTTP/1.1" 200 9781 "https://salumipasini.spaceten.it/wp-login.php" "Mozilla/5.0 (X11; Linux x86_64) AppleWebKit/537.36 (KHTML, like Gecko) Chrome/146.0.0.0 Safari/537.36"
101.99.88.90 - - [10/Sep/2026:11:03:34 +0200] "GET /dex.php HTTP/1.1" 200 80340 "-" "Mozilla/5.0 (Windows NT 10.0; Win64; x64) AppleWebKit/537.36 (KHTML, like Gecko) Chrome/120.0.0.0 Safari/537.36"
101.99.88.90 - - [10/Sep/2026:11:03:36 +0200] "GET /dex.php HTTP/1.1" 200 80340 "-" "GuzzleHttp/7"
101.99.88.90 - - [10/Sep/2026:11:03:36 +0200] "POST /dex.php HTTP/1.1" 200 80603 "-" "GuzzleHttp/7"
101.99.88.90 - - [10/Sep/2026:11:03:37 +0200] "POST /dex.php HTTP/1.1" 200 80612 "-" "GuzzleHttp/7"
101.99.88.90 - - [10/Sep/2026:11:03:37 +0200] "GET /networks.php HTTP/1.1" 200 5469 "-" "GuzzleHttp/7"
194.124.73.198 - - [10/Sep/2026:11:03:44 +0200] "GET /wp-content/x5ba52b/index.php HTTP/1.1" 500 5461 "-" "GO"
104.219.215.141 - - [10/Sep/2026:11:03:45 +0200] "GET /wp-content/x5ba52b/index.php HTTP/1.1" 500 5461 "https://salumipasini.spaceten.it/wp-content/x5ba52b/index.php" "Mozilla/5.0 (Windows NT 10.0; Win64; x64) AppleWebKit/537.36 (KHTML, like Gecko) Chrome/58.0.3029.110 Safari/537.3"
104.219.215.141 - - [10/Sep/2026:11:03:47 +0200] "GET /wp-content/x5ba52b/index.php HTTP/1.1" 200 5423 "https://salumipasini.spaceten.it/wp-content/x5ba52b/index.php" "Mozilla/5.0 (Windows NT 10.0; Win64; x64) AppleWebKit/537.36 (KHTML, like Gecko) Chrome/58.0.3029.110 Safari/537.3"
107.150.52.226 - - [10/Sep/2026:11:05:15 +0200] "GET /wp-content/x5ba52b/index.php?id=580886$wd HTTP/1.1" 200 5423 "https://salumipasini.spaceten.it/wp-content/x5ba52b/index.php?id=580886$wd" "Mozilla/5.0"
107.150.52.226 - - [10/Sep/2026:11:06:43 +0200] "GET /wp-content/x5ba52b/index.php?id=580886$wd HTTP/1.1" 200 5423 "https://salumipasini.spaceten.it/wp-content/x5ba52b/index.php?id=580886$wd" "Mozilla/5.0"
51.68.163.208 - - [10/Sep/2026:11:08:20 +0200] "GET /blog-verify HTTP/1.1" 200 82015 "-" "Mozilla/5.0 (Windows NT 10.0; Win64; x64; rv:150.0) Gecko/20100101 Firefox/150.0"
104.219.251.64 - - [10/Sep/2026:11:37:32 +0200] "GET /wp-login.php HTTP/1.1" 200 9835 "-" "Mozilla/5.0 (Macintosh; Intel Mac OS X 10_15_7) AppleWebKit/537.36 (KHTML, like Gecko) Chrome/151.0.0.0 Safari/537.36"
5.196.194.156 - - [10/Sep/2026:12:04:11 +0200] "GET /wp-login.php HTTP/1.1" 200 9832 "-" "Mozilla/5.0 (Macintosh; Intel Mac OS X 10_15_7) AppleWebKit/537.36 (KHTML, like Gecko) Chrome/146.0.0.0 Safari/537.36"
198.204.240.234 - - [10/Sep/2026:12:23:23 +0200] "GET /wp-content/x5ba52b/index.php HTTP/1.1" 200 5497 "https://salumipasini.spaceten.it/wp-content/x5ba52b/index.php" "Mozilla/4.0 (compatible; MSIE 7.0; Windows NT 5.1; SV1; .NET CLR 1.1.4322; .NET CLR 2.0.50727; InfoPath.1)"
216.73.216.156 - - [10/Sep/2026:12:23:44 +0200] "GET /robots.txt HTTP/1.1" 200 5678 "-" "Mozilla/5.0 AppleWebKit/537.36 (KHTML, like Gecko; compatible; ClaudeBot/1.0; +claudebot@anthropic.com)"
216.73.216.156 - - [10/Sep/2026:12:23:44 +0200] "GET / HTTP/1.1" 200 9828 "-" "Mozilla/5.0 AppleWebKit/537.36 (KHTML, like Gecko; compatible; ClaudeBot/1.0; +claudebot@anthropic.com)"
198.204.240.234 - - [10/Sep/2026:12:23:03 +0200] "GET /wp-content/x5ba52b/index.php HTTP/1.1" 200 5423 "https://salumipasini.spaceten.it/wp-content/x5ba52b/index.php" "Mozilla/5.0 (Windows; U; Windows NT 5.1; en-US) AppleWebKit/534.16 (KHTML, like Gecko) Chrome/10.0.648.151 Safari/534.16"
51.38.70.50 - - [10/Sep/2026:12:27:44 +0200] "GET /robots.txt HTTP/1.1" 200 5678 "-" "AgentTrustBot/1.0 (+https://agenttru.st/crawler; purpose=AI Agent Discovery; contact=admin@agenttru.st)"
51.38.70.50 - - [10/Sep/2026:12:27:44 +0200] "GET /.well-known/agent-card.json HTTP/1.1" 200 9827 "-" "AgentTrustBot/1.0 (+https://agenttru.st/crawler; purpose=AI Agent Discovery; contact=admin@agenttru.st)"
51.38.70.50 - - [10/Sep/2026:12:27:45 +0200] "GET /.well-known/agent.json HTTP/1.1" 200 9827 "-" "AgentTrustBot/1.0 (+https://agenttru.st/crawler; purpose=AI Agent Discovery; contact=admin@agenttru.st)"
51.38.70.50 - - [10/Sep/2026:12:27:45 +0200] "GET /.well-known/mcp/server-card.json HTTP/1.1" 200 9827 "-" "AgentTrustBot/1.0 (+https://agenttru.st/crawler; purpose=AI Agent Discovery; contact=admin@agenttru.st)"
51.38.70.50 - - [10/Sep/2026:12:27:45 +0200] "GET /.well-known/mcp HTTP/1.1" 200 9827 "-" "AgentTrustBot/1.0 (+https://agenttru.st/crawler; purpose=AI Agent Discovery; contact=admin@agenttru.st)"
51.38.70.50 - - [10/Sep/2026:12:27:45 +0200] "GET /.well-known/agents.json HTTP/1.1" 200 9827 "-" "AgentTrustBot/1.0 (+https://agenttru.st/crawler; purpose=AI Agent Discovery; contact=admin@agenttru.st)"
196.119.211.157 - - [10/Sep/2026:12:30:55 +0200] "POST /wp-l0gin.php HTTP/1.1" 200 5696 "https://salumipasini.spaceten.it/wp-l0gin.php" "Mozilla/5.0 (Windows NT 10.0; Win64; x64) AppleWebKit/537.36 (KHTML, like Gecko) Chrome/152.0.0.0 Safari/537.36"
196.119.211.157 - - [10/Sep/2026:12:30:55 +0200] "GET /favicon.ico HTTP/1.1" 200 9830 "https://salumipasini.spaceten.it/wp-l0gin.php" "Mozilla/5.0 (Windows NT 10.0; Win64; x64) AppleWebKit/537.36 (KHTML, like Gecko) Chrome/152.0.0.0 Safari/537.36"
196.119.211.157 - - [10/Sep/2026:12:30:59 +0200] "POST /wp-l0gin.php HTTP/1.1" 200 7227 "https://salumipasini.spaceten.it/wp-l0gin.php" "Mozilla/5.0 (Windows NT 10.0; Win64; x64) AppleWebKit/537.36 (KHTML, like Gecko) Chrome/152.0.0.0 Safari/537.36"
196.119.211.157 - - [10/Sep/2026:12:30:59 +0200] "GET /favicon.ico HTTP/1.1" 200 9830 "https://salumipasini.spaceten.it/wp-l0gin.php" "Mozilla/5.0 (Windows NT 10.0; Win64; x64) AppleWebKit/537.36 (KHTML, like Gecko) Chrome/152.0.0.0 Safari/537.36"
196.119.211.157 - - [10/Sep/2026:12:32:52 +0200] "POST /wp-l0gin.php HTTP/1.1" 200 9487 "https://salumipasini.spaceten.it/wp-l0gin.php" "Mozilla/5.0 (Windows NT 10.0; Win64; x64) AppleWebKit/537.36 (KHTML, like Gecko) Chrome/152.0.0.0 Safari/537.36"
196.119.211.157 - - [10/Sep/2026:12:32:53 +0200] "GET /favicon.ico HTTP/1.1" 200 9830 "https://salumipasini.spaceten.it/wp-l0gin.php" "Mozilla/5.0 (Windows NT 10.0; Win64; x64) AppleWebKit/537.36 (KHTML, like Gecko) Chrome/152.0.0.0 Safari/537.36"
196.119.211.157 - - [10/Sep/2026:12:33:45 +0200] "POST /wp-l0gin.php HTTP/1.1" 200 9492 "https://salumipasini.spaceten.it/wp-l0gin.php" "Mozilla/5.0 (Windows NT 10.0; Win64; x64) AppleWebKit/537.36 (KHTML, like Gecko) Chrome/152.0.0.0 Safari/537.36"
196.119.211.157 - - [10/Sep/2026:12:33:46 +0200] "GET /favicon.ico HTTP/1.1" 200 9830 "https://salumipasini.spaceten.it/wp-l0gin.php" "Mozilla/5.0 (Windows NT 10.0; Win64; x64) AppleWebKit/537.36 (KHTML, like Gecko) Chrome/152.0.0.0 Safari/537.36"
136.70.78.38 - - [10/Sep/2026:12:35:54 +0200] "GET / HTTP/1.1" 200 81529 "-" "Mozilla/5.0 (Windows NT 10.0; Win64; x64) AppleWebKit/537.36 (KHTML, like Gecko) Chrome/89.0.4389.114 Safari/537.36"
104.252.3.148 - - [10/Sep/2026:12:35:54 +0200] "GET / HTTP/1.1" 200 81508 "-" "Mozilla/5.0 (Windows NT 10.0; Win64; x64; rv:64.0) Gecko/20100101 Firefox/64.0"
136.70.78.38 - - [10/Sep/2026:12:35:54 +0200] "GET //wp-includes/wlwmanifest.xml HTTP/1.1" 200 5490 "-" "Mozilla/5.0 (Windows NT 10.0; Win64; x64) AppleWebKit/537.36 (KHTML, like Gecko) Chrome/89.0.4389.114 Safari/537.36"
136.70.78.38 - - [10/Sep/2026:12:35:54 +0200] "GET //?author=1 HTTP/1.1" 200 81529 "-" "Mozilla/5.0 (Windows NT 10.0; Win64; x64) AppleWebKit/537.36 (KHTML, like Gecko) Chrome/89.0.4389.114 Safari/537.36"
136.70.78.38 - - [10/Sep/2026:12:35:55 +0200] "GET //?author=2 HTTP/1.1" 200 81507 "-" "Mozilla/5.0 (Windows NT 10.0; Win64; x64) AppleWebKit/537.36 (KHTML, like Gecko) Chrome/89.0.4389.114 Safari/537.36"
192.30.83.214 - - [10/Sep/2026:12:35:55 +0200] "GET / HTTP/1.1" 200 81486 "-" "Mozilla/5.0 (Windows NT 10.0; Win64; x64; rv:64.0) Gecko/20100101 Firefox/64.0"
136.70.78.38 - - [10/Sep/2026:12:35:56 +0200] "GET //?author=3 HTTP/1.1" 200 81529 "-" "Mozilla/5.0 (Windows NT 10.0; Win64; x64) AppleWebKit/537.36 (KHTML, like Gecko) Chrome/89.0.4389.114 Safari/537.36"
136.70.78.38 - - [10/Sep/2026:12:35:56 +0200] "GET //wp-json/wp/v2/users/ HTTP/1.1" 200 82019 "-" "Mozilla/5.0 (Windows NT 10.0; Win64; x64) AppleWebKit/537.36 (KHTML, like Gecko) Chrome/89.0.4389.114 Safari/537.36"
136.70.78.38 - - [10/Sep/2026:12:35:57 +0200] "GET //wp-json/oembed/1.0/embed?url=https://salumipasini.spaceten.it/ HTTP/1.1" 200 82019 "-" "Mozilla/5.0 (Windows NT 10.0; Win64; x64) AppleWebKit/537.36 (KHTML, like Gecko) Chrome/89.0.4389.114 Safari/537.36"
136.70.78.38 - - [10/Sep/2026:12:35:58 +0200] "POST //xmlrpc.php HTTP/1.1" 200 82015 "-" "Mozilla/5.0 (Windows NT 10.0; Win64; x64) AppleWebKit/537.36 (KHTML, like Gecko) Chrome/89.0.4389.114 Safari/537.36"
196.119.211.157 - - [10/Sep/2026:12:34:27 +0200] "POST /wp-l0gin.php HTTP/1.1" 200 86205 "https://salumipasini.spaceten.it/wp-l0gin.php" "Mozilla/5.0 (Windows NT 10.0; Win64; x64) AppleWebKit/537.36 (KHTML, like Gecko) Chrome/152.0.0.0 Safari/537.36"
196.119.211.157 - - [10/Sep/2026:12:36:32 +0200] "GET /favicon.ico HTTP/1.1" 200 9830 "https://salumipasini.spaceten.it/wp-l0gin.php" "Mozilla/5.0 (Windows NT 10.0; Win64; x64) AppleWebKit/537.36 (KHTML, like Gecko) Chrome/152.0.0.0 Safari/537.36"
196.119.211.157 - - [10/Sep/2026:12:39:06 +0200] "POST /wp-l0gin.php HTTP/1.1" 200 27173 "https://salumipasini.spaceten.it/wp-l0gin.php" "Mozilla/5.0 (Windows NT 10.0; Win64; x64) AppleWebKit/537.36 (KHTML, like Gecko) Chrome/152.0.0.0 Safari/537.36"
196.119.211.157 - - [10/Sep/2026:12:39:28 +0200] "GET /favicon.ico HTTP/1.1" 200 9830 "https://salumipasini.spaceten.it/wp-l0gin.php" "Mozilla/5.0 (Windows NT 10.0; Win64; x64) AppleWebKit/537.36 (KHTML, like Gecko) Chrome/152.0.0.0 Safari/537.36"
196.119.211.157 - - [10/Sep/2026:12:41:25 +0200] "POST /wp-l0gin.php HTTP/1.1" 200 7136 "https://salumipasini.spaceten.it/wp-l0gin.php" "Mozilla/5.0 (Windows NT 10.0; Win64; x64) AppleWebKit/537.36 (KHTML, like Gecko) Chrome/152.0.0.0 Safari/537.36"
196.119.211.157 - - [10/Sep/2026:12:49:24 +0200] "POST /wp-l0gin.php HTTP/1.1" 200 7136 "https://salumipasini.spaceten.it/wp-l0gin.php" "Mozilla/5.0 (Windows NT 10.0; Win64; x64) AppleWebKit/537.36 (KHTML, like Gecko) Chrome/152.0.0.0 Safari/537.36"
196.119.211.157 - - [10/Sep/2026:12:49:28 +0200] "POST /wp-l0gin.php HTTP/1.1" 200 9558 "https://salumipasini.spaceten.it/wp-l0gin.php" "Mozilla/5.0 (Windows NT 10.0; Win64; x64) AppleWebKit/537.36 (KHTML, like Gecko) Chrome/152.0.0.0 Safari/537.36"
196.119.211.157 - - [10/Sep/2026:12:49:28 +0200] "GET /favicon.ico HTTP/1.1" 200 9830 "https://salumipasini.spaceten.it/wp-l0gin.php" "Mozilla/5.0 (Windows NT 10.0; Win64; x64) AppleWebKit/537.36 (KHTML, like Gecko) Chrome/152.0.0.0 Safari/537.36"
198.204.240.234 - - [10/Sep/2026:12:51:14 +0200] "GET /wp-content/x5ba52b/index.php HTTP/1.1" 200 5497 "https://salumipasini.spaceten.it/wp-content/x5ba52b/index.php" "Mozilla/4.0 (compatible; MSIE 7.0; Windows NT 6.0; SLCC1; .NET CLR 2.0.50727; Media Center PC 5.0; .NET CLR 3.0.04506)"
198.204.240.234 - - [10/Sep/2026:12:50:54 +0200] "GET /wp-content/x5ba52b/index.php HTTP/1.1" 200 5423 "https://salumipasini.spaceten.it/wp-content/x5ba52b/index.php" "Mozilla/5.0 (Macintosh; Intel Mac OS X 10_6_8) AppleWebKit/534.24 (KHTML, like Gecko) Iron/11.0.700.2 Chrome/11.0.700.2 Safari/534.24"
216.73.216.156 - - [10/Sep/2026:12:57:51 +0200] "GET /?loknya=%2Fvar%2Fwww%2Fvhosts%2Fspaceten.it%2Fsalumipasini.spaceten.it%2Ff857f6 HTTP/1.1" 200 7691 "-" "Mozilla/5.0 AppleWebKit/537.36 (KHTML, like Gecko; compatible; ClaudeBot/1.0; +claudebot@anthropic.com)"
216.73.216.156 - - [10/Sep/2026:12:58:36 +0200] "GET /?lokasie=%2Fvar%2Fwww%2Fvhosts%2Fspaceten.it%2Fsalumipasini.spaceten.it%2Fclick.php&loknya=%2Fvar%2Fwww%2Fvhosts%2Fspaceten.it%2Fsalumipasini.spaceten.it HTTP/1.1" 200 7934 "-" "Mozilla/5.0 AppleWebKit/537.36 (KHTML, like Gecko; compatible; ClaudeBot/1.0; +claudebot@anthropic.com)"
196.119.211.157 - - [10/Sep/2026:13:01:35 +0200] "POST /wp-l0gin.php HTTP/1.1" 200 7136 "https://salumipasini.spaceten.it/wp-l0gin.php" "Mozilla/5.0 (Windows NT 10.0; Win64; x64) AppleWebKit/537.36 (KHTML, like Gecko) Chrome/152.0.0.0 Safari/537.36"
196.119.211.157 - - [10/Sep/2026:13:01:35 +0200] "GET /favicon.ico HTTP/1.1" 200 9830 "https://salumipasini.spaceten.it/wp-l0gin.php" "Mozilla/5.0 (Windows NT 10.0; Win64; x64) AppleWebKit/537.36 (KHTML, like Gecko) Chrome/152.0.0.0 Safari/537.36"
196.119.211.157 - - [10/Sep/2026:13:01:40 +0200] "POST /wp-l0gin.php HTTP/1.1" 200 9558 "https://salumipasini.spaceten.it/wp-l0gin.php" "Mozilla/5.0 (Windows NT 10.0; Win64; x64) AppleWebKit/537.36 (KHTML, like Gecko) Chrome/152.0.0.0 Safari/537.36"
196.119.211.157 - - [10/Sep/2026:13:01:40 +0200] "GET /favicon.ico HTTP/1.1" 200 9830 "https://salumipasini.spaceten.it/wp-l0gin.php" "Mozilla/5.0 (Windows NT 10.0; Win64; x64) AppleWebKit/537.36 (KHTML, like Gecko) Chrome/152.0.0.0 Safari/537.36"
194.124.73.198 - - [10/Sep/2026:13:05:43 +0200] "POST /wp-cron.php?doing_wp_cron=1789038343.3049080371856689453125 HTTP/1.1" 200 5516 "https://salumipasini.spaceten.it/wp-cron.php?doing_wp_cron=1789038343.3049080371856689453125" "WordPress/6.1.1; https://salumipasini.spaceten.it"
209.97.162.61 - - [10/Sep/2026:13:05:43 +0200] "GET /wp-admin/install.php HTTP/1.1" 200 6327 "-" "Mozilla/5.0 (Macintosh; Intel Mac OS X 10_10_1) AppleWebKit/537.36 (KHTML, like Gecko) Chrome/39.0.2171.95 Safari/537.36"
194.124.73.198 - - [10/Sep/2026:13:05:48 +0200] "POST /wp-cron.php?doing_wp_cron=1789038348.6253409385681152343750 HTTP/1.1" 200 5516 "https://salumipasini.spaceten.it/wp-cron.php?doing_wp_cron=1789038348.6253409385681152343750" "WordPress/6.1.1; https://salumipasini.spaceten.it"
209.97.162.61 - - [10/Sep/2026:13:05:48 +0200] "GET //wp-admin/install.php?step=2 HTTP/1.1" 200 6327 "-" "Mozilla/5.0 (Macintosh; Intel Mac OS X 10_10_1) AppleWebKit/537.36 (KHTML, like Gecko) Chrome/39.0.2171.95 Safari/537.36"
129.159.56.14 - - [10/Sep/2026:13:14:56 +0200] "GET /.env HTTP/1.1" 200 9829 "-" "Mozilla/5.0 (Windows NT 10.0; Win64; x64) AppleWebKit/537.36"
198.204.240.234 - - [10/Sep/2026:13:20:15 +0200] "GET /wp-content/x5ba52b/index.php HTTP/1.1" 200 5497 "https://salumipasini.spaceten.it/wp-content/x5ba52b/index.php" "Mozilla/5.0 (Macintosh; U; Intel Mac OS X 10_5_6; ja-jp) AppleWebKit/525.27.1 (KHTML, like Gecko) Version/3.2.1 Safari/525.27.1"
109.107.186.106 - - [10/Sep/2026:13:20:55 +0200] "GET / HTTP/1.1" 200 9830 "-" "Mozilla/5.0 (X11; Ubuntu; Linux x86_64; rv:45.0) Gecko/20100101 Firefox/45.0"
109.107.186.106 - - [10/Sep/2026:13:20:55 +0200] "POST /wp-admin/admin-ajax.php?action=pods_admin&meta-box-loader=1 HTTP/1.1" 200 11462 "https://salumipasini.spaceten.it/" "Mozilla/5.0 (X11; Ubuntu; Linux x86_64; rv:45.0) Gecko/20100101 Firefox/45.0"
109.107.186.106 - - [10/Sep/2026:13:21:12 +0200] "GET /wp-login.php HTTP/1.1" 200 9835 "https://salumipasini.spaceten.it/wp-admin/admin-ajax.php?action=pods_admin&meta-box-loader=1" "Mozilla/5.0 (X11; Ubuntu; Linux x86_64; rv:45.0) Gecko/20100101 Firefox/45.0"
198.204.240.234 - - [10/Sep/2026:13:19:55 +0200] "GET /wp-content/x5ba52b/index.php HTTP/1.1" 200 5423 "https://salumipasini.spaceten.it/wp-content/x5ba52b/index.php" "Mozilla/5.0 (compatible; MSIE 10.0; Windows NT 6.2; Win64; x64; Trident/6.0)"
107.150.52.226 - - [10/Sep/2026:13:21:24 +0200] "GET /wp-content/x5ba52b/index.php?id=580886$wd HTTP/1.1" 200 5423 "https://salumipasini.spaceten.it/wp-content/x5ba52b/index.php?id=580886$wd" "Mozilla/5.0"
107.150.52.226 - - [10/Sep/2026:13:22:52 +0200] "GET /wp-content/x5ba52b/index.php?id=580886$wd HTTP/1.1" 200 5423 "https://salumipasini.spaceten.it/wp-content/x5ba52b/index.php?id=580886$wd" "Mozilla/5.0"
107.150.52.226 - - [10/Sep/2026:13:24:22 +0200] "GET /wp-content/x5ba52b/index.php?id=580886$wd HTTP/1.1" 200 5423 "https://salumipasini.spaceten.it/wp-content/x5ba52b/index.php?id=580886$wd" "Mozilla/5.0"
216.73.216.156 - - [10/Sep/2026:13:37:32 +0200] "GET /robots.txt HTTP/1.1" 200 5678 "-" "Mozilla/5.0 AppleWebKit/537.36 (KHTML, like Gecko; compatible; ClaudeBot/1.0; +claudebot@anthropic.com)"
216.73.216.156 - - [10/Sep/2026:13:37:32 +0200] "GET /?lokasie=%2Fvar%2Fwww%2Fvhosts%2Fspaceten.it%2Fsalumipasini.spaceten.it%2Ff857f6%2Findex.php&loknya=%2Fvar%2Fwww%2Fvhosts%2Fspaceten.it%2Fsalumipasini.spaceten.it%2Ff857f6 HTTP/1.1" 200 26937 "-" "Mozilla/5.0 AppleWebKit/537.36 (KHTML, like Gecko; compatible; ClaudeBot/1.0; +claudebot@anthropic.com)"
198.204.240.234 - - [10/Sep/2026:13:48:44 +0200] "GET /wp-content/x5ba52b/index.php HTTP/1.1" 200 5497 "https://salumipasini.spaceten.it/wp-content/x5ba52b/index.php" "Mozilla/5.0 (Windows NT 6.1; WOW64) AppleWebKit/535.1 (KHTML, like Gecko) Chrome/14.0.835.202 Safari/535.1"
198.204.240.234 - - [10/Sep/2026:13:48:24 +0200] "GET /wp-content/x5ba52b/index.php HTTP/1.1" 200 5423 "https://salumipasini.spaceten.it/wp-content/x5ba52b/index.php" "Mozilla/4.0 (compatible; MSIE 7.0; Windows NT 6.0; SLCC1; .NET CLR 2.0.50727; Media Center PC 5.0; .NET CLR 3.0.04506)"
107.150.52.226 - - [10/Sep/2026:13:49:52 +0200] "GET /wp-content/x5ba52b/index.php?id=580886$wd HTTP/1.1" 200 5423 "https://salumipasini.spaceten.it/wp-content/x5ba52b/index.php?id=580886$wd" "Mozilla/5.0"
74.7.244.50 - - [10/Sep/2026:13:52:14 +0200] "GET /robots.txt HTTP/1.1" 200 5678 "-" "Mozilla/5.0 (Macintosh; Intel Mac OS X 10_15_7) AppleWebKit/537.36 (KHTML, like Gecko) Chrome/131.0.0.0 Safari/537.36; compatible; OAI-SearchBot/1.4; robots.txt; +https://openai.com/searchbot"
107.150.52.226 - - [10/Sep/2026:13:51:19 +0200] "GET /wp-content/x5ba52b/index.php?id=580886$wd HTTP/1.1" 200 5423 "https://salumipasini.spaceten.it/wp-content/x5ba52b/index.php?id=580886$wd" "Mozilla/5.0"
196.119.211.157 - - [10/Sep/2026:14:05:10 +0200] "POST /wp-l0gin.php HTTP/1.1" 200 7136 "https://salumipasini.spaceten.it/wp-l0gin.php" "Mozilla/5.0 (Windows NT 10.0; Win64; x64) AppleWebKit/537.36 (KHTML, like Gecko) Chrome/152.0.0.0 Safari/537.36"
196.119.211.157 - - [10/Sep/2026:14:05:10 +0200] "GET /favicon.ico HTTP/1.1" 200 9830 "https://salumipasini.spaceten.it/wp-l0gin.php" "Mozilla/5.0 (Windows NT 10.0; Win64; x64) AppleWebKit/537.36 (KHTML, like Gecko) Chrome/152.0.0.0 Safari/537.36"
196.119.211.157 - - [10/Sep/2026:14:05:15 +0200] "POST /wp-l0gin.php HTTP/1.1" 200 9492 "https://salumipasini.spaceten.it/wp-l0gin.php" "Mozilla/5.0 (Windows NT 10.0; Win64; x64) AppleWebKit/537.36 (KHTML, like Gecko) Chrome/152.0.0.0 Safari/537.36"
196.119.211.157 - - [10/Sep/2026:14:05:16 +0200] "GET /favicon.ico HTTP/1.1" 200 9830 "https://salumipasini.spaceten.it/wp-l0gin.php" "Mozilla/5.0 (Windows NT 10.0; Win64; x64) AppleWebKit/537.36 (KHTML, like Gecko) Chrome/152.0.0.0 Safari/537.36"
196.119.211.157 - - [10/Sep/2026:14:05:56 +0200] "POST /wp-l0gin.php HTTP/1.1" 200 9492 "https://salumipasini.spaceten.it/wp-l0gin.php" "Mozilla/5.0 (Windows NT 10.0; Win64; x64) AppleWebKit/537.36 (KHTML, like Gecko) Chrome/152.0.0.0 Safari/537.36"
196.119.211.157 - - [10/Sep/2026:14:05:57 +0200] "GET /favicon.ico HTTP/1.1" 200 9830 "https://salumipasini.spaceten.it/wp-l0gin.php" "Mozilla/5.0 (Windows NT 10.0; Win64; x64) AppleWebKit/537.36 (KHTML, like Gecko) Chrome/152.0.0.0 Safari/537.36"
196.119.211.157 - - [10/Sep/2026:14:07:03 +0200] "POST /wp-l0gin.php HTTP/1.1" 200 88289 "https://salumipasini.spaceten.it/wp-l0gin.php" "Mozilla/5.0 (Windows NT 10.0; Win64; x64) AppleWebKit/537.36 (KHTML, like Gecko) Chrome/152.0.0.0 Safari/537.36"
196.119.211.157 - - [10/Sep/2026:14:09:12 +0200] "GET /favicon.ico HTTP/1.1" 200 9830 "https://salumipasini.spaceten.it/wp-l0gin.php" "Mozilla/5.0 (Windows NT 10.0; Win64; x64) AppleWebKit/537.36 (KHTML, like Gecko) Chrome/152.0.0.0 Safari/537.36"
196.119.211.157 - - [10/Sep/2026:14:09:51 +0200] "POST /wp-l0gin.php HTTP/1.1" 200 24946 "https://salumipasini.spaceten.it/wp-l0gin.php" "Mozilla/5.0 (Windows NT 10.0; Win64; x64) AppleWebKit/537.36 (KHTML, like Gecko) Chrome/152.0.0.0 Safari/537.36"
196.119.211.157 - - [10/Sep/2026:14:10:10 +0200] "GET /favicon.ico HTTP/1.1" 200 9830 "https://salumipasini.spaceten.it/wp-l0gin.php" "Mozilla/5.0 (Windows NT 10.0; Win64; x64) AppleWebKit/537.36 (KHTML, like Gecko) Chrome/152.0.0.0 Safari/537.36"
104.252.3.25 - - [10/Sep/2026:14:11:22 +0200] "GET / HTTP/1.1" 200 81507 "-" "Mozilla/5.0 (Windows NT 10.0; Win64; x64; rv:64.0) Gecko/20100101 Firefox/64.0"
192.30.83.123 - - [10/Sep/2026:14:11:24 +0200] "GET / HTTP/1.1" 200 81486 "-" "Mozilla/5.0 (Windows NT 10.0; Win64; x64; rv:64.0) Gecko/20100101 Firefox/64.0"
198.204.240.234 - - [10/Sep/2026:14:16:52 +0200] "GET /wp-content/x5ba52b/index.php HTTP/1.1" 200 5497 "https://salumipasini.spaceten.it/wp-content/x5ba52b/index.php" "Mozilla/5.0 (Macintosh; Intel Mac OS X 10_6_8) AppleWebKit/534.57.2 (KHTML, like Gecko) Version/5.1.7 Safari/534.57.2"
198.204.240.234 - - [10/Sep/2026:14:16:32 +0200] "GET /wp-content/x5ba52b/index.php HTTP/1.1" 200 5423 "https://salumipasini.spaceten.it/wp-content/x5ba52b/index.php" "Mozilla/5.0 (Windows NT 5.1) AppleWebKit/535.2 (KHTML, like Gecko) Chrome/15.0.874.120 Safari/535.2"
107.150.52.226 - - [10/Sep/2026:14:18:02 +0200] "GET /wp-content/x5ba52b/index.php?id=580886$wd HTTP/1.1" 200 5423 "https://salumipasini.spaceten.it/wp-content/x5ba52b/index.php?id=580886$wd" "Mozilla/5.0"
4.232.64.120 - - [10/Sep/2026:14:21:00 +0200] "GET / HTTP/1.1" 200 9826 "-" "Mozilla/5.0 (Windows NT 10.0; Win64; x64) AppleWebKit/537.36 (KHTML, like Gecko) Chrome/131.0.0.0 Safari/537.36"
4.232.64.120 - - [10/Sep/2026:14:21:00 +0200] "GET /feed/ HTTP/1.1" 200 9826 "-" "Mozilla/5.0 (Windows NT 10.0; Win64; x64) AppleWebKit/537.36 (KHTML, like Gecko) Chrome/131.0.0.0 Safari/537.36"
4.232.64.120 - - [10/Sep/2026:14:21:00 +0200] "GET /wp-login.php HTTP/1.1" 200 9831 "-" "Mozilla/5.0 (Windows NT 10.0; Win64; x64) AppleWebKit/537.36 (KHTML, like Gecko) Chrome/131.0.0.0 Safari/537.36"
4.232.64.120 - - [10/Sep/2026:14:21:00 +0200] "GET /wp-json/ HTTP/1.1" 200 9826 "-" "Mozilla/5.0 (Windows NT 10.0; Win64; x64) AppleWebKit/537.36 (KHTML, like Gecko) Chrome/131.0.0.0 Safari/537.36"
4.232.64.120 - - [10/Sep/2026:14:21:00 +0200] "GET /xmlrpc.php HTTP/1.1" 200 9828 "-" "Mozilla/5.0 (Windows NT 10.0; Win64; x64) AppleWebKit/537.36 (KHTML, like Gecko) Chrome/131.0.0.0 Safari/537.36"
4.232.64.120 - - [10/Sep/2026:14:21:00 +0200] "GET /robots.txt HTTP/1.1" 200 5678 "-" "Mozilla/5.0 (Windows NT 10.0; Win64; x64) AppleWebKit/537.36 (KHTML, like Gecko) Chrome/131.0.0.0 Safari/537.36"
216.73.216.156 - - [10/Sep/2026:14:22:41 +0200] "GET / HTTP/1.1" 200 9828 "-" "Mozilla/5.0 AppleWebKit/537.36 (KHTML, like Gecko; compatible; ClaudeBot/1.0; +claudebot@anthropic.com)"
198.204.240.234 - - [10/Sep/2026:14:46:10 +0200] "GET /wp-content/x5ba52b/index.php HTTP/1.1" 200 5497 "https://salumipasini.spaceten.it/wp-content/x5ba52b/index.php" "Mozilla/5.0 (Macintosh; Intel Mac OS X 10_7_2) AppleWebKit/535.2 (KHTML, like Gecko) Chrome/15.0.874.106 Safari/535.2"
198.204.240.234 - - [10/Sep/2026:14:45:50 +0200] "GET /wp-content/x5ba52b/index.php HTTP/1.1" 200 5423 "https://salumipasini.spaceten.it/wp-content/x5ba52b/index.php" "Mozilla/5.0 (Macintosh; U; Intel Mac OS X 10_5_5; ja-jp) AppleWebKit/525.26.2 (KHTML, like Gecko) Version/3.2 Safari/525.26.12"
196.119.211.157 - - [10/Sep/2026:14:47:27 +0200] "POST /wp-l0gin.php HTTP/1.1" 200 9559 "https://salumipasini.spaceten.it/wp-l0gin.php" "Mozilla/5.0 (Windows NT 10.0; Win64; x64) AppleWebKit/537.36 (KHTML, like Gecko) Chrome/152.0.0.0 Safari/537.36"
196.119.211.157 - - [10/Sep/2026:14:47:28 +0200] "GET /favicon.ico HTTP/1.1" 200 9830 "https://salumipasini.spaceten.it/wp-l0gin.php" "Mozilla/5.0 (Windows NT 10.0; Win64; x64) AppleWebKit/537.36 (KHTML, like Gecko) Chrome/152.0.0.0 Safari/537.36"
173.254.28.219 - - [10/Sep/2026:14:48:01 +0200] "GET /wp-login.php HTTP/1.1" 200 9833 "-" "Mozilla/5.0 (X11; Linux x86_64) AppleWebKit/537.36 (KHTML, like Gecko) Chrome/151.0.0.0 Safari/537.36"
198.204.240.234 - - [10/Sep/2026:15:15:50 +0200] "GET /wp-content/x5ba52b/index.php HTTP/1.1" 200 5497 "https://salumipasini.spaceten.it/wp-content/x5ba52b/index.php" "Mozilla/5.0 (Macintosh; U; Intel Mac OS X 10_5_5; ja-jp) AppleWebKit/525.26.2 (KHTML, like Gecko) Version/3.2 Safari/525.26.12"
198.204.240.234 - - [10/Sep/2026:15:15:30 +0200] "GET /wp-content/x5ba52b/index.php HTTP/1.1" 200 5423 "https://salumipasini.spaceten.it/wp-content/x5ba52b/index.php" "Mozilla/5.0 (Macintosh; U; Intel Mac OS X 10_5_6; ja-jp) AppleWebKit/528.16 (KHTML, like Gecko) Version/4.0 Safari/528.16"
216.73.216.156 - - [10/Sep/2026:15:23:19 +0200] "GET /robots.txt HTTP/1.1" 200 5678 "-" "Mozilla/5.0 AppleWebKit/537.36 (KHTML, like Gecko; compatible; ClaudeBot/1.0; +claudebot@anthropic.com)"
216.73.216.156 - - [10/Sep/2026:15:23:19 +0200] "GET / HTTP/1.1" 200 9828 "-" "Mozilla/5.0 AppleWebKit/537.36 (KHTML, like Gecko; compatible; ClaudeBot/1.0; +claudebot@anthropic.com)"
216.73.216.156 - - [10/Sep/2026:15:27:54 +0200] "GET / HTTP/1.1" 200 9828 "-" "Mozilla/5.0 AppleWebKit/537.36 (KHTML, like Gecko; compatible; ClaudeBot/1.0; +claudebot@anthropic.com)"
151.237.129.196 - - [10/Sep/2026:15:28:07 +0200] "GET /readme.html HTTP/1.1" 200 5468 "-" "Mozilla/5.0 (Windows NT 10.0; Win64; x64) AppleWebKit/537.36 (KHTML, like Gecko) Chrome/151.0.0.0 Safari/537.36"
188.126.149.127 - - [10/Sep/2026:15:28:23 +0200] "GET /wp-json/ HTTP/1.1" 200 9829 "-" "Mozilla/5.0 (Windows NT 10.0; Win64; x64) AppleWebKit/537.36 (KHTML, like Gecko) Chrome/151.0.0.0 Safari/537.36"
82.229.54.159 - - [10/Sep/2026:15:28:24 +0200] "GET / HTTP/1.1" 200 9829 "-" "Mozilla/5.0 (Windows NT 10.0; Win64; x64) AppleWebKit/537.36 (KHTML, like Gecko) Chrome/151.0.0.0 Safari/537.36"
27.81.49.81 - - [10/Sep/2026:15:28:27 +0200] "GET /wp-json/wp/v2/users?_fields=slug&per_page=100&page=1 HTTP/1.1" 200 9827 "-" "Mozilla/5.0 (Windows NT 10.0; Win64; x64) AppleWebKit/537.36 (KHTML, like Gecko) Chrome/151.0.0.0 Safari/537.36"
83.190.39.209 - - [10/Sep/2026:15:28:28 +0200] "GET /?rest_route=/wp/v2/users&_fields=slug&per_page=100&page=1 HTTP/1.1" 200 9828 "-" "Mozilla/5.0 (Windows NT 10.0; Win64; x64) AppleWebKit/537.36 (KHTML, like Gecko) Chrome/151.0.0.0 Safari/537.36"
112.171.197.162 - - [10/Sep/2026:15:28:31 +0200] "GET /feed/ HTTP/1.1" 200 9830 "-" "Mozilla/5.0 (Windows NT 10.0; Win64; x64) AppleWebKit/537.36 (KHTML, like Gecko) Chrome/151.0.0.0 Safari/537.36"
88.135.16.170 - - [10/Sep/2026:15:28:48 +0200] "GET /feed/atom/ HTTP/1.1" 200 9829 "-" "Mozilla/5.0 (Windows NT 10.0; Win64; x64) AppleWebKit/537.36 (KHTML, like Gecko) Chrome/151.0.0.0 Safari/537.36"
163.125.167.30 - - [10/Sep/2026:15:28:50 +0200] "GET /rss/ HTTP/1.1" 200 9827 "-" "Mozilla/5.0 (Windows NT 10.0; Win64; x64) AppleWebKit/537.36 (KHTML, like Gecko) Chrome/151.0.0.0 Safari/537.36"
185.221.254.7 - - [10/Sep/2026:15:29:02 +0200] "GET /wp-sitemap-users-1.xml HTTP/1.1" 200 26907 "-" "Mozilla/5.0 (Windows NT 10.0; Win64; x64) AppleWebKit/537.36 (KHTML, like Gecko) Chrome/151.0.0.0 Safari/537.36"
81.198.140.116 - - [10/Sep/2026:15:29:22 +0200] "GET /author-sitemap.xml HTTP/1.1" 200 26481 "-" "Mozilla/5.0 (Windows NT 10.0; Win64; x64) AppleWebKit/537.36 (KHTML, like Gecko) Chrome/151.0.0.0 Safari/537.36"
93.56.160.124 - - [10/Sep/2026:15:29:24 +0200] "GET /sitemap.xml HTTP/1.1" 200 26505 "-" "Mozilla/5.0 (Windows NT 10.0; Win64; x64) AppleWebKit/537.36 (KHTML, like Gecko) Chrome/151.0.0.0 Safari/537.36"
188.215.106.200 - - [10/Sep/2026:15:29:53 +0200] "GET /wp-json/oembed/1.0/embed?url=https%3A%2F%2Fsalumipasini.spaceten.it&format=json HTTP/1.1" 200 9829 "-" "Mozilla/5.0 (Windows NT 10.0; Win64; x64) AppleWebKit/537.36 (KHTML, like Gecko) Chrome/151.0.0.0 Safari/537.36"
76.185.72.148 - - [10/Sep/2026:15:29:54 +0200] "POST /graphql HTTP/1.1" 200 9828 "-" "Mozilla/5.0 (Windows NT 10.0; Win64; x64) AppleWebKit/537.36 (KHTML, like Gecko) Chrome/151.0.0.0 Safari/537.36"
112.47.173.247 - - [10/Sep/2026:15:30:09 +0200] "POST /api/graphql HTTP/1.1" 200 9829 "-" "Mozilla/5.0 (Windows NT 10.0; Win64; x64) AppleWebKit/537.36 (KHTML, like Gecko) Chrome/151.0.0.0 Safari/537.36"
105.190.206.63 - - [10/Sep/2026:15:43:46 +0200] "GET /wp-l0gin.php HTTP/1.1" 200 5696 "-" "Mozilla/5.0 (Windows NT 10.0; Win64; x64) AppleWebKit/537.36 (KHTML, like Gecko) Chrome/152.0.0.0 Safari/537.36"
105.190.206.63 - - [10/Sep/2026:15:43:46 +0200] "GET /favicon.ico HTTP/1.1" 200 9830 "https://salumipasini.spaceten.it/wp-l0gin.php" "Mozilla/5.0 (Windows NT 10.0; Win64; x64) AppleWebKit/537.36 (KHTML, like Gecko) Chrome/152.0.0.0 Safari/537.36"
105.190.206.63 - - [10/Sep/2026:15:43:47 +0200] "POST /wp-l0gin.php HTTP/1.1" 200 7227 "https://salumipasini.spaceten.it/wp-l0gin.php" "Mozilla/5.0 (Windows NT 10.0; Win64; x64) AppleWebKit/537.36 (KHTML, like Gecko) Chrome/152.0.0.0 Safari/537.36"
105.190.206.63 - - [10/Sep/2026:15:43:48 +0200] "GET /favicon.ico HTTP/1.1" 200 9830 "https://salumipasini.spaceten.it/wp-l0gin.php" "Mozilla/5.0 (Windows NT 10.0; Win64; x64) AppleWebKit/537.36 (KHTML, like Gecko) Chrome/152.0.0.0 Safari/537.36"
198.204.240.234 - - [10/Sep/2026:15:44:14 +0200] "GET /wp-content/x5ba52b/index.php HTTP/1.1" 200 5497 "https://salumipasini.spaceten.it/wp-content/x5ba52b/index.php" "Mozilla/5.0 (compatible; MSIE 9.0; Windows NT 6.1; WOW64; Trident/5.0; Sleipnir/2.9.8)"
105.190.206.63 - - [10/Sep/2026:15:44:28 +0200] "POST /wp-l0gin.php HTTP/1.1" 200 9492 "https://salumipasini.spaceten.it/wp-l0gin.php" "Mozilla/5.0 (Windows NT 10.0; Win64; x64) AppleWebKit/537.36 (KHTML, like Gecko) Chrome/152.0.0.0 Safari/537.36"
105.190.206.63 - - [10/Sep/2026:15:44:29 +0200] "GET /favicon.ico HTTP/1.1" 200 9830 "https://salumipasini.spaceten.it/wp-l0gin.php" "Mozilla/5.0 (Windows NT 10.0; Win64; x64) AppleWebKit/537.36 (KHTML, like Gecko) Chrome/152.0.0.0 Safari/537.36"
198.204.240.234 - - [10/Sep/2026:15:43:54 +0200] "GET /wp-content/x5ba52b/index.php HTTP/1.1" 200 5423 "https://salumipasini.spaceten.it/wp-content/x5ba52b/index.php" "Mozilla/5.0 (Windows NT 6.1; WOW64) AppleWebKit/535.1 (KHTML, like Gecko) Chrome/14.0.835.202 Safari/535.1"
107.150.52.226 - - [10/Sep/2026:15:45:21 +0200] "GET /wp-content/x5ba52b/index.php?id=580886$wd HTTP/1.1" 200 5423 "https://salumipasini.spaceten.it/wp-content/x5ba52b/index.php?id=580886$wd" "Mozilla/5.0"
105.190.206.63 - - [10/Sep/2026:15:45:35 +0200] "POST /wp-l0gin.php HTTP/1.1" 200 84529 "https://salumipasini.spaceten.it/wp-l0gin.php" "Mozilla/5.0 (Windows NT 10.0; Win64; x64) AppleWebKit/537.36 (KHTML, like Gecko) Chrome/152.0.0.0 Safari/537.36"
105.190.206.63 - - [10/Sep/2026:15:47:56 +0200] "GET /favicon.ico HTTP/1.1" 200 9830 "https://salumipasini.spaceten.it/wp-l0gin.php" "Mozilla/5.0 (Windows NT 10.0; Win64; x64) AppleWebKit/537.36 (KHTML, like Gecko) Chrome/152.0.0.0 Safari/537.36"
105.190.206.63 - - [10/Sep/2026:15:48:33 +0200] "POST /wp-l0gin.php HTTP/1.1" 200 17889 "https://salumipasini.spaceten.it/wp-l0gin.php" "Mozilla/5.0 (Windows NT 10.0; Win64; x64) AppleWebKit/537.36 (KHTML, like Gecko) Chrome/152.0.0.0 Safari/537.36"
105.190.206.63 - - [10/Sep/2026:15:48:45 +0200] "GET /favicon.ico HTTP/1.1" 200 9830 "https://salumipasini.spaceten.it/wp-l0gin.php" "Mozilla/5.0 (Windows NT 10.0; Win64; x64) AppleWebKit/537.36 (KHTML, like Gecko) Chrome/152.0.0.0 Safari/537.36"
103.112.62.51 - - [10/Sep/2026:15:51:39 +0200] "GET /wp-login.php HTTP/1.1" 200 9832 "-" "Mozilla/5.0 (Windows NT 10.0; Win64; x64) AppleWebKit/537.36 (KHTML, like Gecko) Chrome/146.0.0.0 Safari/537.36"
105.190.206.63 - - [10/Sep/2026:16:09:59 +0200] "POST /wp-l0gin.php HTTP/1.1" 200 9558 "https://salumipasini.spaceten.it/wp-l0gin.php" "Mozilla/5.0 (Windows NT 10.0; Win64; x64) AppleWebKit/537.36 (KHTML, like Gecko) Chrome/152.0.0.0 Safari/537.36"
105.190.206.63 - - [10/Sep/2026:16:09:59 +0200] "GET /favicon.ico HTTP/1.1" 200 9830 "https://salumipasini.spaceten.it/wp-l0gin.php" "Mozilla/5.0 (Windows NT 10.0; Win64; x64) AppleWebKit/537.36 (KHTML, like Gecko) Chrome/152.0.0.0 Safari/537.36"
198.204.240.234 - - [10/Sep/2026:16:11:58 +0200] "GET /wp-content/x5ba52b/index.php HTTP/1.1" 200 5497 "https://salumipasini.spaceten.it/wp-content/x5ba52b/index.php" "Mozilla/5.0 (Macintosh; U; Intel Mac OS X 10_5_6; ja-jp) AppleWebKit/525.27.1 (KHTML, like Gecko) Version/3.2.1 Safari/525.27.1"
198.204.240.234 - - [10/Sep/2026:16:11:38 +0200] "GET /wp-content/x5ba52b/index.php HTTP/1.1" 200 5423 "https://salumipasini.spaceten.it/wp-content/x5ba52b/index.php" "Mozilla/5.0 (compatible; MSIE 10.0; Windows NT 6.2; WOW64; Trident/6.0)"
105.190.206.63 - - [10/Sep/2026:16:33:26 +0200] "POST /wp-l0gin.php HTTP/1.1" 200 9558 "https://salumipasini.spaceten.it/wp-l0gin.php" "Mozilla/5.0 (Windows NT 10.0; Win64; x64) AppleWebKit/537.36 (KHTML, like Gecko) Chrome/152.0.0.0 Safari/537.36"
105.190.206.63 - - [10/Sep/2026:16:33:27 +0200] "GET /favicon.ico HTTP/1.1" 200 9830 "https://salumipasini.spaceten.it/wp-l0gin.php" "Mozilla/5.0 (Windows NT 10.0; Win64; x64) AppleWebKit/537.36 (KHTML, like Gecko) Chrome/152.0.0.0 Safari/537.36"
198.204.240.234 - - [10/Sep/2026:16:40:18 +0200] "GET /wp-content/x5ba52b/index.php HTTP/1.1" 200 5497 "https://salumipasini.spaceten.it/wp-content/x5ba52b/index.php" "Mozilla/5.0 (Macintosh; U; Intel Mac OS X 10_5_3; ja-jp) AppleWebKit/525.18 (KHTML, like Gecko) Version/3.1.1 Safari/525.20"
198.204.240.234 - - [10/Sep/2026:16:39:58 +0200] "GET /wp-content/x5ba52b/index.php HTTP/1.1" 200 5423 "https://salumipasini.spaceten.it/wp-content/x5ba52b/index.php" "Mozilla/4.0 (compatible; MSIE 7.0; Windows NT 5.1; .NET CLR 1.1.4322; .NET CLR 2.0.50727)"
105.190.206.63 - - [10/Sep/2026:16:46:38 +0200] "POST /wp-l0gin.php HTTP/1.1" 200 9492 "https://salumipasini.spaceten.it/wp-l0gin.php" "Mozilla/5.0 (Windows NT 10.0; Win64; x64) AppleWebKit/537.36 (KHTML, like Gecko) Chrome/152.0.0.0 Safari/537.36"
105.190.206.63 - - [10/Sep/2026:16:46:39 +0200] "GET /favicon.ico HTTP/1.1" 200 9830 "https://salumipasini.spaceten.it/wp-l0gin.php" "Mozilla/5.0 (Windows NT 10.0; Win64; x64) AppleWebKit/537.36 (KHTML, like Gecko) Chrome/152.0.0.0 Safari/537.36"
104.165.120.75 - - [10/Sep/2026:16:48:54 +0200] "GET / HTTP/1.1" 200 81509 "-" "Mozilla/5.0 (Windows NT 10.0; Win64; x64; rv:64.0) Gecko/20100101 Firefox/64.0"
104.222.43.187 - - [10/Sep/2026:16:48:56 +0200] "GET / HTTP/1.1" 200 81531 "-" "Mozilla/5.0 (Windows NT 10.0; Win64; x64; rv:64.0) Gecko/20100101 Firefox/64.0"
116.203.226.220 - - [10/Sep/2026:16:50:32 +0200] "GET / HTTP/1.1" 200 9828 "-" "Mozilla/5.0 (compatible; HerodeskBot/1.0; +https://herodesk.com)"
116.203.226.220 - - [10/Sep/2026:16:50:32 +0200] "GET /apple-touch-icon.png HTTP/1.1" 200 9828 "-" "Mozilla/5.0 (compatible; HerodeskBot/1.0; +https://herodesk.com)"
116.203.226.220 - - [10/Sep/2026:16:50:33 +0200] "GET /favicon.ico HTTP/1.1" 200 9828 "-" "Mozilla/5.0 (compatible; HerodeskBot/1.0; +https://herodesk.com)"
105.190.206.63 - - [10/Sep/2026:16:48:17 +0200] "POST /wp-l0gin.php HTTP/1.1" 200 86476 "https://salumipasini.spaceten.it/wp-l0gin.php" "Mozilla/5.0 (Windows NT 10.0; Win64; x64) AppleWebKit/537.36 (KHTML, like Gecko) Chrome/152.0.0.0 Safari/537.36"
105.190.206.63 - - [10/Sep/2026:16:50:34 +0200] "GET /favicon.ico HTTP/1.1" 200 9830 "https://salumipasini.spaceten.it/wp-l0gin.php" "Mozilla/5.0 (Windows NT 10.0; Win64; x64) AppleWebKit/537.36 (KHTML, like Gecko) Chrome/152.0.0.0 Safari/537.36"
116.203.226.220 - - [10/Sep/2026:16:52:16 +0200] "GET / HTTP/1.1" 200 9828 "-" "Mozilla/5.0 (compatible; HerodeskBot/1.0; +https://herodesk.com)"
116.203.226.220 - - [10/Sep/2026:16:52:16 +0200] "GET /apple-touch-icon.png HTTP/1.1" 200 9828 "-" "Mozilla/5.0 (compatible; HerodeskBot/1.0; +https://herodesk.com)"
116.203.226.220 - - [10/Sep/2026:16:52:16 +0200] "GET /favicon.ico HTTP/1.1" 200 9828 "-" "Mozilla/5.0 (compatible; HerodeskBot/1.0; +https://herodesk.com)"
116.203.226.220 - - [10/Sep/2026:16:52:41 +0200] "GET / HTTP/1.1" 200 9828 "-" "Mozilla/5.0 (compatible; HerodeskBot/1.0; +https://herodesk.com)"
116.203.226.220 - - [10/Sep/2026:16:52:41 +0200] "GET /apple-touch-icon.png HTTP/1.1" 200 9828 "-" "Mozilla/5.0 (compatible; HerodeskBot/1.0; +https://herodesk.com)"
116.203.226.220 - - [10/Sep/2026:16:52:42 +0200] "GET /favicon.ico HTTP/1.1" 200 9828 "-" "Mozilla/5.0 (compatible; HerodeskBot/1.0; +https://herodesk.com)"
62.60.130.230 - - [10/Sep/2026:16:53:36 +0200] "GET / HTTP/1.1" 200 9828 "-" "Mozilla/5.0 (Windows NT 10.0; Win64; x64) AppleWebKit/537.36 (KHTML, like Gecko) Chrome/131.0.0.0 Safari/537.36"
62.60.130.230 - - [10/Sep/2026:16:53:36 +0200] "GET /feed/ HTTP/1.1" 200 9828 "-" "Mozilla/5.0 (Windows NT 10.0; Win64; x64) AppleWebKit/537.36 (KHTML, like Gecko) Chrome/131.0.0.0 Safari/537.36"
62.60.130.230 - - [10/Sep/2026:16:53:37 +0200] "GET /wp-login.php HTTP/1.1" 200 9832 "-" "Mozilla/5.0 (Windows NT 10.0; Win64; x64) AppleWebKit/537.36 (KHTML, like Gecko) Chrome/131.0.0.0 Safari/537.36"
62.60.130.230 - - [10/Sep/2026:16:53:37 +0200] "GET /wp-json/ HTTP/1.1" 200 9828 "-" "Mozilla/5.0 (Windows NT 10.0; Win64; x64) AppleWebKit/537.36 (KHTML, like Gecko) Chrome/131.0.0.0 Safari/537.36"
62.60.130.230 - - [10/Sep/2026:16:53:37 +0200] "GET /xmlrpc.php HTTP/1.1" 200 9830 "-" "Mozilla/5.0 (Windows NT 10.0; Win64; x64) AppleWebKit/537.36 (KHTML, like Gecko) Chrome/131.0.0.0 Safari/537.36"
62.60.130.230 - - [10/Sep/2026:16:53:38 +0200] "GET /robots.txt HTTP/1.1" 200 5678 "-" "Mozilla/5.0 (Windows NT 10.0; Win64; x64) AppleWebKit/537.36 (KHTML, like Gecko) Chrome/131.0.0.0 Safari/537.36"
105.190.206.63 - - [10/Sep/2026:16:54:54 +0200] "POST /wp-l0gin.php HTTP/1.1" 200 24054 "https://salumipasini.spaceten.it/wp-l0gin.php" "Mozilla/5.0 (Windows NT 10.0; Win64; x64) AppleWebKit/537.36 (KHTML, like Gecko) Chrome/152.0.0.0 Safari/537.36"
105.190.206.63 - - [10/Sep/2026:16:55:13 +0200] "GET /favicon.ico HTTP/1.1" 200 9830 "https://salumipasini.spaceten.it/wp-l0gin.php" "Mozilla/5.0 (Windows NT 10.0; Win64; x64) AppleWebKit/537.36 (KHTML, like Gecko) Chrome/152.0.0.0 Safari/537.36"
185.119.217.25 - - [10/Sep/2026:16:57:28 +0200] "HEAD / HTTP/1.1" 200 5404 "http://salumipasini.spaceten.it" "go-favicon/v2024.1023.134319"
185.119.217.25 - - [10/Sep/2026:16:57:29 +0200] "GET / HTTP/1.1" 200 9830 "http://salumipasini.spaceten.it" "go-favicon/v2024.1023.134319"
185.119.217.25 - - [10/Sep/2026:16:57:29 +0200] "GET /favicon.ico HTTP/1.1" 200 9830 "http://salumipasini.spaceten.it/favicon.ico" "go-favicon/v2024.1023.134319"
185.119.217.25 - - [10/Sep/2026:16:57:29 +0200] "GET /apple-touch-icon.png HTTP/1.1" 200 9830 "http://salumipasini.spaceten.it/apple-touch-icon.png" "go-favicon/v2024.1023.134319"
185.119.217.25 - - [10/Sep/2026:16:57:29 +0200] "HEAD /apple-touch-icon.png HTTP/1.1" 200 5404 "-" "go-favicon/v2024.1023.134319"
95.138.222.189 - - [10/Sep/2026:16:57:30 +0200] "GET /apple-touch-icon.png HTTP/1.1" 200 9831 "https://mail.mcb.dk/" "Mozilla/5.0 (Windows NT 10.0; Win64; x64) AppleWebKit/537.36 (KHTML, like Gecko) Chrome/152.0.0.0 Safari/537.36"
198.204.240.234 - - [10/Sep/2026:17:08:18 +0200] "GET /wp-content/x5ba52b/index.php HTTP/1.1" 200 5497 "https://salumipasini.spaceten.it/wp-content/x5ba52b/index.php" "Mozilla/5.0 (Macintosh; U; Intel Mac OS X 10_6_3; ja-jp) AppleWebKit/533.16 (KHTML, like Gecko) Version/5.0 Safari/533.16"
198.204.240.234 - - [10/Sep/2026:17:07:58 +0200] "GET /wp-content/x5ba52b/index.php HTTP/1.1" 200 5423 "https://salumipasini.spaceten.it/wp-content/x5ba52b/index.php" "Mozilla/5.0 (Windows NT 6.1) AppleWebKit/535.1 (KHTML, like Gecko) Chrome/13.0.782.107 Safari/535.1"
107.150.52.226 - - [10/Sep/2026:17:09:26 +0200] "GET /wp-content/x5ba52b/index.php?id=580886$wd HTTP/1.1" 200 5423 "https://salumipasini.spaceten.it/wp-content/x5ba52b/index.php?id=580886$wd" "Mozilla/5.0"
105.190.206.63 - - [10/Sep/2026:17:17:24 +0200] "GET /wp-l0gin.php HTTP/1.1" 200 7227 "-" "Mozilla/5.0 (Windows NT 10.0; Win64; x64) AppleWebKit/537.36 (KHTML, like Gecko) Chrome/152.0.0.0 Safari/537.36"
105.190.206.63 - - [10/Sep/2026:17:17:24 +0200] "GET /favicon.ico HTTP/1.1" 200 9830 "https://salumipasini.spaceten.it/wp-l0gin.php" "Mozilla/5.0 (Windows NT 10.0; Win64; x64) AppleWebKit/537.36 (KHTML, like Gecko) Chrome/152.0.0.0 Safari/537.36"
216.73.216.156 - - [10/Sep/2026:17:22:58 +0200] "GET /robots.txt HTTP/1.1" 200 5678 "-" "Mozilla/5.0 AppleWebKit/537.36 (KHTML, like Gecko; compatible; ClaudeBot/1.0; +claudebot@anthropic.com)"
216.73.216.156 - - [10/Sep/2026:17:22:58 +0200] "GET / HTTP/1.1" 200 9828 "-" "Mozilla/5.0 AppleWebKit/537.36 (KHTML, like Gecko; compatible; ClaudeBot/1.0; +claudebot@anthropic.com)"
216.73.216.156 - - [10/Sep/2026:17:26:03 +0200] "GET / HTTP/1.1" 200 9828 "-" "Mozilla/5.0 AppleWebKit/537.36 (KHTML, like Gecko; compatible; ClaudeBot/1.0; +claudebot@anthropic.com)"
194.124.73.198 - - [10/Sep/2026:17:29:08 +0200] "POST /wp-cron.php?doing_wp_cron=1789054148.3033530712127685546875 HTTP/1.1" 200 5516 "https://salumipasini.spaceten.it/wp-cron.php?doing_wp_cron=1789054148.3033530712127685546875" "WordPress/6.1.1; https://salumipasini.spaceten.it"
180.245.30.146 - - [10/Sep/2026:17:29:08 +0200] "GET //wp-admin/install.php HTTP/1.1" 200 6327 "-" "Mozilla/5.0 (Windows NT 10.0; Win64; x64) AppleWebKit/537.36 (KHTML, like Gecko) Chrome/152.0.0.0 Safari/537.36"
180.245.30.146 - - [10/Sep/2026:17:29:14 +0200] "GET /wp-includes/css/buttons.min.css?ver=6.1.1 HTTP/1.1" 200 5487 "https://salumipasini.spaceten.it//wp-admin/install.php" "Mozilla/5.0 (Windows NT 10.0; Win64; x64) AppleWebKit/537.36 (KHTML, like Gecko) Chrome/152.0.0.0 Safari/537.36"
180.245.30.146 - - [10/Sep/2026:17:29:14 +0200] "GET /wp-admin/css/forms.min.css?ver=6.1.1 HTTP/1.1" 200 5482 "https://salumipasini.spaceten.it//wp-admin/install.php" "Mozilla/5.0 (Windows NT 10.0; Win64; x64) AppleWebKit/537.36 (KHTML, like Gecko) Chrome/152.0.0.0 Safari/537.36"
180.245.30.146 - - [10/Sep/2026:17:29:14 +0200] "GET /wp-includes/css/dashicons.min.css?ver=6.1.1 HTTP/1.1" 200 5489 "https://salumipasini.spaceten.it//wp-admin/install.php" "Mozilla/5.0 (Windows NT 10.0; Win64; x64) AppleWebKit/537.36 (KHTML, like Gecko) Chrome/152.0.0.0 Safari/537.36"
180.245.30.146 - - [10/Sep/2026:17:29:18 +0200] "GET /wp-admin/css/install.min.css?ver=6.1.1 HTTP/1.1" 200 5484 "https://salumipasini.spaceten.it//wp-admin/install.php" "Mozilla/5.0 (Windows NT 10.0; Win64; x64) AppleWebKit/537.36 (KHTML, like Gecko) Chrome/152.0.0.0 Safari/537.36"
180.245.30.146 - - [10/Sep/2026:17:29:18 +0200] "GET /wp-admin/css/l10n.min.css?ver=6.1.1 HTTP/1.1" 200 5481 "https://salumipasini.spaceten.it//wp-admin/install.php" "Mozilla/5.0 (Windows NT 10.0; Win64; x64) AppleWebKit/537.36 (KHTML, like Gecko) Chrome/152.0.0.0 Safari/537.36"
180.245.30.146 - - [10/Sep/2026:17:29:25 +0200] "GET /wp-admin/images/wordpress-logo.svg?ver=20131107 HTTP/1.1" 200 5495 "https://salumipasini.spaceten.it/wp-admin/css/install.min.css?ver=6.1.1" "Mozilla/5.0 (Windows NT 10.0; Win64; x64) AppleWebKit/537.36 (KHTML, like Gecko) Chrome/152.0.0.0 Safari/537.36"
180.245.30.146 - - [10/Sep/2026:17:29:40 +0200] "GET /favicon.ico HTTP/1.1" 200 9829 "https://salumipasini.spaceten.it//wp-admin/install.php" "Mozilla/5.0 (Windows NT 10.0; Win64; x64) AppleWebKit/537.36 (KHTML, like Gecko) Chrome/152.0.0.0 Safari/537.36"
198.204.240.234 - - [10/Sep/2026:17:36:47 +0200] "GET /wp-content/x5ba52b/index.php HTTP/1.1" 200 5497 "https://salumipasini.spaceten.it/wp-content/x5ba52b/index.php" "Mozilla/4.0 (compatible; MSIE 7.0; Windows NT 5.1; .NET CLR 1.1.4322; .NET CLR 2.0.50727; .NET CLR 3.0.04506.30)"
194.124.73.198 - - [10/Sep/2026:17:37:00 +0200] "POST /wp-cron.php?doing_wp_cron=1789054620.9158999919891357421875 HTTP/1.1" 200 5516 "https://salumipasini.spaceten.it/wp-cron.php?doing_wp_cron=1789054620.9158999919891357421875" "WordPress/6.1.1; https://salumipasini.spaceten.it"
180.241.242.71 - - [10/Sep/2026:17:37:00 +0200] "POST //wp-admin/install.php HTTP/1.1" 200 6293 "https://salumipasini.spaceten.it//wp-admin/install.php" "Mozilla/5.0 (Windows NT 10.0; Win64; x64) AppleWebKit/537.36 (KHTML, like Gecko) Chrome/152.0.0.0 Safari/537.36"
180.241.242.71 - - [10/Sep/2026:17:37:01 +0200] "GET /favicon.ico HTTP/1.1" 200 9841 "https://salumipasini.spaceten.it//wp-admin/install.php" "Mozilla/5.0 (Windows NT 10.0; Win64; x64) AppleWebKit/537.36 (KHTML, like Gecko) Chrome/152.0.0.0 Safari/537.36"
180.241.242.71 - - [10/Sep/2026:17:37:03 +0200] "GET //wp-admin/wafs.php HTTP/1.1" 200 9642 "https://salumipasini.spaceten.it//wp-admin/install.php" "Mozilla/5.0 (Windows NT 10.0; Win64; x64) AppleWebKit/537.36 (KHTML, like Gecko) Chrome/152.0.0.0 Safari/537.36"
180.241.242.71 - - [10/Sep/2026:17:37:03 +0200] "GET /favicon.ico HTTP/1.1" 200 9841 "https://salumipasini.spaceten.it//wp-admin/wafs.php" "Mozilla/5.0 (Windows NT 10.0; Win64; x64) AppleWebKit/537.36 (KHTML, like Gecko) Chrome/152.0.0.0 Safari/537.36"
