Uname:Linux vps0314.00gate.com 5.15.0-1089-azure #98~20.04.1-Ubuntu SMP Fri May 2 20:18:39 UTC 2025 x86_64

Base Dir : /var/www/vhosts/spaceten.it/salumipasini.spaceten.it

User : spaceten.it_vps0314


403WebShell
403Webshell
Server IP : 194.124.73.198  /  Your IP : 216.73.216.170
Web Server : Apache
System : Linux vps0314.00gate.com 5.15.0-1089-azure #98~20.04.1-Ubuntu SMP Fri May 2 20:18:39 UTC 2025 x86_64
User : spaceten.it_vps0314 ( 10000)
PHP Version : 8.0.30
Disable Function : opcache_get_status
MySQL : OFF  |  cURL : ON  |  WGET : OFF  |  Perl : OFF  |  Python : OFF  |  Sudo : OFF  |  Pkexec : OFF
Directory :  /var/www/vhosts/spaceten.it/logs/salumipasini.spaceten.it/

Upload File :
current_dir [ Writeable ] document_root [ Writeable ]

 

Command :


[ Back ]     

Current File : /var/www/vhosts/spaceten.it/logs/salumipasini.spaceten.it/access_ssl_log
198.204.240.234 - - [07/Sep/2026:06:41:18 +0200] "GET /wp-includes/js5a38be/index.php HTTP/1.1" 200 5498 "https://salumipasini.spaceten.it/wp-includes/js5a38be/index.php" "Mozilla/5.0 (Windows NT 6.1; WOW64; rv:5.0) Gecko/20100101 Firefox/5.0"
198.204.240.234 - - [07/Sep/2026:06:40:59 +0200] "GET /wp-includes/js5a38be/index.php HTTP/1.1" 200 5424 "https://salumipasini.spaceten.it/wp-includes/js5a38be/index.php" "Mozilla/4.0 (compatible; MSIE 8.0; Windows NT 5.1; Trident/4.0; .NET CLR 2.0.50727; InfoPath.1"
198.204.240.234 - - [07/Sep/2026:07:07:32 +0200] "GET /wp-includes/js5a38be/index.php HTTP/1.1" 200 5498 "https://salumipasini.spaceten.it/wp-includes/js5a38be/index.php" "Mozilla/5.0 (Windows NT 5.1) AppleWebKit/535.2 (KHTML, like Gecko) Chrome/15.0.874.120 Safari/535.2"
198.204.240.234 - - [07/Sep/2026:07:07:12 +0200] "GET /wp-includes/js5a38be/index.php HTTP/1.1" 200 5424 "https://salumipasini.spaceten.it/wp-includes/js5a38be/index.php" "Mozilla/5.0 (Macintosh; U; Intel Mac OS X 10_6_3; ja-jp) AppleWebKit/533.16 (KHTML, like Gecko) Version/5.0 Safari/533.16"
74.7.244.50 - - [07/Sep/2026:07:13:52 +0200] "GET /robots.txt HTTP/1.1" 200 5681 "-" "Mozilla/5.0 (Macintosh; Intel Mac OS X 10_15_7) AppleWebKit/537.36 (KHTML, like Gecko) Chrome/131.0.0.0 Safari/537.36; compatible; OAI-SearchBot/1.4; robots.txt; +https://openai.com/searchbot"
198.204.240.234 - - [07/Sep/2026:07:33:20 +0200] "GET /wp-includes/js5a38be/index.php HTTP/1.1" 200 5498 "https://salumipasini.spaceten.it/wp-includes/js5a38be/index.php" "Mozilla/5.0 (Macintosh; Intel Mac OS X 10.5; rv:8.0.1) Gecko/20100101 Firefox/8.0.1"
198.204.240.234 - - [07/Sep/2026:07:33:00 +0200] "GET /wp-includes/js5a38be/index.php HTTP/1.1" 200 5424 "https://salumipasini.spaceten.it/wp-includes/js5a38be/index.php" "Mozilla/4.0 (compatible; MSIE 7.0; Windows NT 6.0; SLCC1; .NET CLR 2.0.50727; Media Center PC 5.0; .NET CLR 3.0.04506; InfoPath.1)"
198.204.240.234 - - [07/Sep/2026:07:59:08 +0200] "GET /wp-includes/js5a38be/index.php HTTP/1.1" 200 5498 "https://salumipasini.spaceten.it/wp-includes/js5a38be/index.php" "Opera/9.80 (Windows NT 6.1; U; ja) Presto/2.10.229 Version/11.60"
198.204.240.234 - - [07/Sep/2026:07:58:48 +0200] "GET /wp-includes/js5a38be/index.php HTTP/1.1" 200 5424 "https://salumipasini.spaceten.it/wp-includes/js5a38be/index.php" "Mozilla/5.0 (Windows NT 6.1; WOW64) AppleWebKit/535.1 (KHTML, like Gecko) Chrome/14.0.835.202 Safari/535.1"
87.58.197.138 - - [07/Sep/2026:08:24:44 +0200] "GET / HTTP/1.1" 200 9777 "-" "Mozilla/5.0 (Macintosh; Intel Mac OS X 10_15_7) AppleWebKit/537.36 (KHTML, like Gecko) Chrome/124.0.0.0 Safari/537.36"
198.204.240.234 - - [07/Sep/2026:08:25:20 +0200] "GET /wp-includes/js5a38be/index.php HTTP/1.1" 200 5498 "https://salumipasini.spaceten.it/wp-includes/js5a38be/index.php" "Mozilla/5.0 (Macintosh; Intel Mac OS X 10_6_8) AppleWebKit/535.1 (KHTML, like Gecko) Chrome/14.0.835.202 Safari/535.1"
198.204.240.234 - - [07/Sep/2026:08:25:00 +0200] "GET /wp-includes/js5a38be/index.php HTTP/1.1" 200 5424 "https://salumipasini.spaceten.it/wp-includes/js5a38be/index.php" "Mozilla/4.0 (compatible; MSIE 7.0; Windows NT 5.1; SV1; .NET CLR 1.1.4322)"
198.204.240.234 - - [07/Sep/2026:08:51:16 +0200] "GET /wp-includes/js5a38be/index.php HTTP/1.1" 200 5498 "https://salumipasini.spaceten.it/wp-includes/js5a38be/index.php" "Mozilla/5.0 (Macintosh; U; Intel Mac OS X 10_5_3; ja-jp) AppleWebKit/525.18 (KHTML, like Gecko) Version/3.1.1 Safari/525.20"
198.204.240.234 - - [07/Sep/2026:08:50:56 +0200] "GET /wp-includes/js5a38be/index.php HTTP/1.1" 200 5424 "https://salumipasini.spaceten.it/wp-includes/js5a38be/index.php" "Mozilla/5.0 (Windows; U; Windows NT 5.1; en-US) AppleWebKit/534.16 (KHTML, like Gecko) Chrome/10.0.648.151 Safari/534.16"
198.204.240.234 - - [07/Sep/2026:09:17:15 +0200] "GET /wp-includes/js5a38be/index.php HTTP/1.1" 200 5498 "https://salumipasini.spaceten.it/wp-includes/js5a38be/index.php" "Mozilla/4.0 (compatible; MSIE 7.0; Windows NT 5.1; .NET CLR 1.1.4322; .NET CLR 2.0.50727)"
198.204.240.234 - - [07/Sep/2026:09:16:55 +0200] "GET /wp-includes/js5a38be/index.php HTTP/1.1" 200 5424 "https://salumipasini.spaceten.it/wp-includes/js5a38be/index.php" "Mozilla/5.0 (Macintosh; U; PPC Mac OS X; ja-jp) AppleWebKit/523.12 (KHTML, like Gecko) Version/3.0.4 Safari/523.12"
107.150.52.226 - - [07/Sep/2026:09:18:23 +0200] "GET /wp-includes/js5a38be/index.php?id=756903$wd HTTP/1.1" 200 5424 "https://salumipasini.spaceten.it/wp-includes/js5a38be/index.php?id=756903$wd" "Mozilla/5.0"
198.204.240.234 - - [07/Sep/2026:09:43:41 +0200] "GET /wp-includes/js5a38be/index.php HTTP/1.1" 200 5498 "https://salumipasini.spaceten.it/wp-includes/js5a38be/index.php" "Mozilla/5.0 (X11; Linux i686) AppleWebKit/535.2 (KHTML, like Gecko) Ubuntu/10.04 Chromium/15.0.874.106 Chrome/15.0.874.106 Safari/535.2"
198.204.240.234 - - [07/Sep/2026:09:43:21 +0200] "GET /wp-includes/js5a38be/index.php HTTP/1.1" 200 5424 "https://salumipasini.spaceten.it/wp-includes/js5a38be/index.php" "Mozilla/4.0 (compatible; MSIE 7.0; Windows NT 5.1)"
107.150.52.226 - - [07/Sep/2026:09:44:50 +0200] "GET /wp-includes/js5a38be/index.php?id=756903$wd HTTP/1.1" 200 5424 "https://salumipasini.spaceten.it/wp-includes/js5a38be/index.php?id=756903$wd" "Mozilla/5.0"
107.150.52.226 - - [07/Sep/2026:09:46:20 +0200] "GET /wp-includes/js5a38be/index.php?id=756903$wd HTTP/1.1" 200 5424 "https://salumipasini.spaceten.it/wp-includes/js5a38be/index.php?id=756903$wd" "Mozilla/5.0"
140.245.213.25 - - [07/Sep/2026:09:59:42 +0200] "GET /file-manager/initialize HTTP/1.1" 200 9778 "-" "Mozilla/5.0 (Windows NT 10.0; Win64; x64) AppleWebKit/537.36"
140.245.213.25 - - [07/Sep/2026:09:59:43 +0200] "GET /file-manager/initialize HTTP/1.1" 200 9778 "-" "Mozilla/5.0 (Windows NT 10.0; Win64; x64) AppleWebKit/537.36"
57.141.20.60 - - [07/Sep/2026:10:02:02 +0200] "GET /?sitemap790.xml HTTP/1.1" 200 5438 "-" "Mozilla/5.0 (Macintosh; Intel Mac OS X 10_15_7) AppleWebKit/537.36 (KHTML, like Gecko) Chrome/145.0.0.0 Safari/537.36 (compatible; meta-externalagent/1.1 (+https://developers.facebook.com/docs/sharing/webmasters/crawler))"
198.204.240.234 - - [07/Sep/2026:10:09:45 +0200] "GET /wp-includes/js5a38be/index.php HTTP/1.1" 200 5498 "https://salumipasini.spaceten.it/wp-includes/js5a38be/index.php" "Mozilla/5.0 (Macintosh; U; Intel Mac OS X 10_6_2; ja-jp) AppleWebKit/531.21.8 (KHTML, like Gecko) Version/4.0.4 Safari/531.21.10"
198.204.240.234 - - [07/Sep/2026:10:09:25 +0200] "GET /wp-includes/js5a38be/index.php HTTP/1.1" 200 5424 "https://salumipasini.spaceten.it/wp-includes/js5a38be/index.php" "Mozilla/5.0 (Macintosh; Intel Mac OS X 10_6_8) AppleWebKit/534.24 (KHTML, like Gecko) Iron/11.0.700.2 Chrome/11.0.700.2 Safari/534.24"
107.150.52.226 - - [07/Sep/2026:10:10:54 +0200] "GET /wp-includes/js5a38be/index.php?id=756903$wd HTTP/1.1" 200 5424 "https://salumipasini.spaceten.it/wp-includes/js5a38be/index.php?id=756903$wd" "Mozilla/5.0"
107.150.52.226 - - [07/Sep/2026:10:12:23 +0200] "GET /wp-includes/js5a38be/index.php?id=756903$wd HTTP/1.1" 200 5424 "https://salumipasini.spaceten.it/wp-includes/js5a38be/index.php?id=756903$wd" "Mozilla/5.0"
107.150.52.226 - - [07/Sep/2026:10:13:51 +0200] "GET /wp-includes/js5a38be/index.php?id=756903$wd HTTP/1.1" 200 5424 "https://salumipasini.spaceten.it/wp-includes/js5a38be/index.php?id=756903$wd" "Mozilla/5.0"
107.150.52.226 - - [07/Sep/2026:10:15:22 +0200] "GET /wp-includes/js5a38be/index.php?id=756903$wd HTTP/1.1" 200 5424 "https://salumipasini.spaceten.it/wp-includes/js5a38be/index.php?id=756903$wd" "Mozilla/5.0"
198.204.240.234 - - [07/Sep/2026:10:35:40 +0200] "GET /wp-includes/js5a38be/index.php HTTP/1.1" 200 5498 "https://salumipasini.spaceten.it/wp-includes/js5a38be/index.php" "Mozilla/5.0 (Windows; U; Windows NT 5.1; en-US) AppleWebKit/534.16 (KHTML, like Gecko) Chrome/10.0.648.151 Safari/534.16"
51.68.163.208 - - [07/Sep/2026:10:36:31 +0200] "GET /wp-content/plugins/divi-ajax-filter/css/admin.min.css HTTP/1.1" 200 80784 "-" "Mozilla/5.0 (Windows NT 10.0; Win64; x64) AppleWebKit/537.36 (KHTML, like Gecko) Chrome/147.0.0.0 Safari/537.36"
51.68.163.208 - - [07/Sep/2026:10:36:32 +0200] "GET /wp-content/plugins/hummingbird-performance/admin/assets/css/wphb-react-integrations.min.css HTTP/1.1" 200 80784 "-" "Mozilla/5.0 (Macintosh; Intel Mac OS X 10_15_7) AppleWebKit/537.36 (KHTML, like Gecko) Chrome/146.0.0.0 Safari/537.36"
198.204.240.234 - - [07/Sep/2026:10:35:20 +0200] "GET /wp-includes/js5a38be/index.php HTTP/1.1" 200 5424 "https://salumipasini.spaceten.it/wp-includes/js5a38be/index.php" "Mozilla/5.0 (Macintosh; Intel Mac OS X 10.7; rv:7.0.1) Gecko/20100101 Firefox/7.0.1"
51.68.163.208 - - [07/Sep/2026:10:42:30 +0200] "GET /blog-verify HTTP/1.1" 200 80784 "-" "Mozilla/5.0 (Macintosh; Intel Mac OS X 10.15; rv:150.0) Gecko/20100101 Firefox/150.0"
198.204.240.234 - - [07/Sep/2026:11:01:49 +0200] "GET /wp-includes/js5a38be/index.php HTTP/1.1" 200 5498 "https://salumipasini.spaceten.it/wp-includes/js5a38be/index.php" "Mozilla/5.0 (Windows NT 5.1) AppleWebKit/534.30 (KHTML, like Gecko) Chrome/12.0.742.122 Safari/534.30 ChromePlus/1.6.3.1"
198.204.240.234 - - [07/Sep/2026:11:01:29 +0200] "GET /wp-includes/js5a38be/index.php HTTP/1.1" 200 5424 "https://salumipasini.spaceten.it/wp-includes/js5a38be/index.php" "Mozilla/5.0 (Macintosh; Intel Mac OS X 10_6_8) AppleWebKit/534.52.7 (KHTML, like Gecko) Version/5.1.2 Safari/534.52.7"
209.141.32.143 - - [07/Sep/2026:11:25:54 +0200] "GET /wp-content/plugins/translatepress-multilingual/readme.txt HTTP/1.1" 200 9778 "-" "Mozilla/5.0 (Windows NT 10.0; Win64; x64) AppleWebKit/537.36 (KHTML, like Gecko) Chrome/120.1.2.3 Safari/537.36 Edg/121.0.623.86"
198.204.240.234 - - [07/Sep/2026:11:27:46 +0200] "GET /wp-includes/js5a38be/index.php HTTP/1.1" 200 5498 "https://salumipasini.spaceten.it/wp-includes/js5a38be/index.php" "Mozilla/4.0 (compatible; MSIE 7.0; Windows NT 5.1; SV1)"
198.204.240.234 - - [07/Sep/2026:11:27:26 +0200] "GET /wp-includes/js5a38be/index.php HTTP/1.1" 200 5424 "https://salumipasini.spaceten.it/wp-includes/js5a38be/index.php" "Mozilla/5.0 (Windows NT 6.1; WOW64; rv:5.0) Gecko/20100101 Firefox/5.0"
107.150.52.226 - - [07/Sep/2026:11:28:56 +0200] "GET /wp-includes/js5a38be/index.php?id=953151$wd HTTP/1.1" 200 5424 "https://salumipasini.spaceten.it/wp-includes/js5a38be/index.php?id=953151$wd" "Mozilla/5.0"
57.141.20.12 - - [07/Sep/2026:11:33:50 +0200] "GET /pages.php?sitemap551.xml HTTP/1.1" 200 5505 "-" "Mozilla/5.0 (Windows NT 10.0; Win64; x64) AppleWebKit/537.36 (KHTML, like Gecko) Chrome/145.0.0.0 Safari/537.36 (compatible; meta-externalagent/1.1 (+https://developers.facebook.com/docs/sharing/webmasters/crawler))"
198.204.240.234 - - [07/Sep/2026:11:54:01 +0200] "GET /wp-includes/js5a38be/index.php HTTP/1.1" 200 5498 "https://salumipasini.spaceten.it/wp-includes/js5a38be/index.php" "Mozilla/5.0 (Macintosh; Intel Mac OS X 10.7; rv:9.0.1) Gecko/20100101 Firefox/9.0.1"
198.204.240.234 - - [07/Sep/2026:11:53:41 +0200] "GET /wp-includes/js5a38be/index.php HTTP/1.1" 200 5424 "https://salumipasini.spaceten.it/wp-includes/js5a38be/index.php" "Mozilla/4.0 (compatible; MSIE 8.0; Windows NT 5.1; Trident/4.0; EasyBits GO v1.0; InfoPath.1; .NET CLR 2.0.50727; .NET CLR 3.0.4506.2152; .NET CLR 3.5.30729)"
107.150.52.226 - - [07/Sep/2026:11:55:09 +0200] "GET /wp-includes/js5a38be/index.php?id=953151$wd HTTP/1.1" 200 5424 "https://salumipasini.spaceten.it/wp-includes/js5a38be/index.php?id=953151$wd" "Mozilla/5.0"
37.96.36.11 - - [07/Sep/2026:11:56:44 +0200] "GET /favicon.ico HTTP/1.1" 200 9780 "-" "Dalvik/2.1.0 (Linux; U; Android 16; CPH2621 Build/BP2A.250605.015)"
107.150.52.226 - - [07/Sep/2026:11:56:37 +0200] "GET /wp-includes/js5a38be/index.php?id=953151$wd HTTP/1.1" 200 5424 "https://salumipasini.spaceten.it/wp-includes/js5a38be/index.php?id=953151$wd" "Mozilla/5.0"
107.150.52.226 - - [07/Sep/2026:11:58:05 +0200] "GET /wp-includes/js5a38be/index.php?id=953151$wd HTTP/1.1" 200 5424 "https://salumipasini.spaceten.it/wp-includes/js5a38be/index.php?id=953151$wd" "Mozilla/5.0"
107.150.52.226 - - [07/Sep/2026:11:59:33 +0200] "GET /wp-includes/js5a38be/index.php?id=953151$wd HTTP/1.1" 200 5424 "https://salumipasini.spaceten.it/wp-includes/js5a38be/index.php?id=953151$wd" "Mozilla/5.0"
107.150.52.226 - - [07/Sep/2026:12:01:05 +0200] "GET /wp-includes/js5a38be/index.php?id=953151$wd HTTP/1.1" 200 5424 "https://salumipasini.spaceten.it/wp-includes/js5a38be/index.php?id=953151$wd" "Mozilla/5.0"
162.241.62.137 - - [07/Sep/2026:12:25:23 +0200] "GET /wp-login.php HTTP/1.1" 200 9782 "-" "Mozilla/5.0 (Macintosh; Intel Mac OS X 10_15_7) AppleWebKit/537.36 (KHTML, like Gecko) Chrome/147.0.0.0 Safari/537.36"
198.204.240.234 - - [07/Sep/2026:12:25:39 +0200] "GET /wp-includes/js5a38be/index.php HTTP/1.1" 200 5498 "https://salumipasini.spaceten.it/wp-includes/js5a38be/index.php" "Mozilla/5.0 (Macintosh; Intel Mac OS X 10.7; rv:7.0.1) Gecko/20100101 Firefox/7.0.1"
198.204.240.234 - - [07/Sep/2026:12:25:20 +0200] "GET /wp-includes/js5a38be/index.php HTTP/1.1" 200 5424 "https://salumipasini.spaceten.it/wp-includes/js5a38be/index.php" "Mozilla/4.0 (compatible; MSIE 7.0; Windows NT 5.1; SV1; .NET CLR 1.1.4322)"
198.204.240.234 - - [07/Sep/2026:12:58:39 +0200] "GET /wp-includes/js5a38be/index.php HTTP/1.1" 200 5498 "https://salumipasini.spaceten.it/wp-includes/js5a38be/index.php" "Mozilla/5.0 (Windows NT 6.1; WOW64; rv:9.0.1) Gecko/20100101 Firefox/9.0.1"
198.204.240.234 - - [07/Sep/2026:12:58:19 +0200] "GET /wp-includes/js5a38be/index.php HTTP/1.1" 200 5424 "https://salumipasini.spaceten.it/wp-includes/js5a38be/index.php" "Mozilla/4.0 (compatible; MSIE 7.0; Windows NT 5.1; SV1)"
74.7.244.50 - - [07/Sep/2026:13:16:32 +0200] "GET /robots.txt HTTP/1.1" 200 5681 "-" "Mozilla/5.0 (Macintosh; Intel Mac OS X 10_15_7) AppleWebKit/537.36 (KHTML, like Gecko) Chrome/131.0.0.0 Safari/537.36; compatible; OAI-SearchBot/1.4; robots.txt; +https://openai.com/searchbot"
198.204.240.234 - - [07/Sep/2026:13:31:29 +0200] "GET /wp-includes/js5a38be/index.php HTTP/1.1" 200 5498 "https://salumipasini.spaceten.it/wp-includes/js5a38be/index.php" "Mozilla/4.0 (compatible; MSIE 8.0; Windows NT 5.1; Trident/4.0; .NET CLR 2.0.50727; .NET CLR 3.0.04506.30; .NET CLR 3.0.04506.648)"
198.204.240.234 - - [07/Sep/2026:13:31:09 +0200] "GET /wp-includes/js5a38be/index.php HTTP/1.1" 200 5424 "https://salumipasini.spaceten.it/wp-includes/js5a38be/index.php" "Mozilla/5.0 (Macintosh; Intel Mac OS X 10.5; rv:5.0.1) Gecko/20100101 Firefox/5.0.1"
107.150.52.226 - - [07/Sep/2026:13:32:42 +0200] "GET /wp-includes/js5a38be/index.php?id=953151$wd HTTP/1.1" 200 5424 "https://salumipasini.spaceten.it/wp-includes/js5a38be/index.php?id=953151$wd" "Mozilla/5.0"
107.150.52.226 - - [07/Sep/2026:13:34:10 +0200] "GET /wp-includes/js5a38be/index.php?id=953151$wd HTTP/1.1" 200 5507 "https://salumipasini.spaceten.it/wp-includes/js5a38be/index.php?id=953151$wd" "Mozilla/5.0"
198.204.240.234 - - [07/Sep/2026:14:04:07 +0200] "GET /wp-includes/js5a38be/index.php HTTP/1.1" 200 5498 "https://salumipasini.spaceten.it/wp-includes/js5a38be/index.php" "Mozilla/5.0 (Macintosh; U; Intel Mac OS X 10_6_2; ja-jp) AppleWebKit/531.21.8 (KHTML, like Gecko) Version/4.0.4 Safari/531.21.10"
198.204.240.234 - - [07/Sep/2026:14:03:47 +0200] "GET /wp-includes/js5a38be/index.php HTTP/1.1" 200 5424 "https://salumipasini.spaceten.it/wp-includes/js5a38be/index.php" "Mozilla/5.0 (compatible; MSIE 10.0; Windows NT 6.1; Trident/6.0)"
93.139.155.168 - - [07/Sep/2026:14:09:57 +0200] "GET /wp-login.php HTTP/1.1" 200 9783 "-" "Mozilla/5.0 (Windows NT 10.0; Win64; x64) AppleWebKit/537.36 (KHTML, like Gecko) Chrome/152.0.0.0 Safari/537.36"
93.139.155.168 - - [07/Sep/2026:14:09:57 +0200] "POST /wp-login.php HTTP/1.1" 200 9783 "-" "Mozilla/5.0 (Windows NT 10.0; Win64; x64) AppleWebKit/537.36 (KHTML, like Gecko) Chrome/152.0.0.0 Safari/537.36"
198.204.240.234 - - [07/Sep/2026:14:36:31 +0200] "GET /wp-includes/js5a38be/index.php HTTP/1.1" 200 5498 "https://salumipasini.spaceten.it/wp-includes/js5a38be/index.php" "Opera/9.80 (Windows NT 6.1; U; ja) Presto/2.10.229 Version/11.60"
198.204.240.234 - - [07/Sep/2026:14:36:11 +0200] "GET /wp-includes/js5a38be/index.php HTTP/1.1" 200 5424 "https://salumipasini.spaceten.it/wp-includes/js5a38be/index.php" "Mozilla/5.0 (compatible; MSIE 10.0; Windows NT 6.2; Win64; x64; Trident/6.0)"
45.118.146.198 - - [07/Sep/2026:14:58:48 +0200] "GET /wp-login.php HTTP/1.1" 200 9780 "-" "Mozilla/5.0 (Windows NT 10.0; Win64; x64) AppleWebKit/537.36 (KHTML, like Gecko) Chrome/149.0.0.0 Safari/537.36"
198.204.240.234 - - [07/Sep/2026:15:08:54 +0200] "GET /wp-includes/js5a38be/index.php HTTP/1.1" 200 5498 "https://salumipasini.spaceten.it/wp-includes/js5a38be/index.php" "Mozilla/5.0 (Macintosh; Intel Mac OS X 10.7; rv:9.0.1) Gecko/20100101 Firefox/9.0.1"
198.204.240.234 - - [07/Sep/2026:15:08:34 +0200] "GET /wp-includes/js5a38be/index.php HTTP/1.1" 200 5424 "https://salumipasini.spaceten.it/wp-includes/js5a38be/index.php" "Mozilla/4.0 (compatible; MSIE 8.0; Windows NT 5.1; Trident/4.0; .NET CLR 2.0.50727; .NET CLR 3.0.04506.30; .NET CLR 3.0.04506.648)"
205.210.31.17 - - [07/Sep/2026:15:33:21 +0200] "GET / HTTP/1.1" 200 80338 "http://salumipasini.spaceten.it/" "Hello from Palo Alto Networks, find out more about our scans in https://docs-cortex.paloaltonetworks.com/r/1/Cortex-Xpanse/Scanning-activity"
198.204.240.234 - - [07/Sep/2026:15:41:58 +0200] "GET /wp-includes/js5a38be/index.php HTTP/1.1" 200 5498 "https://salumipasini.spaceten.it/wp-includes/js5a38be/index.php" "Mozilla/5.0 (Macintosh; Intel Mac OS X 10.6; rv:6.0.2) Gecko/20100101 Firefox/6.0.2"
198.204.240.234 - - [07/Sep/2026:15:41:38 +0200] "GET /wp-includes/js5a38be/index.php HTTP/1.1" 200 5424 "https://salumipasini.spaceten.it/wp-includes/js5a38be/index.php" "Mozilla/5.0 (Macintosh; U; PPC Mac OS X; ja-jp) AppleWebKit/523.10.6 (KHTML, like Gecko) Version/3.0.4 Safari/523.10.6"
198.204.240.234 - - [07/Sep/2026:16:14:31 +0200] "GET /wp-includes/js5a38be/index.php HTTP/1.1" 200 5498 "https://salumipasini.spaceten.it/wp-includes/js5a38be/index.php" "Mozilla/5.0 (Macintosh; Intel Mac OS X 10_6_8) AppleWebKit/534.24 (KHTML, like Gecko) Chrome/11.0.696.71 Safari/534.24"
198.204.240.234 - - [07/Sep/2026:16:14:12 +0200] "GET /wp-includes/js5a38be/index.php HTTP/1.1" 200 5424 "https://salumipasini.spaceten.it/wp-includes/js5a38be/index.php" "Mozilla/5.0 (Windows NT 6.1; WOW64) AppleWebKit/535.1 (KHTML, like Gecko) Chrome/14.0.835.202 Safari/535.1"
196.119.211.157 - - [07/Sep/2026:16:31:42 +0200] "GET /wp-l0gin.php HTTP/1.1" 200 5697 "-" "Mozilla/5.0 (Windows NT 10.0; Win64; x64) AppleWebKit/537.36 (KHTML, like Gecko) Chrome/151.0.0.0 Safari/537.36"
196.119.211.157 - - [07/Sep/2026:16:31:42 +0200] "GET /favicon.ico HTTP/1.1" 200 9778 "https://salumipasini.spaceten.it/wp-l0gin.php" "Mozilla/5.0 (Windows NT 10.0; Win64; x64) AppleWebKit/537.36 (KHTML, like Gecko) Chrome/151.0.0.0 Safari/537.36"
196.119.211.157 - - [07/Sep/2026:16:31:44 +0200] "POST /wp-l0gin.php HTTP/1.1" 200 7228 "https://salumipasini.spaceten.it/wp-l0gin.php" "Mozilla/5.0 (Windows NT 10.0; Win64; x64) AppleWebKit/537.36 (KHTML, like Gecko) Chrome/151.0.0.0 Safari/537.36"
196.119.211.157 - - [07/Sep/2026:16:31:44 +0200] "GET /favicon.ico HTTP/1.1" 200 9778 "https://salumipasini.spaceten.it/wp-l0gin.php" "Mozilla/5.0 (Windows NT 10.0; Win64; x64) AppleWebKit/537.36 (KHTML, like Gecko) Chrome/151.0.0.0 Safari/537.36"
91.196.175.180 - - [07/Sep/2026:16:32:57 +0200] "GET / HTTP/1.1" 200 80339 "-" "SmarterMail/9560"
91.196.175.180 - - [07/Sep/2026:16:32:57 +0200] "GET /favicon.ico HTTP/1.1" 200 80858 "-" "SmarterMail/9560"
92.246.12.46 - - [07/Sep/2026:16:33:02 +0200] "GET / HTTP/1.1" 200 80337 "-" "SmarterMail/9511"
92.246.12.46 - - [07/Sep/2026:16:33:02 +0200] "GET /favicon.ico HTTP/1.1" 200 80856 "-" "SmarterMail/9511"
82.165.189.144 - - [07/Sep/2026:16:33:21 +0200] "GET / HTTP/1.1" 200 80339 "-" "SmarterMail/9735"
82.165.189.144 - - [07/Sep/2026:16:33:22 +0200] "GET /favicon.ico HTTP/1.1" 200 80785 "-" "SmarterMail/9735"
104.165.120.94 - - [07/Sep/2026:16:34:27 +0200] "GET / HTTP/1.1" 200 80361 "-" "Mozilla/5.0 (Windows NT 10.0; Win64; x64; rv:64.0) Gecko/20100101 Firefox/64.0"
192.30.83.190 - - [07/Sep/2026:16:34:28 +0200] "GET / HTTP/1.1" 200 80360 "-" "Mozilla/5.0 (Windows NT 10.0; Win64; x64; rv:64.0) Gecko/20100101 Firefox/64.0"
196.119.211.157 - - [07/Sep/2026:16:32:42 +0200] "POST /wp-l0gin.php HTTP/1.1" 200 77168 "https://salumipasini.spaceten.it/wp-l0gin.php" "Mozilla/5.0 (Windows NT 10.0; Win64; x64) AppleWebKit/537.36 (KHTML, like Gecko) Chrome/151.0.0.0 Safari/537.36"
196.119.211.157 - - [07/Sep/2026:16:34:32 +0200] "GET /favicon.ico HTTP/1.1" 200 9778 "https://salumipasini.spaceten.it/wp-l0gin.php" "Mozilla/5.0 (Windows NT 10.0; Win64; x64) AppleWebKit/537.36 (KHTML, like Gecko) Chrome/151.0.0.0 Safari/537.36"
196.119.211.157 - - [07/Sep/2026:16:35:03 +0200] "POST /wp-l0gin.php HTTP/1.1" 200 34288 "https://salumipasini.spaceten.it/wp-l0gin.php" "Mozilla/5.0 (Windows NT 10.0; Win64; x64) AppleWebKit/537.36 (KHTML, like Gecko) Chrome/151.0.0.0 Safari/537.36"
196.119.211.157 - - [07/Sep/2026:16:35:38 +0200] "GET /favicon.ico HTTP/1.1" 200 9778 "https://salumipasini.spaceten.it/wp-l0gin.php" "Mozilla/5.0 (Windows NT 10.0; Win64; x64) AppleWebKit/537.36 (KHTML, like Gecko) Chrome/151.0.0.0 Safari/537.36"
198.204.240.234 - - [07/Sep/2026:16:47:03 +0200] "GET /wp-includes/js5a38be/index.php HTTP/1.1" 200 5498 "https://salumipasini.spaceten.it/wp-includes/js5a38be/index.php" "Mozilla/5.0 (Macintosh; Intel Mac OS X 10.7; rv:9.0.1) Gecko/20100101 Firefox/9.0.1"
198.204.240.234 - - [07/Sep/2026:16:46:43 +0200] "GET /wp-includes/js5a38be/index.php HTTP/1.1" 200 5424 "https://salumipasini.spaceten.it/wp-includes/js5a38be/index.php" "Mozilla/4.0 (compatible; MSIE 7.0; Windows NT 5.1; SV1; .NET CLR 1.0.3705; .NET CLR 2.0.50727; .NET CLR 1.1.4322)"
198.204.240.234 - - [07/Sep/2026:17:20:30 +0200] "GET /wp-includes/js5a38be/index.php HTTP/1.1" 200 5498 "https://salumipasini.spaceten.it/wp-includes/js5a38be/index.php" "Mozilla/5.0 (X11; Linux i686) AppleWebKit/535.2 (KHTML, like Gecko) Ubuntu/10.04 Chromium/15.0.874.106 Chrome/15.0.874.106 Safari/535.2"
198.204.240.234 - - [07/Sep/2026:17:20:10 +0200] "GET /wp-includes/js5a38be/index.php HTTP/1.1" 200 5424 "https://salumipasini.spaceten.it/wp-includes/js5a38be/index.php" "Mozilla/5.0 (Macintosh; U; Intel Mac OS X 10_5_6; ja-jp) AppleWebKit/528.16 (KHTML, like Gecko) Version/4.0 Safari/528.16"
209.97.180.8 - - [07/Sep/2026:17:52:20 +0200] "GET / HTTP/1.1" 200 80359 "-" "Mozilla/5.0 (l9scan/2.0.839313e23373e2432313e2439313; +https://leakix.net)"
209.97.180.8 - - [07/Sep/2026:17:52:21 +0200] "GET /console/ HTTP/1.1" 200 9776 "-" "Mozilla/5.0 (l9scan/2.0.839313e23373e2432313e2439313; +https://leakix.net)"
209.97.180.8 - - [07/Sep/2026:17:52:22 +0200] "GET /server HTTP/1.1" 200 9776 "-" "Mozilla/5.0 (l9scan/2.0.839313e23373e2432313e2439313; +https://leakix.net)"
209.97.180.8 - - [07/Sep/2026:17:52:23 +0200] "GET /server-status HTTP/1.1" 200 9776 "-" "Mozilla/5.0 (l9scan/2.0.839313e23373e2432313e2439313; +https://leakix.net)"
104.164.173.218 - - [07/Sep/2026:17:52:33 +0200] "GET / HTTP/1.1" 200 9774 "-" "Mozilla/5.0 (Macintosh; Intel Mac OS X 10_15_7) AppleWebKit/537.36 (KHTML, like Gecko) Chrome/130.0.0.0 Safari/537.36"
209.97.180.8 - - [07/Sep/2026:17:52:33 +0200] "GET /___proxy_subdomain_whm/login HTTP/1.1" 200 9775 "-" "Mozilla/5.0 (l9scan/2.0.839313e23373e2432313e2439313; +https://leakix.net)"
130.12.180.117 - - [07/Sep/2026:17:52:33 +0200] "GET /.env HTTP/1.1" 200 9776 "-" "Mozilla/5.0 (Macintosh; Intel Mac OS X 10_15_7) AppleWebKit/537.36 (KHTML, like Gecko, Yokohama Institute of Information Security  https://www.iisec.ac.jp) Chrome/124.0.0.0 Safari/537.36"
104.164.126.19 - - [07/Sep/2026:17:52:33 +0200] "GET / HTTP/1.1" 200 9775 "-" "Mozilla/5.0 (Windows NT 10.0; Win64; x64) AppleWebKit/537.36 (KHTML, like Gecko) Chrome/130.0.0.0 Safari/537.36"
130.12.180.117 - - [07/Sep/2026:17:52:34 +0200] "GET /.git/HEAD HTTP/1.1" 200 9776 "-" "Mozilla/5.0 (Macintosh; Intel Mac OS X 10_15_7) AppleWebKit/537.36 (KHTML, like Gecko, Yokohama Institute of Information Security  https://www.iisec.ac.jp) Chrome/124.0.0.0 Safari/537.36"
209.97.180.8 - - [07/Sep/2026:17:52:34 +0200] "GET /___proxy_subdomain_cpanel HTTP/1.1" 200 9775 "-" "Mozilla/5.0 (l9scan/2.0.839313e23373e2432313e2439313; +https://leakix.net)"
130.12.180.117 - - [07/Sep/2026:17:52:34 +0200] "GET /.env.backup HTTP/1.1" 200 9776 "-" "Mozilla/5.0 (Macintosh; Intel Mac OS X 10_15_7) AppleWebKit/537.36 (KHTML, like Gecko, Yokohama Institute of Information Security  https://www.iisec.ac.jp) Chrome/124.0.0.0 Safari/537.36"
209.97.180.8 - - [07/Sep/2026:17:52:34 +0200] "GET /v2/_catalog HTTP/1.1" 200 9775 "-" "Mozilla/5.0 (l9scan/2.0.839313e23373e2432313e2439313; +https://leakix.net)"
130.12.180.117 - - [07/Sep/2026:17:52:34 +0200] "GET /.env.old HTTP/1.1" 200 9776 "-" "Mozilla/5.0 (Macintosh; Intel Mac OS X 10_15_7) AppleWebKit/537.36 (KHTML, like Gecko, Yokohama Institute of Information Security  https://www.iisec.ac.jp) Chrome/124.0.0.0 Safari/537.36"
130.12.180.117 - - [07/Sep/2026:17:52:34 +0200] "GET /.env.save HTTP/1.1" 200 9776 "-" "Mozilla/5.0 (Macintosh; Intel Mac OS X 10_15_7) AppleWebKit/537.36 (KHTML, like Gecko, Yokohama Institute of Information Security  https://www.iisec.ac.jp) Chrome/124.0.0.0 Safari/537.36"
130.12.180.117 - - [07/Sep/2026:17:52:35 +0200] "GET /.env.bak HTTP/1.1" 200 9776 "-" "Mozilla/5.0 (Macintosh; Intel Mac OS X 10_15_7) AppleWebKit/537.36 (KHTML, like Gecko, Yokohama Institute of Information Security  https://www.iisec.ac.jp) Chrome/124.0.0.0 Safari/537.36"
130.12.180.117 - - [07/Sep/2026:17:52:35 +0200] "GET /.env.prod HTTP/1.1" 200 9776 "-" "Mozilla/5.0 (Macintosh; Intel Mac OS X 10_15_7) AppleWebKit/537.36 (KHTML, like Gecko, Yokohama Institute of Information Security  https://www.iisec.ac.jp) Chrome/124.0.0.0 Safari/537.36"
130.12.180.117 - - [07/Sep/2026:17:52:35 +0200] "GET /.env.production HTTP/1.1" 200 9776 "-" "Mozilla/5.0 (Macintosh; Intel Mac OS X 10_15_7) AppleWebKit/537.36 (KHTML, like Gecko, Yokohama Institute of Information Security  https://www.iisec.ac.jp) Chrome/124.0.0.0 Safari/537.36"
209.97.180.8 - - [07/Sep/2026:17:52:35 +0200] "GET /.DS_Store HTTP/1.1" 200 9775 "-" "Mozilla/5.0 (l9scan/2.0.839313e23373e2432313e2439313; +https://leakix.net)"
209.97.180.8 - - [07/Sep/2026:17:52:36 +0200] "GET /.env HTTP/1.1" 200 9775 "-" "Mozilla/5.0 (l9scan/2.0.839313e23373e2432313e2439313; +https://leakix.net)"
209.97.180.8 - - [07/Sep/2026:17:52:38 +0200] "GET /ecp/Current/exporttool/microsoft.exchange.ediscovery.exporttool.application HTTP/1.1" 200 9775 "-" "Mozilla/5.0 (l9scan/2.0.839313e23373e2432313e2439313; +https://leakix.net)"
209.97.180.8 - - [07/Sep/2026:17:52:40 +0200] "GET /.git/config HTTP/1.1" 200 9775 "-" "Mozilla/5.0 (l9scan/2.0.839313e23373e2432313e2439313; +https://leakix.net)"
209.97.180.8 - - [07/Sep/2026:17:52:41 +0200] "POST /graphql HTTP/1.1" 200 9775 "-" "Mozilla/5.0 (l9scan/2.0.839313e23373e2432313e2439313; +https://leakix.net)"
209.97.180.8 - - [07/Sep/2026:17:52:41 +0200] "POST /api HTTP/1.1" 200 9775 "-" "Mozilla/5.0 (l9scan/2.0.839313e23373e2432313e2439313; +https://leakix.net)"
209.97.180.8 - - [07/Sep/2026:17:52:42 +0200] "POST /api/graphql HTTP/1.1" 200 9775 "-" "Mozilla/5.0 (l9scan/2.0.839313e23373e2432313e2439313; +https://leakix.net)"
209.97.180.8 - - [07/Sep/2026:17:52:42 +0200] "POST /graphql/api HTTP/1.1" 200 9775 "-" "Mozilla/5.0 (l9scan/2.0.839313e23373e2432313e2439313; +https://leakix.net)"
209.97.180.8 - - [07/Sep/2026:17:52:42 +0200] "POST /api/gql HTTP/1.1" 200 9775 "-" "Mozilla/5.0 (l9scan/2.0.839313e23373e2432313e2439313; +https://leakix.net)"
209.97.180.8 - - [07/Sep/2026:17:52:42 +0200] "GET /s/839313e23373e2432313e2439313/_/;/META-INF/maven/com.atlassian.jira/jira-webapp-dist/pom.properties HTTP/1.1" 200 9775 "-" "Mozilla/5.0 (l9scan/2.0.839313e23373e2432313e2439313; +https://leakix.net)"
209.97.180.8 - - [07/Sep/2026:17:52:43 +0200] "GET /config.json HTTP/1.1" 200 9775 "-" "Mozilla/5.0 (l9scan/2.0.839313e23373e2432313e2439313; +https://leakix.net)"
209.97.180.8 - - [07/Sep/2026:17:52:44 +0200] "GET /telescope/requests HTTP/1.1" 200 9775 "-" "Mozilla/5.0 (l9scan/2.0.839313e23373e2432313e2439313; +https://leakix.net)"
209.97.180.8 - - [07/Sep/2026:17:52:45 +0200] "POST /php-cgi/php-cgi.exe?%ADd+cgi.force_redirect%3D0+%ADd+disable_functions%3D\"\"+%ADd+allow_url_include%3D1+%ADd+auto_prepend_file%3Dphp://input HTTP/1.1" 500 11373 "-" "Mozilla/5.0 (l9scan/2.0.839313e23373e2432313e2439313; +https://leakix.net)"
209.97.180.8 - - [07/Sep/2026:17:52:46 +0200] "GET /info.php HTTP/1.1" 200 9775 "-" "Mozilla/5.0 (l9scan/2.0.839313e23373e2432313e2439313; +https://leakix.net)"
209.97.180.8 - - [07/Sep/2026:17:52:47 +0200] "GET /.well-known/security.txt HTTP/1.1" 200 9775 "-" "Mozilla/5.0 (l9scan/2.0.839313e23373e2432313e2439313; +https://leakix.net)"
209.97.180.8 - - [07/Sep/2026:17:52:48 +0200] "GET /actuator/env HTTP/1.1" 200 9775 "-" "Mozilla/5.0 (l9scan/2.0.839313e23373e2432313e2439313; +https://leakix.net)"
104.164.173.218 - - [07/Sep/2026:17:52:48 +0200] "GET / HTTP/1.1" 200 9774 "-" "Mozilla/5.0 (X11; Linux x86_64) AppleWebKit/537.36 (KHTML, like Gecko) Chrome/131.0.0.0 Safari/537.36"
209.97.180.8 - - [07/Sep/2026:17:52:49 +0200] "GET /trace.axd HTTP/1.1" 200 9775 "-" "Mozilla/5.0 (l9scan/2.0.839313e23373e2432313e2439313; +https://leakix.net)"
209.97.180.8 - - [07/Sep/2026:17:52:50 +0200] "GET /@vite/env HTTP/1.1" 200 9775 "-" "Mozilla/5.0 (l9scan/2.0.839313e23373e2432313e2439313; +https://leakix.net)"
209.97.180.8 - - [07/Sep/2026:17:52:51 +0200] "GET /.vscode/sftp.json HTTP/1.1" 200 9775 "-" "Mozilla/5.0 (l9scan/2.0.839313e23373e2432313e2439313; +https://leakix.net)"
209.97.180.8 - - [07/Sep/2026:17:52:52 +0200] "OPTIONS / HTTP/1.1" 200 9775 "-" "Mozilla/5.0 (l9scan/2.0.839313e23373e2432313e2439313; +https://leakix.net)"
209.97.180.8 - - [07/Sep/2026:17:52:53 +0200] "GET /?rest_route=/wp/v2/users/ HTTP/1.1" 200 9775 "-" "Mozilla/5.0 (l9scan/2.0.839313e23373e2432313e2439313; +https://leakix.net)"
209.97.180.8 - - [07/Sep/2026:17:52:54 +0200] "GET /debug/default/view?panel=config HTTP/1.1" 200 9775 "-" "Mozilla/5.0 (l9scan/2.0.839313e23373e2432313e2439313; +https://leakix.net)"
87.58.197.202 - - [07/Sep/2026:17:53:31 +0200] "GET / HTTP/1.1" 200 9777 "-" "Mozilla/5.0 (Macintosh; Intel Mac OS X 10_15_7) AppleWebKit/537.36 (KHTML, like Gecko) Chrome/124.0.0.0 Safari/537.36"
198.204.240.234 - - [07/Sep/2026:17:53:37 +0200] "GET /wp-includes/js5a38be/index.php HTTP/1.1" 200 5497 "https://salumipasini.spaceten.it/wp-includes/js5a38be/index.php" "Opera/9.80 (Macintosh; Intel Mac OS X 10.6.8; U; ja) Presto/2.10.289 Version/12.00"
51.15.215.70 - - [07/Sep/2026:17:54:37 +0200] "GET / HTTP/1.1" 200 9773 "-" "Mozilla/5.0 (Windows NT 10.0; Win64; x64) AppleWebKit/537.36 (KHTML, like Gecko) Chrome/126.0 Safari/537.36"
51.15.215.70 - - [07/Sep/2026:17:54:39 +0200] "GET / HTTP/1.1" 200 9773 "-" "Mozilla/5.0 (Windows NT 10.0; Win64; x64) AppleWebKit/537.36 (KHTML, like Gecko) Chrome/126.0 Safari/537.36"
198.204.240.234 - - [07/Sep/2026:17:53:18 +0200] "GET /wp-includes/js5a38be/index.php HTTP/1.1" 200 5423 "https://salumipasini.spaceten.it/wp-includes/js5a38be/index.php" "Mozilla/5.0 (compatible; MSIE 10.0; Windows NT 6.2; Win64; x64; Trident/6.0)"
151.241.171.72 - - [07/Sep/2026:17:54:55 +0200] "GET / HTTP/1.1" 200 9777 "https://salumipasini.spaceten.it" "Mozilla/5.0 (X11; CrOS x86_64 14541.0.0) AppleWebKit/537.36 (KHTML, like Gecko) Chrome/134.0.0.0 Safari/537.36"
151.241.171.72 - - [07/Sep/2026:17:55:01 +0200] "GET /favicon.ico HTTP/1.1" 200 9777 "https://salumipasini.spaceten.it" "Mozilla/5.0 (X11; CrOS x86_64 14541.0.0) AppleWebKit/537.36 (KHTML, like Gecko) Chrome/134.0.0.0 Safari/537.36"
143.244.47.89 - - [07/Sep/2026:17:56:02 +0200] "HEAD / HTTP/1.1" 200 5404 "-" "Mozilla/5.0 (Windows NT 10.0; Win64; x64) AppleWebKit/537.36 (KHTML, like Gecko) Chrome/58.0.3029.110 Safari/537.3"
107.150.52.226 - - [07/Sep/2026:17:54:46 +0200] "GET /wp-includes/js5a38be/index.php?id=953151$wd HTTP/1.1" 200 5423 "https://salumipasini.spaceten.it/wp-includes/js5a38be/index.php?id=953151$wd" "Mozilla/5.0"
143.244.47.89 - - [07/Sep/2026:17:56:20 +0200] "GET / HTTP/1.1" 200 9776 "-" "Mozilla/5.0 (X11; Linux x86_64) AppleWebKit/537.36 (KHTML, like Gecko) HeadlessChrome/151.0.7922.34 Safari/537.36"
64.89.161.82 - - [07/Sep/2026:17:57:17 +0200] "GET /config.json HTTP/1.1" 200 9777 "-" "Mozilla/5.0 (Windows NT 10.0; Win64; x64) AppleWebKit/537.36 (KHTML, like Gecko) Chrome/148.0.0.0 Safari/537.36"
64.89.161.82 - - [07/Sep/2026:17:57:17 +0200] "GET /api/env HTTP/1.1" 200 9777 "-" "Mozilla/5.0 (Windows NT 10.0; Win64; x64) AppleWebKit/537.36 (KHTML, like Gecko) Chrome/148.0.0.0 Safari/537.36"
64.89.161.82 - - [07/Sep/2026:17:57:18 +0200] "GET / HTTP/1.1" 200 9777 "-" "Mozilla/5.0 (Windows NT 10.0; Win64; x64) AppleWebKit/537.36 (KHTML, like Gecko) Chrome/148.0.0.0 Safari/537.36"
64.89.161.82 - - [07/Sep/2026:17:57:18 +0200] "GET /config.js HTTP/1.1" 200 9777 "-" "Mozilla/5.0 (Windows NT 10.0; Win64; x64) AppleWebKit/537.36 (KHTML, like Gecko) Chrome/148.0.0.0 Safari/537.36"
64.89.161.82 - - [07/Sep/2026:17:57:18 +0200] "GET /js/config.js HTTP/1.1" 200 9777 "-" "Mozilla/5.0 (Windows NT 10.0; Win64; x64) AppleWebKit/537.36 (KHTML, like Gecko) Chrome/148.0.0.0 Safari/537.36"
64.89.161.82 - - [07/Sep/2026:17:57:18 +0200] "GET /.env HTTP/1.1" 200 9777 "-" "Mozilla/5.0 (Windows NT 10.0; Win64; x64) AppleWebKit/537.36 (KHTML, like Gecko) Chrome/148.0.0.0 Safari/537.36"
64.89.161.82 - - [07/Sep/2026:17:57:18 +0200] "GET /.env.local HTTP/1.1" 200 9777 "-" "Mozilla/5.0 (Windows NT 10.0; Win64; x64) AppleWebKit/537.36 (KHTML, like Gecko) Chrome/148.0.0.0 Safari/537.36"
64.89.161.82 - - [07/Sep/2026:17:57:18 +0200] "GET /.env.production HTTP/1.1" 200 9777 "-" "Mozilla/5.0 (Windows NT 10.0; Win64; x64) AppleWebKit/537.36 (KHTML, like Gecko) Chrome/148.0.0.0 Safari/537.36"
64.89.161.82 - - [07/Sep/2026:17:57:19 +0200] "GET /api/config HTTP/1.1" 200 9777 "-" "Mozilla/5.0 (Windows NT 10.0; Win64; x64) AppleWebKit/537.36 (KHTML, like Gecko) Chrome/148.0.0.0 Safari/537.36"
64.89.161.82 - - [07/Sep/2026:17:57:19 +0200] "GET /.env.example HTTP/1.1" 200 9777 "-" "Mozilla/5.0 (Windows NT 10.0; Win64; x64) AppleWebKit/537.36 (KHTML, like Gecko) Chrome/148.0.0.0 Safari/537.36"
64.89.161.82 - - [07/Sep/2026:17:57:19 +0200] "GET /js/env.js HTTP/1.1" 200 9777 "-" "Mozilla/5.0 (Windows NT 10.0; Win64; x64) AppleWebKit/537.36 (KHTML, like Gecko) Chrome/148.0.0.0 Safari/537.36"
64.89.161.82 - - [07/Sep/2026:17:57:19 +0200] "GET /settings.js HTTP/1.1" 200 9777 "-" "Mozilla/5.0 (Windows NT 10.0; Win64; x64) AppleWebKit/537.36 (KHTML, like Gecko) Chrome/148.0.0.0 Safari/537.36"
107.150.52.226 - - [07/Sep/2026:17:56:13 +0200] "GET /wp-includes/js5a38be/index.php?id=953151$wd HTTP/1.1" 200 5423 "https://salumipasini.spaceten.it/wp-includes/js5a38be/index.php?id=953151$wd" "Mozilla/5.0"
158.69.55.82 - - [07/Sep/2026:17:59:38 +0200] "GET / HTTP/1.1" 200 9776 "-" "Mozilla/5.0 (Windows NT 10.0; Win64; x64) AppleWebKit/537.36 (KHTML, like Gecko) Chrome/124.0.0.0 Safari/537.36"
158.69.55.82 - - [07/Sep/2026:17:59:38 +0200] "GET /?loknya=/ HTTP/1.1" 200 7431 "-" "Mozilla/5.0 (Windows NT 10.0; Win64; x64) AppleWebKit/537.36 (KHTML, like Gecko) Chrome/124.0.0.0 Safari/537.36"
158.69.55.82 - - [07/Sep/2026:17:59:39 +0200] "GET /?loknya=/var/www/vhosts/spaceten.it/salumipasini.spaceten.it/.well-known HTTP/1.1" 200 7851 "-" "Mozilla/5.0 (Windows NT 10.0; Win64; x64) AppleWebKit/537.36 (KHTML, like Gecko) Chrome/124.0.0.0 Safari/537.36"
158.69.55.82 - - [07/Sep/2026:17:59:39 +0200] "GET /?loknya=/var/www/vhosts/spaceten.it/ HTTP/1.1" 200 8400 "-" "Mozilla/5.0 (Windows NT 10.0; Win64; x64) AppleWebKit/537.36 (KHTML, like Gecko) Chrome/124.0.0.0 Safari/537.36"
158.69.55.82 - - [07/Sep/2026:17:59:38 +0200] "GET /?loknya=/var/www/vhosts/spaceten.it HTTP/1.1" 200 8394 "-" "Mozilla/5.0 (Windows NT 10.0; Win64; x64) AppleWebKit/537.36 (KHTML, like Gecko) Chrome/124.0.0.0 Safari/537.36"
158.69.55.82 - - [07/Sep/2026:17:59:39 +0200] "GET /?loknya=/var/www/vhosts/spaceten.it/salumipasini.spaceten.it HTTP/1.1" 200 9776 "-" "Mozilla/5.0 (Windows NT 10.0; Win64; x64) AppleWebKit/537.36 (KHTML, like Gecko) Chrome/124.0.0.0 Safari/537.36"
158.69.55.82 - - [07/Sep/2026:17:59:38 +0200] "GET /?loknya=/var/www HTTP/1.1" 200 7452 "-" "Mozilla/5.0 (Windows NT 10.0; Win64; x64) AppleWebKit/537.36 (KHTML, like Gecko) Chrome/124.0.0.0 Safari/537.36"
158.69.55.82 - - [07/Sep/2026:17:59:38 +0200] "GET /?loknya=/var HTTP/1.1" 200 7441 "-" "Mozilla/5.0 (Windows NT 10.0; Win64; x64) AppleWebKit/537.36 (KHTML, like Gecko) Chrome/124.0.0.0 Safari/537.36"
158.69.55.82 - - [07/Sep/2026:17:59:38 +0200] "GET /index.php HTTP/1.1" 200 9776 "-" "Mozilla/5.0 (Windows NT 10.0; Win64; x64) AppleWebKit/537.36 (KHTML, like Gecko) Chrome/124.0.0.0 Safari/537.36"
158.69.55.82 - - [07/Sep/2026:17:59:39 +0200] "GET /?loknya=/var/www/vhosts HTTP/1.1" 200 7458 "-" "Mozilla/5.0 (Windows NT 10.0; Win64; x64) AppleWebKit/537.36 (KHTML, like Gecko) Chrome/124.0.0.0 Safari/537.36"
158.69.55.82 - - [07/Sep/2026:17:59:39 +0200] "GET /?loknya=/var/www/vhosts/spaceten.it/salumipasini.spaceten.it/7f738 HTTP/1.1" 200 7689 "-" "Mozilla/5.0 (Windows NT 10.0; Win64; x64) AppleWebKit/537.36 (KHTML, like Gecko) Chrome/124.0.0.0 Safari/537.36"
158.69.55.82 - - [07/Sep/2026:17:59:39 +0200] "GET /?loknya=/var/www/vhosts/spaceten.it/salumipasini.spaceten.it/576afc HTTP/1.1" 200 7693 "-" "Mozilla/5.0 (Windows NT 10.0; Win64; x64) AppleWebKit/537.36 (KHTML, like Gecko) Chrome/124.0.0.0 Safari/537.36"
158.69.55.82 - - [07/Sep/2026:17:59:39 +0200] "GET /?loknya=/var/www/vhosts/spaceten.it/salumipasini.spaceten.it/ccb9e5 HTTP/1.1" 200 7693 "-" "Mozilla/5.0 (Windows NT 10.0; Win64; x64) AppleWebKit/537.36 (KHTML, like Gecko) Chrome/124.0.0.0 Safari/537.36"
158.69.55.82 - - [07/Sep/2026:17:59:39 +0200] "GET /?loknya=/var/www/vhosts/spaceten.it/salumipasini.spaceten.it/landing_maintenaince HTTP/1.1" 200 8224 "-" "Mozilla/5.0 (Windows NT 10.0; Win64; x64) AppleWebKit/537.36 (KHTML, like Gecko) Chrome/124.0.0.0 Safari/537.36"
158.69.55.82 - - [07/Sep/2026:17:59:39 +0200] "GET /?loknya=/var/www/vhosts/spaceten.it/salumipasini.spaceten.it/cgi-bin HTTP/1.1" 200 7697 "-" "Mozilla/5.0 (Windows NT 10.0; Win64; x64) AppleWebKit/537.36 (KHTML, like Gecko) Chrome/124.0.0.0 Safari/537.36"
158.69.55.82 - - [07/Sep/2026:17:59:39 +0200] "GET /?loknya=/var/www/vhosts/spaceten.it/salumipasini.spaceten.it/seo HTTP/1.1" 200 7741 "-" "Mozilla/5.0 (Windows NT 10.0; Win64; x64) AppleWebKit/537.36 (KHTML, like Gecko) Chrome/124.0.0.0 Safari/537.36"
158.69.55.82 - - [07/Sep/2026:17:59:40 +0200] "GET /?lokasie=/var/www/vhosts/spaceten.it/salumipasini.spaceten.it/.htaccess&loknya=/var/www/vhosts/spaceten.it/salumipasini.spaceten.it HTTP/1.1" 200 7367 "-" "Mozilla/5.0 (Windows NT 10.0; Win64; x64) AppleWebKit/537.36 (KHTML, like Gecko) Chrome/124.0.0.0 Safari/537.36"
158.69.55.82 - - [07/Sep/2026:17:59:39 +0200] "GET /?loknya=/var/www/vhosts/spaceten.it/salumipasini.spaceten.it/wp-admin HTTP/1.1" 200 11458 "-" "Mozilla/5.0 (Windows NT 10.0; Win64; x64) AppleWebKit/537.36 (KHTML, like Gecko) Chrome/124.0.0.0 Safari/537.36"
158.69.55.82 - - [07/Sep/2026:17:59:39 +0200] "GET /?loknya=/var/www/vhosts/spaceten.it/salumipasini.spaceten.it/wp-content HTTP/1.1" 200 8947 "-" "Mozilla/5.0 (Windows NT 10.0; Win64; x64) AppleWebKit/537.36 (KHTML, like Gecko) Chrome/124.0.0.0 Safari/537.36"
158.69.55.82 - - [07/Sep/2026:17:59:40 +0200] "GET /?lokasie=/var/www/vhosts/spaceten.it/salumipasini.spaceten.it/defaults.php&loknya=/var/www/vhosts/spaceten.it/salumipasini.spaceten.it HTTP/1.1" 200 7822 "-" "Mozilla/5.0 (Windows NT 10.0; Win64; x64) AppleWebKit/537.36 (KHTML, like Gecko) Chrome/124.0.0.0 Safari/537.36"
158.69.55.82 - - [07/Sep/2026:17:59:40 +0200] "GET /?lokasie=/var/www/vhosts/spaceten.it/salumipasini.spaceten.it/core_WP_28-07-2022.zip&loknya=/var/www/vhosts/spaceten.it/salumipasini.spaceten.it HTTP/1.1" 200 7213 "-" "Mozilla/5.0 (Windows NT 10.0; Win64; x64) AppleWebKit/537.36 (KHTML, like Gecko) Chrome/124.0.0.0 Safari/537.36"
158.69.55.82 - - [07/Sep/2026:17:59:40 +0200] "GET /?lokasie=/var/www/vhosts/spaceten.it/salumipasini.spaceten.it/dex.php&loknya=/var/www/vhosts/spaceten.it/salumipasini.spaceten.it HTTP/1.1" 200 26926 "-" "Mozilla/5.0 (Windows NT 10.0; Win64; x64) AppleWebKit/537.36 (KHTML, like Gecko) Chrome/124.0.0.0 Safari/537.36"
158.69.55.82 - - [07/Sep/2026:17:59:40 +0200] "GET /?lokasie=/var/www/vhosts/spaceten.it/salumipasini.spaceten.it/index.php&loknya=/var/www/vhosts/spaceten.it/salumipasini.spaceten.it HTTP/1.1" 200 12895 "-" "Mozilla/5.0 (Windows NT 10.0; Win64; x64) AppleWebKit/537.36 (KHTML, like Gecko) Chrome/124.0.0.0 Safari/537.36"
158.69.55.82 - - [07/Sep/2026:17:59:40 +0200] "GET /?lokasie=/var/www/vhosts/spaceten.it/salumipasini.spaceten.it/index.php0&loknya=/var/www/vhosts/spaceten.it/salumipasini.spaceten.it HTTP/1.1" 200 12896 "-" "Mozilla/5.0 (Windows NT 10.0; Win64; x64) AppleWebKit/537.36 (KHTML, like Gecko) Chrome/124.0.0.0 Safari/537.36"
158.69.55.82 - - [07/Sep/2026:17:59:40 +0200] "GET /?lokasie=/var/www/vhosts/spaceten.it/salumipasini.spaceten.it/index.phpssssss&loknya=/var/www/vhosts/spaceten.it/salumipasini.spaceten.it HTTP/1.1" 200 7461 "-" "Mozilla/5.0 (Windows NT 10.0; Win64; x64) AppleWebKit/537.36 (KHTML, like Gecko) Chrome/124.0.0.0 Safari/537.36"
158.69.55.82 - - [07/Sep/2026:17:59:40 +0200] "GET /?lokasie=/var/www/vhosts/spaceten.it/salumipasini.spaceten.it/item.php&loknya=/var/www/vhosts/spaceten.it/salumipasini.spaceten.it HTTP/1.1" 200 8196 "-" "Mozilla/5.0 (Windows NT 10.0; Win64; x64) AppleWebKit/537.36 (KHTML, like Gecko) Chrome/124.0.0.0 Safari/537.36"
158.69.55.82 - - [07/Sep/2026:17:59:40 +0200] "GET /?lokasie=/var/www/vhosts/spaceten.it/salumipasini.spaceten.it/license.txt&loknya=/var/www/vhosts/spaceten.it/salumipasini.spaceten.it HTTP/1.1" 200 14603 "-" "Mozilla/5.0 (Windows NT 10.0; Win64; x64) AppleWebKit/537.36 (KHTML, like Gecko) Chrome/124.0.0.0 Safari/537.36"
158.69.55.82 - - [07/Sep/2026:17:59:39 +0200] "GET /?loknya=/var/www/vhosts/spaceten.it/salumipasini.spaceten.it/wp-includes HTTP/1.1" 200 16861 "-" "Mozilla/5.0 (Windows NT 10.0; Win64; x64) AppleWebKit/537.36 (KHTML, like Gecko) Chrome/124.0.0.0 Safari/537.36"
158.69.55.82 - - [07/Sep/2026:17:59:40 +0200] "GET /?lokasie=/var/www/vhosts/spaceten.it/salumipasini.spaceten.it/error_log&loknya=/var/www/vhosts/spaceten.it/salumipasini.spaceten.it HTTP/1.1" 200 95943 "-" "Mozilla/5.0 (Windows NT 10.0; Win64; x64) AppleWebKit/537.36 (KHTML, like Gecko) Chrome/124.0.0.0 Safari/537.36"
158.69.55.82 - - [07/Sep/2026:17:59:40 +0200] "GET /?lokasie=/var/www/vhosts/spaceten.it/salumipasini.spaceten.it/licenza.html&loknya=/var/www/vhosts/spaceten.it/salumipasini.spaceten.it HTTP/1.1" 200 7203 "-" "Mozilla/5.0 (Windows NT 10.0; Win64; x64) AppleWebKit/537.36 (KHTML, like Gecko) Chrome/124.0.0.0 Safari/537.36"
158.69.55.82 - - [07/Sep/2026:17:59:41 +0200] "GET /?lokasie=/var/www/vhosts/spaceten.it/salumipasini.spaceten.it/pages.php&loknya=/var/www/vhosts/spaceten.it/salumipasini.spaceten.it HTTP/1.1" 200 8013 "-" "Mozilla/5.0 (Windows NT 10.0; Win64; x64) AppleWebKit/537.36 (KHTML, like Gecko) Chrome/124.0.0.0 Safari/537.36"
158.69.55.82 - - [07/Sep/2026:17:59:41 +0200] "GET /?lokasie=/var/www/vhosts/spaceten.it/salumipasini.spaceten.it/options.php&loknya=/var/www/vhosts/spaceten.it/salumipasini.spaceten.it HTTP/1.1" 200 8254 "-" "Mozilla/5.0 (Windows NT 10.0; Win64; x64) AppleWebKit/537.36 (KHTML, like Gecko) Chrome/124.0.0.0 Safari/537.36"
158.69.55.82 - - [07/Sep/2026:17:59:41 +0200] "GET /?lokasie=/var/www/vhosts/spaceten.it/salumipasini.spaceten.it/lock360.php&loknya=/var/www/vhosts/spaceten.it/salumipasini.spaceten.it HTTP/1.1" 200 44667 "-" "Mozilla/5.0 (Windows NT 10.0; Win64; x64) AppleWebKit/537.36 (KHTML, like Gecko) Chrome/124.0.0.0 Safari/537.36"
158.69.55.82 - - [07/Sep/2026:17:59:41 +0200] "GET /?lokasie=/var/www/vhosts/spaceten.it/salumipasini.spaceten.it/random.php&loknya=/var/www/vhosts/spaceten.it/salumipasini.spaceten.it HTTP/1.1" 200 57622 "-" "Mozilla/5.0 (Windows NT 10.0; Win64; x64) AppleWebKit/537.36 (KHTML, like Gecko) Chrome/124.0.0.0 Safari/537.36"
158.69.55.82 - - [07/Sep/2026:17:59:41 +0200] "GET /?lokasie=/var/www/vhosts/spaceten.it/salumipasini.spaceten.it/plugins.php&loknya=/var/www/vhosts/spaceten.it/salumipasini.spaceten.it HTTP/1.1" 200 8230 "-" "Mozilla/5.0 (Windows NT 10.0; Win64; x64) AppleWebKit/537.36 (KHTML, like Gecko) Chrome/124.0.0.0 Safari/537.36"
158.69.55.82 - - [07/Sep/2026:17:59:41 +0200] "GET /?lokasie=/var/www/vhosts/spaceten.it/salumipasini.spaceten.it/readme.html&loknya=/var/www/vhosts/spaceten.it/salumipasini.spaceten.it HTTP/1.1" 200 10535 "-" "Mozilla/5.0 (Windows NT 10.0; Win64; x64) AppleWebKit/537.36 (KHTML, like Gecko) Chrome/124.0.0.0 Safari/537.36"
158.69.55.82 - - [07/Sep/2026:17:59:41 +0200] "GET /?lokasie=/var/www/vhosts/spaceten.it/salumipasini.spaceten.it/verox.php&loknya=/var/www/vhosts/spaceten.it/salumipasini.spaceten.it HTTP/1.1" 200 55484 "-" "Mozilla/5.0 (Windows NT 10.0; Win64; x64) AppleWebKit/537.36 (KHTML, like Gecko) Chrome/124.0.0.0 Safari/537.36"
158.69.55.82 - - [07/Sep/2026:17:59:41 +0200] "GET /?lokasie=/var/www/vhosts/spaceten.it/salumipasini.spaceten.it/robots.txt&loknya=/var/www/vhosts/spaceten.it/salumipasini.spaceten.it HTTP/1.1" 200 7265 "-" "Mozilla/5.0 (Windows NT 10.0; Win64; x64) AppleWebKit/537.36 (KHTML, like Gecko) Chrome/124.0.0.0 Safari/537.36"
158.69.55.82 - - [07/Sep/2026:17:59:41 +0200] "GET /?lokasie=/var/www/vhosts/spaceten.it/salumipasini.spaceten.it/wp-blog-header.php&loknya=/var/www/vhosts/spaceten.it/salumipasini.spaceten.it HTTP/1.1" 200 7442 "-" "Mozilla/5.0 (Windows NT 10.0; Win64; x64) AppleWebKit/537.36 (KHTML, like Gecko) Chrome/124.0.0.0 Safari/537.36"
158.69.55.82 - - [07/Sep/2026:17:59:41 +0200] "GET /?lokasie=/var/www/vhosts/spaceten.it/salumipasini.spaceten.it/worksec.php&loknya=/var/www/vhosts/spaceten.it/salumipasini.spaceten.it HTTP/1.1" 200 7766 "-" "Mozilla/5.0 (Windows NT 10.0; Win64; x64) AppleWebKit/537.36 (KHTML, like Gecko) Chrome/124.0.0.0 Safari/537.36"
158.69.55.82 - - [07/Sep/2026:17:59:41 +0200] "GET /?lokasie=/var/www/vhosts/spaceten.it/salumipasini.spaceten.it/wp-activate.php&loknya=/var/www/vhosts/spaceten.it/salumipasini.spaceten.it HTTP/1.1" 200 9738 "-" "Mozilla/5.0 (Windows NT 10.0; Win64; x64) AppleWebKit/537.36 (KHTML, like Gecko) Chrome/124.0.0.0 Safari/537.36"
158.69.55.82 - - [07/Sep/2026:17:59:41 +0200] "GET /?lokasie=/var/www/vhosts/spaceten.it/salumipasini.spaceten.it/wp-config-sample.php&loknya=/var/www/vhosts/spaceten.it/salumipasini.spaceten.it HTTP/1.1" 200 8639 "-" "Mozilla/5.0 (Windows NT 10.0; Win64; x64) AppleWebKit/537.36 (KHTML, like Gecko) Chrome/124.0.0.0 Safari/537.36"
158.69.55.82 - - [07/Sep/2026:17:59:41 +0200] "GET /?lokasie=/var/www/vhosts/spaceten.it/salumipasini.spaceten.it/wp-comments-post.php&loknya=/var/www/vhosts/spaceten.it/salumipasini.spaceten.it HTTP/1.1" 200 8296 "-" "Mozilla/5.0 (Windows NT 10.0; Win64; x64) AppleWebKit/537.36 (KHTML, like Gecko) Chrome/124.0.0.0 Safari/537.36"
158.69.55.82 - - [07/Sep/2026:17:59:41 +0200] "GET /?lokasie=/var/www/vhosts/spaceten.it/salumipasini.spaceten.it/wp-config.php&loknya=/var/www/vhosts/spaceten.it/salumipasini.spaceten.it HTTP/1.1" 200 9129 "-" "Mozilla/5.0 (Windows NT 10.0; Win64; x64) AppleWebKit/537.36 (KHTML, like Gecko) Chrome/124.0.0.0 Safari/537.36"
158.69.55.82 - - [07/Sep/2026:17:59:41 +0200] "GET /?lokasie=/var/www/vhosts/spaceten.it/salumipasini.spaceten.it/wp-editor.php&loknya=/var/www/vhosts/spaceten.it/salumipasini.spaceten.it HTTP/1.1" 200 47302 "-" "Mozilla/5.0 (Windows NT 10.0; Win64; x64) AppleWebKit/537.36 (KHTML, like Gecko) Chrome/124.0.0.0 Safari/537.36"
158.69.55.82 - - [07/Sep/2026:17:59:41 +0200] "GET /?lokasie=/var/www/vhosts/spaceten.it/salumipasini.spaceten.it/wp-cron.php&loknya=/var/www/vhosts/spaceten.it/salumipasini.spaceten.it HTTP/1.1" 200 9306 "-" "Mozilla/5.0 (Windows NT 10.0; Win64; x64) AppleWebKit/537.36 (KHTML, like Gecko) Chrome/124.0.0.0 Safari/537.36"
158.69.55.82 - - [07/Sep/2026:17:59:42 +0200] "GET /?lokasie=/var/www/vhosts/spaceten.it/salumipasini.spaceten.it/wp-l0gin.php&loknya=/var/www/vhosts/spaceten.it/salumipasini.spaceten.it HTTP/1.1" 200 46295 "-" "Mozilla/5.0 (Windows NT 10.0; Win64; x64) AppleWebKit/537.36 (KHTML, like Gecko) Chrome/124.0.0.0 Safari/537.36"
158.69.55.82 - - [07/Sep/2026:17:59:42 +0200] "GET /?lokasie=/var/www/vhosts/spaceten.it/salumipasini.spaceten.it/wp-links-opml.php&loknya=/var/www/vhosts/spaceten.it/salumipasini.spaceten.it HTTP/1.1" 200 8364 "-" "Mozilla/5.0 (Windows NT 10.0; Win64; x64) AppleWebKit/537.36 (KHTML, like Gecko) Chrome/124.0.0.0 Safari/537.36"
