188.166.68.82 - - [03/Sep/2026:02:47:40 +0200] "GET / HTTP/1.1" 200 9583 "-" "Mozilla/5.0 (Windows NT 10.0; Win64; x64) AppleWebKit/537.36 (KHTML, like Gecko) Chrome/145.0.0.0 Safari/537.36"
188.166.68.82 - - [03/Sep/2026:02:47:40 +0200] "GET /readme.html HTTP/1.1" 200 5469 "-" "Mozilla/5.0 (Windows NT 10.0; Win64; x64) AppleWebKit/537.36 (KHTML, like Gecko) Chrome/145.0.0.0 Safari/537.36"
188.166.68.82 - - [03/Sep/2026:02:47:40 +0200] "POST /?rest_route=/batch/v1&_w2s=9cf1f8e6 HTTP/1.1" 200 9583 "-" "Mozilla/5.0 (Windows NT 10.0; Win64; x64) AppleWebKit/537.36 (KHTML, like Gecko) Chrome/144.0.0.0 Safari/537.36"
188.166.68.82 - - [03/Sep/2026:02:47:41 +0200] "POST /?rest_route=/batch/v1&_w2s=288e447d HTTP/1.1" 200 9583 "-" "Mozilla/5.0 (Windows NT 10.0; Win64; x64) AppleWebKit/537.36 (KHTML, like Gecko) Chrome/144.0.0.0 Safari/537.36"
94.154.43.135 - - [03/Sep/2026:03:13:46 +0200] "GET /dev/.env HTTP/1.1" 200 73580 "-" "Mozilla/5.0 (Windows NT 10.0; Win64; x64) AppleWebKit/537.36 (KHTML, like Gecko) Chrome/147.0.0.0 Safari/537.36"
44.213.124.25 - - [03/Sep/2026:03:42:51 +0200] "POST / HTTP/1.1" 200 9585 "https://salumipasini.spaceten.it/" "Mozilla/5.0 (Windows NT 10.0; Win64; x64) AppleWebKit/537.36 (KHTML, like Gecko) Chrome/145.0.0.0 Safari/537.36"
94.154.43.164 - - [03/Sep/2026:04:07:05 +0200] "GET /config/.env HTTP/1.1" 200 73580 "-" "Mozilla/5.0 (Windows NT 10.0; Win64; x64) AppleWebKit/537.36 (KHTML, like Gecko) Chrome/147.0.0.0 Safari/537.36"
196.119.211.157 - - [03/Sep/2026:04:09:26 +0200] "POST /wp-l0gin.php HTTP/1.1" 200 7227 "https://salumipasini.spaceten.it/wp-l0gin.php" "Mozilla/5.0 (Windows NT 10.0; Win64; x64) AppleWebKit/537.36 (KHTML, like Gecko) Chrome/151.0.0.0 Safari/537.36"
196.119.211.157 - - [03/Sep/2026:04:09:26 +0200] "GET /favicon.ico HTTP/1.1" 200 9584 "https://salumipasini.spaceten.it/wp-l0gin.php" "Mozilla/5.0 (Windows NT 10.0; Win64; x64) AppleWebKit/537.36 (KHTML, like Gecko) Chrome/151.0.0.0 Safari/537.36"
134.199.218.54 - - [03/Sep/2026:04:24:10 +0200] "GET / HTTP/1.1" 200 9587 "-" "Mozilla/5.0 (Windows NT 10.0; Win64; x64) AppleWebKit/537.36 (KHTML, like Gecko) Chrome/146.0.0.0 Safari/537.36"
134.199.218.54 - - [03/Sep/2026:04:24:10 +0200] "GET /readme.html HTTP/1.1" 200 5469 "-" "Mozilla/5.0 (Macintosh; Intel Mac OS X 10_15_7) AppleWebKit/537.36 (KHTML, like Gecko) Chrome/140.0.0.0 newsai/1.0 Safari/537.36"
134.199.218.54 - - [03/Sep/2026:04:24:10 +0200] "POST /?rest_route=/batch/v1&_w2s=14012863 HTTP/1.1" 200 9587 "-" "Mozilla/5.0 (Windows NT 10.0; Win64; x64) AppleWebKit/537.36 (KHTML, like Gecko) Chrome/145.0.0.0 Safari/537.36"
134.199.218.54 - - [03/Sep/2026:04:24:11 +0200] "POST /?rest_route=/batch/v1&_w2s=f5cae5cb HTTP/1.1" 200 9587 "-" "Mozilla/5.0 (Windows NT 10.0; Win64; x64) AppleWebKit/537.36 (KHTML, like Gecko) Chrome/145.0.0.0 Safari/537.36"
196.119.211.157 - - [03/Sep/2026:04:26:55 +0200] "POST /wp-l0gin.php HTTP/1.1" 200 8870 "https://salumipasini.spaceten.it/wp-l0gin.php" "Mozilla/5.0 (Windows NT 10.0; Win64; x64) AppleWebKit/537.36 (KHTML, like Gecko) Chrome/151.0.0.0 Safari/537.36"
196.119.211.157 - - [03/Sep/2026:04:26:55 +0200] "GET /favicon.ico HTTP/1.1" 200 9584 "https://salumipasini.spaceten.it/wp-l0gin.php" "Mozilla/5.0 (Windows NT 10.0; Win64; x64) AppleWebKit/537.36 (KHTML, like Gecko) Chrome/151.0.0.0 Safari/537.36"
196.119.211.157 - - [03/Sep/2026:04:27:39 +0200] "POST /wp-l0gin.php HTTP/1.1" 200 26333 "https://salumipasini.spaceten.it/wp-l0gin.php" "Mozilla/5.0 (Windows NT 10.0; Win64; x64) AppleWebKit/537.36 (KHTML, like Gecko) Chrome/151.0.0.0 Safari/537.36"
196.119.211.157 - - [03/Sep/2026:04:28:05 +0200] "GET /favicon.ico HTTP/1.1" 200 9584 "https://salumipasini.spaceten.it/wp-l0gin.php" "Mozilla/5.0 (Windows NT 10.0; Win64; x64) AppleWebKit/537.36 (KHTML, like Gecko) Chrome/151.0.0.0 Safari/537.36"
196.119.211.157 - - [03/Sep/2026:04:31:18 +0200] "POST /wp-l0gin.php HTTP/1.1" 200 27339 "https://salumipasini.spaceten.it/wp-l0gin.php" "Mozilla/5.0 (Windows NT 10.0; Win64; x64) AppleWebKit/537.36 (KHTML, like Gecko) Chrome/151.0.0.0 Safari/537.36"
196.119.211.157 - - [03/Sep/2026:04:31:46 +0200] "GET /favicon.ico HTTP/1.1" 200 9584 "https://salumipasini.spaceten.it/wp-l0gin.php" "Mozilla/5.0 (Windows NT 10.0; Win64; x64) AppleWebKit/537.36 (KHTML, like Gecko) Chrome/151.0.0.0 Safari/537.36"
196.119.211.157 - - [03/Sep/2026:04:32:50 +0200] "POST /wp-l0gin.php HTTP/1.1" 200 28344 "https://salumipasini.spaceten.it/wp-l0gin.php" "Mozilla/5.0 (Windows NT 10.0; Win64; x64) AppleWebKit/537.36 (KHTML, like Gecko) Chrome/151.0.0.0 Safari/537.36"
196.119.211.157 - - [03/Sep/2026:04:33:20 +0200] "GET /favicon.ico HTTP/1.1" 200 9584 "https://salumipasini.spaceten.it/wp-l0gin.php" "Mozilla/5.0 (Windows NT 10.0; Win64; x64) AppleWebKit/537.36 (KHTML, like Gecko) Chrome/151.0.0.0 Safari/537.36"
196.119.211.157 - - [03/Sep/2026:04:37:53 +0200] "POST /wp-l0gin.php HTTP/1.1" 200 29700 "https://salumipasini.spaceten.it/wp-l0gin.php" "Mozilla/5.0 (Windows NT 10.0; Win64; x64) AppleWebKit/537.36 (KHTML, like Gecko) Chrome/151.0.0.0 Safari/537.36"
196.119.211.157 - - [03/Sep/2026:04:38:25 +0200] "GET /favicon.ico HTTP/1.1" 200 9584 "https://salumipasini.spaceten.it/wp-l0gin.php" "Mozilla/5.0 (Windows NT 10.0; Win64; x64) AppleWebKit/537.36 (KHTML, like Gecko) Chrome/151.0.0.0 Safari/537.36"
196.119.211.157 - - [03/Sep/2026:04:39:35 +0200] "POST /wp-l0gin.php HTTP/1.1" 200 31027 "https://salumipasini.spaceten.it/wp-l0gin.php" "Mozilla/5.0 (Windows NT 10.0; Win64; x64) AppleWebKit/537.36 (KHTML, like Gecko) Chrome/151.0.0.0 Safari/537.36"
196.119.211.157 - - [03/Sep/2026:04:40:02 +0200] "GET /favicon.ico HTTP/1.1" 200 9584 "https://salumipasini.spaceten.it/wp-l0gin.php" "Mozilla/5.0 (Windows NT 10.0; Win64; x64) AppleWebKit/537.36 (KHTML, like Gecko) Chrome/151.0.0.0 Safari/537.36"
196.119.211.157 - - [03/Sep/2026:04:54:02 +0200] "GET /wp-l0gin.php HTTP/1.1" 200 7228 "-" "Mozilla/5.0 (Windows NT 10.0; Win64; x64) AppleWebKit/537.36 (KHTML, like Gecko) Chrome/151.0.0.0 Safari/537.36"
196.119.211.157 - - [03/Sep/2026:04:54:03 +0200] "GET /favicon.ico HTTP/1.1" 200 9584 "https://salumipasini.spaceten.it/wp-l0gin.php" "Mozilla/5.0 (Windows NT 10.0; Win64; x64) AppleWebKit/537.36 (KHTML, like Gecko) Chrome/151.0.0.0 Safari/537.36"
94.154.43.158 - - [03/Sep/2026:05:00:27 +0200] "GET /.config/.env HTTP/1.1" 200 73580 "-" "Mozilla/5.0 (Windows NT 10.0; Win64; x64) AppleWebKit/537.36 (KHTML, like Gecko) Chrome/147.0.0.0 Safari/537.36"
94.154.43.180 - - [03/Sep/2026:05:53:31 +0200] "GET /prod/.env HTTP/1.1" 200 73580 "-" "Mozilla/5.0 (Windows NT 10.0; Win64; x64) AppleWebKit/537.36 (KHTML, like Gecko) Chrome/147.0.0.0 Safari/537.36"
44.213.124.25 - - [02/Sep/2026:07:24:33 +0200] "GET /readme.html HTTP/1.1" 200 3032 "-" "Mozilla/5.0 (Macintosh; Intel Mac OS X 10_15_7) AppleWebKit/537.36 (KHTML, like Gecko) Chrome/146.0.0.0 Safari/537.36"
44.204.207.132 - - [02/Sep/2026:08:14:30 +0200] "GET /readme.html HTTP/1.1" 200 3032 "-" "Mozilla/5.0 (Windows NT 10.0; Win64; x64) AppleWebKit/537.36 (KHTML, like Gecko) Chrome/145.0.0.0 Safari/537.36"
32.198.51.168 - - [02/Sep/2026:23:54:48 +0200] "GET /readme.html HTTP/1.1" 200 3032 "-" "Mozilla/5.0 (Macintosh; Intel Mac OS X 10_15_7) AppleWebKit/537.36 (KHTML, like Gecko) Chrome/146.0.0.0 Safari/537.36"
3.236.42.144 - - [03/Sep/2026:02:27:59 +0200] "GET /readme.html HTTP/1.1" 200 3032 "-" "Mozilla/5.0 (Windows NT 10.0; Win64; x64) AppleWebKit/537.36 (KHTML, like Gecko) Chrome/140.0.0.0 Safari/537.36"
188.166.68.82 - - [03/Sep/2026:02:47:40 +0200] "GET /readme.html HTTP/1.1" 200 3032 "-" "Mozilla/5.0 (Windows NT 10.0; Win64; x64) AppleWebKit/537.36 (KHTML, like Gecko) Chrome/145.0.0.0 Safari/537.36"
134.199.218.54 - - [03/Sep/2026:04:24:10 +0200] "GET /readme.html HTTP/1.1" 200 3032 "-" "Mozilla/5.0 (Macintosh; Intel Mac OS X 10_15_7) AppleWebKit/537.36 (KHTML, like Gecko) Chrome/140.0.0.0 newsai/1.0 Safari/537.36"
74.7.244.50 - - [03/Sep/2026:06:35:36 +0200] "GET /robots.txt HTTP/1.1" 200 5694 "-" "Mozilla/5.0 (Macintosh; Intel Mac OS X 10_15_7) AppleWebKit/537.36 (KHTML, like Gecko) Chrome/131.0.0.0 Safari/537.36; compatible; OAI-SearchBot/1.4; robots.txt; +https://openai.com/searchbot"
196.119.211.157 - - [03/Sep/2026:06:39:40 +0200] "POST /wp-l0gin.php HTTP/1.1" 200 5697 "https://salumipasini.spaceten.it/wp-l0gin.php" "Mozilla/5.0 (Windows NT 10.0; Win64; x64) AppleWebKit/537.36 (KHTML, like Gecko) Chrome/151.0.0.0 Safari/537.36"
196.119.211.157 - - [03/Sep/2026:06:39:41 +0200] "GET /favicon.ico HTTP/1.1" 200 9584 "https://salumipasini.spaceten.it/wp-l0gin.php" "Mozilla/5.0 (Windows NT 10.0; Win64; x64) AppleWebKit/537.36 (KHTML, like Gecko) Chrome/151.0.0.0 Safari/537.36"
196.119.211.157 - - [03/Sep/2026:06:40:02 +0200] "POST /wp-l0gin.php HTTP/1.1" 200 7228 "https://salumipasini.spaceten.it/wp-l0gin.php" "Mozilla/5.0 (Windows NT 10.0; Win64; x64) AppleWebKit/537.36 (KHTML, like Gecko) Chrome/151.0.0.0 Safari/537.36"
196.119.211.157 - - [03/Sep/2026:06:40:02 +0200] "GET /favicon.ico HTTP/1.1" 200 9584 "https://salumipasini.spaceten.it/wp-l0gin.php" "Mozilla/5.0 (Windows NT 10.0; Win64; x64) AppleWebKit/537.36 (KHTML, like Gecko) Chrome/151.0.0.0 Safari/537.36"
196.119.211.157 - - [03/Sep/2026:06:40:34 +0200] "POST /wp-l0gin.php HTTP/1.1" 200 8870 "https://salumipasini.spaceten.it/wp-l0gin.php" "Mozilla/5.0 (Windows NT 10.0; Win64; x64) AppleWebKit/537.36 (KHTML, like Gecko) Chrome/151.0.0.0 Safari/537.36"
196.119.211.157 - - [03/Sep/2026:06:40:35 +0200] "GET /favicon.ico HTTP/1.1" 200 9584 "https://salumipasini.spaceten.it/wp-l0gin.php" "Mozilla/5.0 (Windows NT 10.0; Win64; x64) AppleWebKit/537.36 (KHTML, like Gecko) Chrome/151.0.0.0 Safari/537.36"
196.119.211.157 - - [03/Sep/2026:06:43:09 +0200] "POST /wp-l0gin.php HTTP/1.1" 200 30632 "https://salumipasini.spaceten.it/wp-l0gin.php" "Mozilla/5.0 (Windows NT 10.0; Win64; x64) AppleWebKit/537.36 (KHTML, like Gecko) Chrome/151.0.0.0 Safari/537.36"
196.119.211.157 - - [03/Sep/2026:06:43:43 +0200] "GET /favicon.ico HTTP/1.1" 200 9584 "https://salumipasini.spaceten.it/wp-l0gin.php" "Mozilla/5.0 (Windows NT 10.0; Win64; x64) AppleWebKit/537.36 (KHTML, like Gecko) Chrome/151.0.0.0 Safari/537.36"
196.119.211.157 - - [03/Sep/2026:06:43:49 +0200] "POST /wp-l0gin.php HTTP/1.1" 200 36298 "https://salumipasini.spaceten.it/wp-l0gin.php" "Mozilla/5.0 (Windows NT 10.0; Win64; x64) AppleWebKit/537.36 (KHTML, like Gecko) Chrome/151.0.0.0 Safari/537.36"
196.119.211.157 - - [03/Sep/2026:06:44:31 +0200] "GET /favicon.ico HTTP/1.1" 200 9584 "https://salumipasini.spaceten.it/wp-l0gin.php" "Mozilla/5.0 (Windows NT 10.0; Win64; x64) AppleWebKit/537.36 (KHTML, like Gecko) Chrome/151.0.0.0 Safari/537.36"
94.154.43.158 - - [03/Sep/2026:06:46:45 +0200] "GET /.env.local HTTP/1.1" 200 73580 "-" "Mozilla/5.0 (Windows NT 10.0; Win64; x64) AppleWebKit/537.36 (KHTML, like Gecko) Chrome/147.0.0.0 Safari/537.36"
104.252.3.232 - - [03/Sep/2026:06:55:36 +0200] "GET / HTTP/1.1" 200 73191 "-" "Mozilla/5.0 (Windows NT 10.0; Win64; x64; rv:64.0) Gecko/20100101 Firefox/64.0"
104.222.43.115 - - [03/Sep/2026:06:55:38 +0200] "GET / HTTP/1.1" 200 73192 "-" "Mozilla/5.0 (Windows NT 10.0; Win64; x64; rv:64.0) Gecko/20100101 Firefox/64.0"
196.119.211.157 - - [03/Sep/2026:06:55:27 +0200] "POST /wp-l0gin.php HTTP/1.1" 200 41000 "https://salumipasini.spaceten.it/wp-l0gin.php" "Mozilla/5.0 (Windows NT 10.0; Win64; x64) AppleWebKit/537.36 (KHTML, like Gecko) Chrome/151.0.0.0 Safari/537.36"
196.119.211.157 - - [03/Sep/2026:06:56:17 +0200] "GET /favicon.ico HTTP/1.1" 200 9584 "https://salumipasini.spaceten.it/wp-l0gin.php" "Mozilla/5.0 (Windows NT 10.0; Win64; x64) AppleWebKit/537.36 (KHTML, like Gecko) Chrome/151.0.0.0 Safari/537.36"
94.154.43.135 - - [03/Sep/2026:07:40:05 +0200] "GET /.env.development HTTP/1.1" 200 73580 "-" "Mozilla/5.0 (Windows NT 10.0; Win64; x64) AppleWebKit/537.36 (KHTML, like Gecko) Chrome/147.0.0.0 Safari/537.36"
94.154.43.180 - - [03/Sep/2026:08:33:21 +0200] "GET /.env.production HTTP/1.1" 200 73580 "-" "Mozilla/5.0 (Windows NT 10.0; Win64; x64) AppleWebKit/537.36 (KHTML, like Gecko) Chrome/147.0.0.0 Safari/537.36"
101.99.88.90 - - [03/Sep/2026:08:40:01 +0200] "GET /wp-admin/verox.php HTTP/1.1" 200 90873 "-" "Mozilla/5.0 (Windows NT 10.0; Win64; x64) AppleWebKit/537.36 (KHTML, like Gecko) Chrome/120.0.0.0 Safari/537.36"
101.99.88.90 - - [03/Sep/2026:08:40:03 +0200] "GET /wp-admin/verox.php HTTP/1.1" 200 90873 "-" "GuzzleHttp/7"
101.99.88.90 - - [03/Sep/2026:08:40:03 +0200] "POST /wp-admin/verox.php HTTP/1.1" 200 25190 "-" "GuzzleHttp/7"
101.99.88.90 - - [03/Sep/2026:08:40:03 +0200] "POST /wp-admin/verox.php HTTP/1.1" 200 91520 "-" "GuzzleHttp/7"
101.99.88.90 - - [03/Sep/2026:08:40:04 +0200] "POST /wp-admin/verox.php HTTP/1.1" 200 91519 "-" "GuzzleHttp/7"
194.124.73.198 - - [03/Sep/2026:08:40:08 +0200] "GET /wp-includes/js5a38be/index.php HTTP/1.1" 500 5462 "-" "GO"
101.99.88.90 - - [03/Sep/2026:08:40:04 +0200] "GET /wp-admin/users.php HTTP/1.1" 200 5470 "-" "GuzzleHttp/7"
69.30.240.242 - - [03/Sep/2026:08:40:09 +0200] "GET /wp-includes/js5a38be/index.php HTTP/1.1" 500 5462 "https://salumipasini.spaceten.it/wp-includes/js5a38be/index.php" "Mozilla/5.0 (Windows NT 10.0; Win64; x64) AppleWebKit/537.36 (KHTML, like Gecko) Chrome/58.0.3029.110 Safari/537.3"
69.30.240.242 - - [03/Sep/2026:08:40:11 +0200] "GET /wp-includes/js5a38be/index.php HTTP/1.1" 200 5424 "https://salumipasini.spaceten.it/wp-includes/js5a38be/index.php" "Mozilla/5.0 (Windows NT 10.0; Win64; x64) AppleWebKit/537.36 (KHTML, like Gecko) Chrome/58.0.3029.110 Safari/537.3"
107.150.52.226 - - [03/Sep/2026:08:41:45 +0200] "GET /wp-includes/js5a38be/index.php?id=547957$wd HTTP/1.1" 200 5424 "https://salumipasini.spaceten.it/wp-includes/js5a38be/index.php?id=547957$wd" "Mozilla/5.0"
165.232.159.235 - - [03/Sep/2026:09:20:20 +0200] "GET / HTTP/1.1" 200 5675 "https://www.google.com/search?q=spaceten" "Mozilla/5.0 (Macintosh; Intel Mac OS X 10_15_7) AppleWebKit/537.36 (KHTML, like Gecko) Chrome/136.0.0.0 Safari/537.36"
94.154.43.122 - - [03/Sep/2026:09:26:39 +0200] "GET /config.json HTTP/1.1" 200 79279 "-" "Mozilla/5.0 (Windows NT 10.0; Win64; x64) AppleWebKit/537.36 (KHTML, like Gecko) Chrome/147.0.0.0 Safari/537.36"
4.204.224.164 - - [03/Sep/2026:09:32:23 +0200] "GET /wp-content/plugins/hellopress/wp_filemanager.php HTTP/1.1" 200 79279 "-" "-"
4.204.224.164 - - [03/Sep/2026:09:32:24 +0200] "GET /this_is_a_new_hello_world.php HTTP/1.1" 200 79279 "-" "-"
51.89.83.146 - - [03/Sep/2026:09:46:17 +0200] "GET /wp-content/plugins/cidaas-pro-master/composer.json HTTP/1.1" 200 79283 "-" "Mozilla/5.0 (X11; Linux x86_64) AppleWebKit/537.36 (KHTML, like Gecko) Chrome/148.0.0.0 Safari/537.36"
51.89.83.146 - - [03/Sep/2026:09:46:21 +0200] "GET /accesson.php HTTP/1.1" 200 79283 "-" "Mozilla/5.0 (Macintosh; Intel Mac OS X 10_15_7) AppleWebKit/537.36 (KHTML, like Gecko) Chrome/147.0.0.0 Safari/537.36"
51.89.83.146 - - [03/Sep/2026:09:46:28 +0200] "GET /wp-content/plugins/background-image-cropper/background-image-cropper.js HTTP/1.1" 200 79283 "-" "Mozilla/5.0 (Windows NT 10.0; Win64; x64) AppleWebKit/537.36 (KHTML, like Gecko) Chrome/146.0.0.0 Safari/537.36"
94.154.43.129 - - [03/Sep/2026:10:20:03 +0200] "GET /config.ini HTTP/1.1" 200 79279 "-" "Mozilla/5.0 (Windows NT 10.0; Win64; x64) AppleWebKit/537.36 (KHTML, like Gecko) Chrome/147.0.0.0 Safari/537.36"
94.154.43.164 - - [03/Sep/2026:11:13:16 +0200] "GET /application.properties HTTP/1.1" 200 79279 "-" "Mozilla/5.0 (Windows NT 10.0; Win64; x64) AppleWebKit/537.36 (KHTML, like Gecko) Chrome/147.0.0.0 Safari/537.36"
44.220.172.166 - - [03/Sep/2026:11:22:34 +0200] "POST / HTTP/1.1" 200 9736 "https://salumipasini.spaceten.it/" "Mozilla/5.0 (Windows NT 10.0; Win64; x64) AppleWebKit/537.36 (KHTML, like Gecko) Chrome/145.0.0.0 Safari/537.36"
2.59.21.33 - - [03/Sep/2026:11:57:40 +0200] "GET / HTTP/1.1" 200 9733 "-" "RootEvidence/1.0"
2.59.21.33 - - [03/Sep/2026:11:57:40 +0200] "GET / HTTP/1.1" 200 9733 "http://salumipasini.spaceten.it:80" "RootEvidence/1.0"
2.59.21.33 - - [03/Sep/2026:11:58:23 +0200] "GET / HTTP/1.1" 200 9733 "-" "RootEvidence/1.0"
2.59.21.33 - - [03/Sep/2026:12:05:56 +0200] "GET / HTTP/1.1" 200 9733 "-" "RootEvidence/1.0"
94.154.43.122 - - [03/Sep/2026:12:06:45 +0200] "GET /config.toml HTTP/1.1" 200 79279 "-" "Mozilla/5.0 (Windows NT 10.0; Win64; x64) AppleWebKit/537.36 (KHTML, like Gecko) Chrome/147.0.0.0 Safari/537.36"
198.204.240.234 - - [03/Sep/2026:12:23:09 +0200] "GET /wp-includes/js5a38be/index.php HTTP/1.1" 200 5498 "https://salumipasini.spaceten.it/wp-includes/js5a38be/index.php" "Mozilla/5.0 (Macintosh; Intel Mac OS X 10_6_8) AppleWebKit/534.30 (KHTML, like Gecko) Chrome/12.0.742.112 Safari/534.30"
198.204.240.234 - - [03/Sep/2026:12:22:49 +0200] "GET /wp-includes/js5a38be/index.php HTTP/1.1" 200 5424 "https://salumipasini.spaceten.it/wp-includes/js5a38be/index.php" "Mozilla/5.0 (Windows NT 6.1; WOW64) AppleWebKit/535.1 (KHTML, like Gecko) Chrome/14.0.835.202 Safari/535.1"
107.150.52.226 - - [03/Sep/2026:12:24:17 +0200] "GET /wp-includes/js5a38be/index.php?id=547957$wd HTTP/1.1" 200 5424 "https://salumipasini.spaceten.it/wp-includes/js5a38be/index.php?id=547957$wd" "Mozilla/5.0"
74.7.244.50 - - [03/Sep/2026:12:38:16 +0200] "GET /robots.txt HTTP/1.1" 200 5681 "-" "Mozilla/5.0 (Macintosh; Intel Mac OS X 10_15_7) AppleWebKit/537.36 (KHTML, like Gecko) Chrome/131.0.0.0 Safari/537.36; compatible; OAI-SearchBot/1.4; robots.txt; +https://openai.com/searchbot"
198.204.240.234 - - [03/Sep/2026:12:52:21 +0200] "GET /wp-includes/js5a38be/index.php HTTP/1.1" 200 5498 "https://salumipasini.spaceten.it/wp-includes/js5a38be/index.php" "Mozilla/5.0 (Macintosh; Intel Mac OS X 10_6_8) AppleWebKit/534.52.7 (KHTML, like Gecko) Version/5.1.2 Safari/534.52.7"
198.204.240.234 - - [03/Sep/2026:12:52:01 +0200] "GET /wp-includes/js5a38be/index.php HTTP/1.1" 200 5424 "https://salumipasini.spaceten.it/wp-includes/js5a38be/index.php" "Mozilla/4.0 (compatible; MSIE 7.0; Windows NT 5.1; .NET CLR 1.1.4322; .NET CLR 2.0.50727)"
196.119.211.157 - - [03/Sep/2026:12:54:25 +0200] "POST /wp-l0gin.php HTTP/1.1" 200 5697 "https://salumipasini.spaceten.it/wp-l0gin.php" "Mozilla/5.0 (Windows NT 10.0; Win64; x64) AppleWebKit/537.36 (KHTML, like Gecko) Chrome/151.0.0.0 Safari/537.36"
196.119.211.157 - - [03/Sep/2026:12:54:25 +0200] "GET /favicon.ico HTTP/1.1" 200 9735 "https://salumipasini.spaceten.it/wp-l0gin.php" "Mozilla/5.0 (Windows NT 10.0; Win64; x64) AppleWebKit/537.36 (KHTML, like Gecko) Chrome/151.0.0.0 Safari/537.36"
196.119.211.157 - - [03/Sep/2026:12:54:27 +0200] "POST /wp-l0gin.php HTTP/1.1" 200 7228 "https://salumipasini.spaceten.it/wp-l0gin.php" "Mozilla/5.0 (Windows NT 10.0; Win64; x64) AppleWebKit/537.36 (KHTML, like Gecko) Chrome/151.0.0.0 Safari/537.36"
196.119.211.157 - - [03/Sep/2026:12:54:27 +0200] "GET /favicon.ico HTTP/1.1" 200 9735 "https://salumipasini.spaceten.it/wp-l0gin.php" "Mozilla/5.0 (Windows NT 10.0; Win64; x64) AppleWebKit/537.36 (KHTML, like Gecko) Chrome/151.0.0.0 Safari/537.36"
196.119.211.157 - - [03/Sep/2026:12:55:25 +0200] "POST /wp-l0gin.php HTTP/1.1" 200 30137 "https://salumipasini.spaceten.it/wp-l0gin.php" "Mozilla/5.0 (Windows NT 10.0; Win64; x64) AppleWebKit/537.36 (KHTML, like Gecko) Chrome/151.0.0.0 Safari/537.36"
196.119.211.157 - - [03/Sep/2026:12:55:59 +0200] "GET /favicon.ico HTTP/1.1" 200 9735 "https://salumipasini.spaceten.it/wp-l0gin.php" "Mozilla/5.0 (Windows NT 10.0; Win64; x64) AppleWebKit/537.36 (KHTML, like Gecko) Chrome/151.0.0.0 Safari/537.36"
196.119.211.157 - - [03/Sep/2026:12:56:21 +0200] "POST /wp-l0gin.php HTTP/1.1" 200 28969 "https://salumipasini.spaceten.it/wp-l0gin.php" "Mozilla/5.0 (Windows NT 10.0; Win64; x64) AppleWebKit/537.36 (KHTML, like Gecko) Chrome/151.0.0.0 Safari/537.36"
196.119.211.157 - - [03/Sep/2026:12:56:52 +0200] "GET /favicon.ico HTTP/1.1" 200 9735 "https://salumipasini.spaceten.it/wp-l0gin.php" "Mozilla/5.0 (Windows NT 10.0; Win64; x64) AppleWebKit/537.36 (KHTML, like Gecko) Chrome/151.0.0.0 Safari/537.36"
196.119.211.157 - - [03/Sep/2026:12:57:13 +0200] "POST /wp-l0gin.php HTTP/1.1" 200 29217 "https://salumipasini.spaceten.it/wp-l0gin.php" "Mozilla/5.0 (Windows NT 10.0; Win64; x64) AppleWebKit/537.36 (KHTML, like Gecko) Chrome/151.0.0.0 Safari/537.36"
196.119.211.157 - - [03/Sep/2026:12:57:46 +0200] "GET /favicon.ico HTTP/1.1" 200 9735 "https://salumipasini.spaceten.it/wp-l0gin.php" "Mozilla/5.0 (Windows NT 10.0; Win64; x64) AppleWebKit/537.36 (KHTML, like Gecko) Chrome/151.0.0.0 Safari/537.36"
196.119.211.157 - - [03/Sep/2026:12:58:37 +0200] "POST /wp-l0gin.php HTTP/1.1" 200 29766 "https://salumipasini.spaceten.it/wp-l0gin.php" "Mozilla/5.0 (Windows NT 10.0; Win64; x64) AppleWebKit/537.36 (KHTML, like Gecko) Chrome/151.0.0.0 Safari/537.36"
196.119.211.157 - - [03/Sep/2026:12:59:09 +0200] "GET /favicon.ico HTTP/1.1" 200 9735 "https://salumipasini.spaceten.it/wp-l0gin.php" "Mozilla/5.0 (Windows NT 10.0; Win64; x64) AppleWebKit/537.36 (KHTML, like Gecko) Chrome/151.0.0.0 Safari/537.36"
94.154.43.74 - - [03/Sep/2026:12:59:53 +0200] "GET /appsettings.json HTTP/1.1" 200 79283 "-" "Mozilla/5.0 (Windows NT 10.0; Win64; x64) AppleWebKit/537.36 (KHTML, like Gecko) Chrome/147.0.0.0 Safari/537.36"
196.119.211.157 - - [03/Sep/2026:13:04:39 +0200] "POST /wp-l0gin.php HTTP/1.1" 200 8913 "https://salumipasini.spaceten.it/wp-l0gin.php" "Mozilla/5.0 (Windows NT 10.0; Win64; x64) AppleWebKit/537.36 (KHTML, like Gecko) Chrome/151.0.0.0 Safari/537.36"
196.119.211.157 - - [03/Sep/2026:13:04:40 +0200] "GET /favicon.ico HTTP/1.1" 200 9735 "https://salumipasini.spaceten.it/wp-l0gin.php" "Mozilla/5.0 (Windows NT 10.0; Win64; x64) AppleWebKit/537.36 (KHTML, like Gecko) Chrome/151.0.0.0 Safari/537.36"
198.204.240.234 - - [03/Sep/2026:13:20:53 +0200] "GET /wp-includes/js5a38be/index.php HTTP/1.1" 200 5498 "https://salumipasini.spaceten.it/wp-includes/js5a38be/index.php" "Mozilla/5.0 (Macintosh; U; Intel Mac OS X 10_5_5; ja-jp) AppleWebKit/525.26.2 (KHTML, like Gecko) Version/3.2 Safari/525.26.12"
198.204.240.234 - - [03/Sep/2026:13:20:33 +0200] "GET /wp-includes/js5a38be/index.php HTTP/1.1" 200 5424 "https://salumipasini.spaceten.it/wp-includes/js5a38be/index.php" "Mozilla/4.0 (compatible; MSIE 7.0; Windows NT 5.1; SV1; .NET CLR 1.0.3705; .NET CLR 2.0.50727; .NET CLR 1.1.4322)"
107.150.52.226 - - [03/Sep/2026:13:22:01 +0200] "GET /wp-includes/js5a38be/index.php?id=547957$wd HTTP/1.1" 200 5424 "https://salumipasini.spaceten.it/wp-includes/js5a38be/index.php?id=547957$wd" "Mozilla/5.0"
107.150.52.226 - - [03/Sep/2026:13:23:34 +0200] "GET /wp-includes/js5a38be/index.php?id=547957$wd HTTP/1.1" 200 5424 "https://salumipasini.spaceten.it/wp-includes/js5a38be/index.php?id=547957$wd" "Mozilla/5.0"
107.150.52.226 - - [03/Sep/2026:13:25:06 +0200] "GET /wp-includes/js5a38be/index.php?id=547957$wd HTTP/1.1" 200 5424 "https://salumipasini.spaceten.it/wp-includes/js5a38be/index.php?id=547957$wd" "Mozilla/5.0"
107.150.52.226 - - [03/Sep/2026:13:26:34 +0200] "GET /wp-includes/js5a38be/index.php?id=547957$wd HTTP/1.1" 200 5424 "https://salumipasini.spaceten.it/wp-includes/js5a38be/index.php?id=547957$wd" "Mozilla/5.0"
107.150.52.226 - - [03/Sep/2026:13:28:02 +0200] "GET /wp-includes/js5a38be/index.php?id=547957$wd HTTP/1.1" 200 5424 "https://salumipasini.spaceten.it/wp-includes/js5a38be/index.php?id=547957$wd" "Mozilla/5.0"
107.150.52.226 - - [03/Sep/2026:13:29:30 +0200] "GET /wp-includes/js5a38be/index.php?id=547957$wd HTTP/1.1" 200 5424 "https://salumipasini.spaceten.it/wp-includes/js5a38be/index.php?id=547957$wd" "Mozilla/5.0"
198.204.240.234 - - [03/Sep/2026:13:50:01 +0200] "GET /wp-includes/js5a38be/index.php HTTP/1.1" 200 5498 "https://salumipasini.spaceten.it/wp-includes/js5a38be/index.php" "Mozilla/5.0 (compatible; MSIE 10.0; Windows NT 6.2; WOW64; Trident/6.0)"
198.204.240.234 - - [03/Sep/2026:13:49:41 +0200] "GET /wp-includes/js5a38be/index.php HTTP/1.1" 200 5424 "https://salumipasini.spaceten.it/wp-includes/js5a38be/index.php" "Mozilla/5.0 (X11; Linux i686) AppleWebKit/535.2 (KHTML, like Gecko) Ubuntu/10.04 Chromium/15.0.874.106 Chrome/15.0.874.106 Safari/535.2"
107.150.52.226 - - [03/Sep/2026:13:51:10 +0200] "GET /wp-includes/js5a38be/index.php?id=547957$wd HTTP/1.1" 200 5424 "https://salumipasini.spaceten.it/wp-includes/js5a38be/index.php?id=547957$wd" "Mozilla/5.0"
107.150.52.226 - - [03/Sep/2026:13:52:38 +0200] "GET /wp-includes/js5a38be/index.php?id=547957$wd HTTP/1.1" 200 5424 "https://salumipasini.spaceten.it/wp-includes/js5a38be/index.php?id=547957$wd" "Mozilla/5.0"
198.204.240.234 - - [03/Sep/2026:14:18:40 +0200] "GET /wp-includes/js5a38be/index.php HTTP/1.1" 200 5498 "https://salumipasini.spaceten.it/wp-includes/js5a38be/index.php" "Mozilla/5.0 (Macintosh; Intel Mac OS X 10_6_8) AppleWebKit/534.24 (KHTML, like Gecko) Iron/11.0.700.2 Chrome/11.0.700.2 Safari/534.24"
198.204.240.234 - - [03/Sep/2026:14:18:20 +0200] "GET /wp-includes/js5a38be/index.php HTTP/1.1" 200 5424 "https://salumipasini.spaceten.it/wp-includes/js5a38be/index.php" "Mozilla/5.0 (Macintosh; Intel Mac OS X 10.6; rv:6.0.2) Gecko/20100101 Firefox/6.0.2"
107.150.52.226 - - [03/Sep/2026:14:19:49 +0200] "GET /wp-includes/js5a38be/index.php?id=547957$wd HTTP/1.1" 200 5424 "https://salumipasini.spaceten.it/wp-includes/js5a38be/index.php?id=547957$wd" "Mozilla/5.0"
198.204.240.234 - - [03/Sep/2026:14:47:33 +0200] "GET /wp-includes/js5a38be/index.php HTTP/1.1" 200 5498 "https://salumipasini.spaceten.it/wp-includes/js5a38be/index.php" "Mozilla/4.0 (compatible; MSIE 7.0; Windows NT 6.0; SLCC1; .NET CLR 2.0.50727; Media Center PC 5.0; .NET CLR 3.0.04506; InfoPath.1)"
198.204.240.234 - - [03/Sep/2026:14:47:14 +0200] "GET /wp-includes/js5a38be/index.php HTTP/1.1" 200 5424 "https://salumipasini.spaceten.it/wp-includes/js5a38be/index.php" "Mozilla/5.0 (Macintosh; Intel Mac OS X 10_6_8) AppleWebKit/534.24 (KHTML, like Gecko) Chrome/11.0.696.71 Safari/534.24"
107.150.52.226 - - [03/Sep/2026:14:48:43 +0200] "GET /wp-includes/js5a38be/index.php?id=547957$wd HTTP/1.1" 200 5424 "https://salumipasini.spaceten.it/wp-includes/js5a38be/index.php?id=547957$wd" "Mozilla/5.0"
107.150.52.226 - - [03/Sep/2026:14:50:11 +0200] "GET /wp-includes/js5a38be/index.php?id=547957$wd HTTP/1.1" 200 5424 "https://salumipasini.spaceten.it/wp-includes/js5a38be/index.php?id=547957$wd" "Mozilla/5.0"
107.150.52.226 - - [03/Sep/2026:14:51:39 +0200] "GET /wp-includes/js5a38be/index.php?id=547957$wd HTTP/1.1" 200 5424 "https://salumipasini.spaceten.it/wp-includes/js5a38be/index.php?id=547957$wd" "Mozilla/5.0"
212.102.39.17 - - [03/Sep/2026:15:08:04 +0200] "GET / HTTP/1.1" 200 9735 "http://salumipasini.spaceten.it/" "Mozilla/5.0 (X11; Linux x86_64) AppleWebKit/537.36 (KHTML, like Gecko) Chrome/125.0.0.0 Safari/537.36"
32.198.51.168 - - [03/Sep/2026:15:12:30 +0200] "GET / HTTP/1.1" 200 9733 "-" "Mozilla/5.0 (Windows NT 10.0; Win64; x64) AppleWebKit/537.36 (KHTML, like Gecko) Chrome/145.0.0.0 Safari/537.36"
32.198.51.168 - - [03/Sep/2026:15:12:30 +0200] "GET /readme.html HTTP/1.1" 200 5469 "-" "Mozilla/5.0 (Windows NT 10.0; Win64; x64) AppleWebKit/537.36 (KHTML, like Gecko) Chrome/145.0.0.0 Safari/537.36"
32.198.51.168 - - [03/Sep/2026:15:12:31 +0200] "POST /?rest_route=/batch/v1&_w2s=297129b9 HTTP/1.1" 200 9733 "-" "Mozilla/5.0 (Windows NT 10.0; Win64; x64) AppleWebKit/537.36 (KHTML, like Gecko) Chrome/144.0.0.0 Safari/537.36"
32.198.51.168 - - [03/Sep/2026:15:12:31 +0200] "POST /?rest_route=/batch/v1&_w2s=003738be HTTP/1.1" 200 9733 "-" "Mozilla/5.0 (Macintosh; Intel Mac OS X 10_15_7) AppleWebKit/537.36 (KHTML, like Gecko) Chrome/142.0.0.0 Safari/537.36"
198.204.240.234 - - [03/Sep/2026:15:16:26 +0200] "GET /wp-includes/js5a38be/index.php HTTP/1.1" 200 5498 "https://salumipasini.spaceten.it/wp-includes/js5a38be/index.php" "Mozilla/5.0 (compatible; MSIE 9.0; Windows NT 6.1; WOW64; Trident/5.0; Sleipnir/2.9.8)"
198.204.240.234 - - [03/Sep/2026:15:16:06 +0200] "GET /wp-includes/js5a38be/index.php HTTP/1.1" 200 5424 "https://salumipasini.spaceten.it/wp-includes/js5a38be/index.php" "Mozilla/5.0 (Macintosh; Intel Mac OS X 10_6_8) AppleWebKit/534.30 (KHTML, like Gecko) Chrome/12.0.742.112 Safari/534.30"
107.150.52.226 - - [03/Sep/2026:15:17:37 +0200] "GET /wp-includes/js5a38be/index.php?id=547957$wd HTTP/1.1" 200 5424 "https://salumipasini.spaceten.it/wp-includes/js5a38be/index.php?id=547957$wd" "Mozilla/5.0"
107.150.52.226 - - [03/Sep/2026:15:19:05 +0200] "GET /wp-includes/js5a38be/index.php?id=547957$wd HTTP/1.1" 200 5424 "https://salumipasini.spaceten.it/wp-includes/js5a38be/index.php?id=547957$wd" "Mozilla/5.0"
107.150.52.226 - - [03/Sep/2026:15:20:33 +0200] "GET /wp-includes/js5a38be/index.php?id=547957$wd HTTP/1.1" 200 5424 "https://salumipasini.spaceten.it/wp-includes/js5a38be/index.php?id=547957$wd" "Mozilla/5.0"
107.150.52.226 - - [03/Sep/2026:15:22:06 +0200] "GET /wp-includes/js5a38be/index.php?id=547957$wd HTTP/1.1" 200 5424 "https://salumipasini.spaceten.it/wp-includes/js5a38be/index.php?id=547957$wd" "Mozilla/5.0"
198.204.240.234 - - [03/Sep/2026:15:44:49 +0200] "GET /wp-includes/js5a38be/index.php HTTP/1.1" 200 5498 "https://salumipasini.spaceten.it/wp-includes/js5a38be/index.php" "Mozilla/5.0 (Macintosh; U; Intel Mac OS X 10_5_6; ja-jp) AppleWebKit/525.27.1 (KHTML, like Gecko) Version/3.2.1 Safari/525.27.1"
198.204.240.234 - - [03/Sep/2026:15:44:30 +0200] "GET /wp-includes/js5a38be/index.php HTTP/1.1" 200 5424 "https://salumipasini.spaceten.it/wp-includes/js5a38be/index.php" "Mozilla/4.0 (compatible; MSIE 8.0; Windows NT 5.1; Trident/4.0; .NET CLR 2.0.50727; .NET CLR 3.0.04506.30; .NET CLR 3.0.04506.648)"
198.204.240.234 - - [03/Sep/2026:16:13:14 +0200] "GET /wp-includes/js5a38be/index.php HTTP/1.1" 200 5498 "https://salumipasini.spaceten.it/wp-includes/js5a38be/index.php" "Opera/9.80 (Windows NT 6.1; U; ja) Presto/2.10.229 Version/11.60"
198.204.240.234 - - [03/Sep/2026:16:12:54 +0200] "GET /wp-includes/js5a38be/index.php HTTP/1.1" 200 5424 "https://salumipasini.spaceten.it/wp-includes/js5a38be/index.php" "Mozilla/5.0 (compatible; MSIE 9.0; Windows NT 6.1; WOW64; Trident/5.0)"
87.49.42.233 - - [03/Sep/2026:16:26:48 +0200] "GET /favicon.ico HTTP/1.1" 200 9734 "-" "Dalvik/2.1.0 (Linux; U; Android 14; moto g14 Build/UTLBS34.102-91-5)"
198.204.240.234 - - [03/Sep/2026:16:40:33 +0200] "GET /wp-includes/js5a38be/index.php HTTP/1.1" 200 5498 "https://salumipasini.spaceten.it/wp-includes/js5a38be/index.php" "Mozilla/4.0 (compatible; MSIE 7.0; Windows NT 5.1; SV1; .NET CLR 1.0.3705; .NET CLR 2.0.50727; .NET CLR 1.1.4322)"
198.204.240.234 - - [03/Sep/2026:16:40:13 +0200] "GET /wp-includes/js5a38be/index.php HTTP/1.1" 200 5424 "https://salumipasini.spaceten.it/wp-includes/js5a38be/index.php" "Mozilla/5.0 (compatible; MSIE 10.0; Windows NT 6.2; WOW64; Trident/6.0)"
77.241.128.39 - - [03/Sep/2026:17:01:29 +0200] "GET /favicon.ico HTTP/1.1" 200 9735 "-" "Dalvik/2.1.0 (Linux; U; Android 16; SM-A366B Build/BP4A.251205.006)"
196.119.211.157 - - [03/Sep/2026:17:06:33 +0200] "GET /wp-l0gin.php HTTP/1.1" 200 5697 "-" "Mozilla/5.0 (Windows NT 10.0; Win64; x64) AppleWebKit/537.36 (KHTML, like Gecko) Chrome/151.0.0.0 Safari/537.36"
196.119.211.157 - - [03/Sep/2026:17:06:33 +0200] "GET /favicon.ico HTTP/1.1" 200 9735 "https://salumipasini.spaceten.it/wp-l0gin.php" "Mozilla/5.0 (Windows NT 10.0; Win64; x64) AppleWebKit/537.36 (KHTML, like Gecko) Chrome/151.0.0.0 Safari/537.36"
196.119.211.157 - - [03/Sep/2026:17:06:35 +0200] "POST /wp-l0gin.php HTTP/1.1" 200 7228 "https://salumipasini.spaceten.it/wp-l0gin.php" "Mozilla/5.0 (Windows NT 10.0; Win64; x64) AppleWebKit/537.36 (KHTML, like Gecko) Chrome/151.0.0.0 Safari/537.36"
196.119.211.157 - - [03/Sep/2026:17:06:36 +0200] "GET /favicon.ico HTTP/1.1" 200 9735 "https://salumipasini.spaceten.it/wp-l0gin.php" "Mozilla/5.0 (Windows NT 10.0; Win64; x64) AppleWebKit/537.36 (KHTML, like Gecko) Chrome/151.0.0.0 Safari/537.36"
196.119.211.157 - - [03/Sep/2026:17:06:45 +0200] "GET /wp-l0gin.php HTTP/1.1" 200 5697 "-" "Mozilla/5.0 (Windows NT 10.0; Win64; x64) AppleWebKit/537.36 (KHTML, like Gecko) Chrome/151.0.0.0 Safari/537.36"
196.119.211.157 - - [03/Sep/2026:17:06:45 +0200] "GET /favicon.ico HTTP/1.1" 200 9735 "https://salumipasini.spaceten.it/wp-l0gin.php" "Mozilla/5.0 (Windows NT 10.0; Win64; x64) AppleWebKit/537.36 (KHTML, like Gecko) Chrome/151.0.0.0 Safari/537.36"
196.119.211.157 - - [03/Sep/2026:17:06:47 +0200] "POST /wp-l0gin.php HTTP/1.1" 200 7228 "https://salumipasini.spaceten.it/wp-l0gin.php" "Mozilla/5.0 (Windows NT 10.0; Win64; x64) AppleWebKit/537.36 (KHTML, like Gecko) Chrome/151.0.0.0 Safari/537.36"
196.119.211.157 - - [03/Sep/2026:17:06:48 +0200] "GET /favicon.ico HTTP/1.1" 200 9735 "https://salumipasini.spaceten.it/wp-l0gin.php" "Mozilla/5.0 (Windows NT 10.0; Win64; x64) AppleWebKit/537.36 (KHTML, like Gecko) Chrome/151.0.0.0 Safari/537.36"
196.119.211.157 - - [03/Sep/2026:17:07:16 +0200] "POST /wp-l0gin.php HTTP/1.1" 200 9064 "https://salumipasini.spaceten.it/wp-l0gin.php" "Mozilla/5.0 (Windows NT 10.0; Win64; x64) AppleWebKit/537.36 (KHTML, like Gecko) Chrome/151.0.0.0 Safari/537.36"
196.119.211.157 - - [03/Sep/2026:17:07:17 +0200] "GET /favicon.ico HTTP/1.1" 200 9735 "https://salumipasini.spaceten.it/wp-l0gin.php" "Mozilla/5.0 (Windows NT 10.0; Win64; x64) AppleWebKit/537.36 (KHTML, like Gecko) Chrome/151.0.0.0 Safari/537.36"
196.119.211.157 - - [03/Sep/2026:17:07:37 +0200] "POST /wp-l0gin.php HTTP/1.1" 200 30644 "https://salumipasini.spaceten.it/wp-l0gin.php" "Mozilla/5.0 (Windows NT 10.0; Win64; x64) AppleWebKit/537.36 (KHTML, like Gecko) Chrome/151.0.0.0 Safari/537.36"
196.119.211.157 - - [03/Sep/2026:17:08:12 +0200] "GET /favicon.ico HTTP/1.1" 200 9735 "https://salumipasini.spaceten.it/wp-l0gin.php" "Mozilla/5.0 (Windows NT 10.0; Win64; x64) AppleWebKit/537.36 (KHTML, like Gecko) Chrome/151.0.0.0 Safari/537.36"
198.204.240.234 - - [03/Sep/2026:17:08:39 +0200] "GET /wp-includes/js5a38be/index.php HTTP/1.1" 200 5498 "https://salumipasini.spaceten.it/wp-includes/js5a38be/index.php" "Mozilla/4.0 (compatible; MSIE 7.0; Windows NT 5.1; SV1; .NET CLR 1.1.4322; .NET CLR 2.0.50727; InfoPath.1)"
196.119.211.157 - - [03/Sep/2026:17:08:55 +0200] "POST /wp-l0gin.php HTTP/1.1" 200 29937 "https://salumipasini.spaceten.it/wp-l0gin.php" "Mozilla/5.0 (Windows NT 10.0; Win64; x64) AppleWebKit/537.36 (KHTML, like Gecko) Chrome/151.0.0.0 Safari/537.36"
196.119.211.157 - - [03/Sep/2026:17:09:35 +0200] "GET /favicon.ico HTTP/1.1" 200 9735 "https://salumipasini.spaceten.it/wp-l0gin.php" "Mozilla/5.0 (Windows NT 10.0; Win64; x64) AppleWebKit/537.36 (KHTML, like Gecko) Chrome/151.0.0.0 Safari/537.36"
198.204.240.234 - - [03/Sep/2026:17:08:19 +0200] "GET /wp-includes/js5a38be/index.php HTTP/1.1" 200 5424 "https://salumipasini.spaceten.it/wp-includes/js5a38be/index.php" "Mozilla/5.0 (Macintosh; Intel Mac OS X 10_6_8) AppleWebKit/534.24 (KHTML, like Gecko) Chrome/11.0.696.71 Safari/534.24"
196.119.211.157 - - [03/Sep/2026:17:09:52 +0200] "POST /wp-l0gin.php HTTP/1.1" 200 39298 "https://salumipasini.spaceten.it/wp-l0gin.php" "Mozilla/5.0 (Windows NT 10.0; Win64; x64) AppleWebKit/537.36 (KHTML, like Gecko) Chrome/151.0.0.0 Safari/537.36"
196.119.211.157 - - [03/Sep/2026:17:10:42 +0200] "GET /favicon.ico HTTP/1.1" 200 9735 "https://salumipasini.spaceten.it/wp-l0gin.php" "Mozilla/5.0 (Windows NT 10.0; Win64; x64) AppleWebKit/537.36 (KHTML, like Gecko) Chrome/151.0.0.0 Safari/537.36"
196.119.211.157 - - [03/Sep/2026:17:12:03 +0200] "POST /wp-l0gin.php HTTP/1.1" 200 24646 "https://salumipasini.spaceten.it/wp-l0gin.php" "Mozilla/5.0 (Windows NT 10.0; Win64; x64) AppleWebKit/537.36 (KHTML, like Gecko) Chrome/151.0.0.0 Safari/537.36"
196.119.211.157 - - [03/Sep/2026:17:12:25 +0200] "GET /favicon.ico HTTP/1.1" 200 9735 "https://salumipasini.spaceten.it/wp-l0gin.php" "Mozilla/5.0 (Windows NT 10.0; Win64; x64) AppleWebKit/537.36 (KHTML, like Gecko) Chrome/151.0.0.0 Safari/537.36"
44.203.85.79 - - [03/Sep/2026:17:30:20 +0200] "POST / HTTP/1.1" 200 9734 "https://salumipasini.spaceten.it/" "Mozilla/5.0 (Windows NT 10.0; Win64; x64) AppleWebKit/537.36 (KHTML, like Gecko) Chrome/144.0.0.0 Safari/537.36"
198.204.240.234 - - [03/Sep/2026:17:37:08 +0200] "GET /wp-includes/js5a38be/index.php HTTP/1.1" 200 5498 "https://salumipasini.spaceten.it/wp-includes/js5a38be/index.php" "Mozilla/5.0 (Macintosh; Intel Mac OS X 10_6_8) AppleWebKit/535.1 (KHTML, like Gecko) Chrome/14.0.835.202 Safari/535.1"
198.204.240.234 - - [03/Sep/2026:17:36:48 +0200] "GET /wp-includes/js5a38be/index.php HTTP/1.1" 200 5424 "https://salumipasini.spaceten.it/wp-includes/js5a38be/index.php" "Mozilla/5.0 (Macintosh; U; PPC Mac OS X; ja-jp) AppleWebKit/523.12 (KHTML, like Gecko) Version/3.0.4 Safari/523.12"
107.150.52.226 - - [03/Sep/2026:17:38:29 +0200] "GET /wp-includes/js5a38be/index.php?id=547957$wd HTTP/1.1" 200 5424 "https://salumipasini.spaceten.it/wp-includes/js5a38be/index.php?id=547957$wd" "Mozilla/5.0"
154.111.76.196 - - [03/Sep/2026:18:00:49 +0200] "GET /wp-admin/verox.php HTTP/1.1" 200 9734 "-" "Mozilla/5.0 (Macintosh; Intel Mac OS X 10.15; rv:154.0) Gecko/20100101 Firefox/154.0"
154.111.76.196 - - [03/Sep/2026:18:00:50 +0200] "GET /favicon.ico HTTP/1.1" 200 9734 "https://salumipasini.spaceten.it/wp-admin/verox.php" "Mozilla/5.0 (Macintosh; Intel Mac OS X 10.15; rv:154.0) Gecko/20100101 Firefox/154.0"
154.111.76.196 - - [03/Sep/2026:18:00:55 +0200] "POST /wp-admin/verox.php HTTP/1.1" 200 9779 "https://salumipasini.spaceten.it/wp-admin/verox.php" "Mozilla/5.0 (Macintosh; Intel Mac OS X 10.15; rv:154.0) Gecko/20100101 Firefox/154.0"
154.111.76.196 - - [03/Sep/2026:18:00:57 +0200] "GET /wp-admin/verox.php HTTP/1.1" 200 9777 "https://salumipasini.spaceten.it/wp-admin/verox.php" "Mozilla/5.0 (Macintosh; Intel Mac OS X 10.15; rv:154.0) Gecko/20100101 Firefox/154.0"
154.111.76.196 - - [03/Sep/2026:18:01:03 +0200] "GET /wp-admin/verox.php HTTP/1.1" 200 9777 "-" "Mozilla/5.0 (Macintosh; Intel Mac OS X 10.15; rv:154.0) Gecko/20100101 Firefox/154.0"
154.111.76.196 - - [03/Sep/2026:18:01:05 +0200] "GET /wp-admin/verox.php HTTP/1.1" 200 9777 "-" "Mozilla/5.0 (Macintosh; Intel Mac OS X 10.15; rv:154.0) Gecko/20100101 Firefox/154.0"
154.111.76.196 - - [03/Sep/2026:18:01:05 +0200] "GET /favicon.ico HTTP/1.1" 200 9777 "https://salumipasini.spaceten.it/wp-admin/verox.php" "Mozilla/5.0 (Macintosh; Intel Mac OS X 10.15; rv:154.0) Gecko/20100101 Firefox/154.0"
92.222.243.32 - - [03/Sep/2026:18:01:39 +0200] "GET /wp-admin/verox.php HTTP/1.1" 200 80784 "-" "-"
198.204.240.234 - - [03/Sep/2026:18:05:23 +0200] "GET /wp-includes/js5a38be/index.php HTTP/1.1" 200 5498 "https://salumipasini.spaceten.it/wp-includes/js5a38be/index.php" "Mozilla/5.0 (Windows; U; Windows NT 5.1; en-US) AppleWebKit/534.16 (KHTML, like Gecko) Chrome/10.0.648.151 Safari/534.16"
198.204.240.234 - - [03/Sep/2026:18:05:04 +0200] "GET /wp-includes/js5a38be/index.php HTTP/1.1" 200 5424 "https://salumipasini.spaceten.it/wp-includes/js5a38be/index.php" "Mozilla/5.0 (X11; Linux i686) AppleWebKit/535.2 (KHTML, like Gecko) Ubuntu/10.04 Chromium/15.0.874.106 Chrome/15.0.874.106 Safari/535.2"
198.204.240.234 - - [03/Sep/2026:18:33:20 +0200] "GET /wp-includes/js5a38be/index.php HTTP/1.1" 200 5498 "https://salumipasini.spaceten.it/wp-includes/js5a38be/index.php" "Mozilla/5.0 (Macintosh; Intel Mac OS X 10.7; rv:7.0.1) Gecko/20100101 Firefox/7.0.1"
198.204.240.234 - - [03/Sep/2026:18:33:00 +0200] "GET /wp-includes/js5a38be/index.php HTTP/1.1" 200 5424 "https://salumipasini.spaceten.it/wp-includes/js5a38be/index.php" "Mozilla/5.0 (Macintosh; U; Intel Mac OS X 10_6_2; ja-jp) AppleWebKit/531.21.8 (KHTML, like Gecko) Version/4.0.4 Safari/531.21.10"
107.150.52.226 - - [03/Sep/2026:18:34:28 +0200] "GET /wp-includes/js5a38be/index.php?id=547957$wd HTTP/1.1" 200 5424 "https://salumipasini.spaceten.it/wp-includes/js5a38be/index.php?id=547957$wd" "Mozilla/5.0"
107.150.52.226 - - [03/Sep/2026:18:35:56 +0200] "GET /wp-includes/js5a38be/index.php?id=547957$wd HTTP/1.1" 200 5424 "https://salumipasini.spaceten.it/wp-includes/js5a38be/index.php?id=547957$wd" "Mozilla/5.0"
74.7.244.50 - - [03/Sep/2026:18:40:56 +0200] "GET /robots.txt HTTP/1.1" 200 5681 "-" "Mozilla/5.0 (Macintosh; Intel Mac OS X 10_15_7) AppleWebKit/537.36 (KHTML, like Gecko) Chrome/131.0.0.0 Safari/537.36; compatible; OAI-SearchBot/1.4; robots.txt; +https://openai.com/searchbot"
85.122.114.193 - - [03/Sep/2026:18:43:31 +0200] "GET /wp-admin/verox.php HTTP/1.1" 200 80785 "-" "-"
198.204.240.234 - - [03/Sep/2026:19:01:43 +0200] "GET /wp-includes/js5a38be/index.php HTTP/1.1" 200 5498 "https://salumipasini.spaceten.it/wp-includes/js5a38be/index.php" "Mozilla/5.0 (Macintosh; U; PPC Mac OS X 10_4_11; ja-jp) AppleWebKit/525.18 (KHTML, like Gecko) Version/3.1.2 Safari/525.22"
198.204.240.234 - - [03/Sep/2026:19:01:23 +0200] "GET /wp-includes/js5a38be/index.php HTTP/1.1" 200 5424 "https://salumipasini.spaceten.it/wp-includes/js5a38be/index.php" "Mozilla/5.0 (Windows NT 10.0; WOW64) AppleWebKit/537.36 (KHTML, like Gecko) Chrome/74.0.3729.131 Safari/537.36"
85.122.114.193 - - [03/Sep/2026:19:07:55 +0200] "GET /wp-admin/verox.php HTTP/1.1" 200 80785 "-" "-"
93.123.109.18 - - [03/Sep/2026:19:20:14 +0200] "GET / HTTP/1.1" 200 9775 "-" "Mozilla/5.0 (X11; Linux x86_64; rv:144.0) Gecko/20100101 Firefox/144.0"
93.123.109.18 - - [03/Sep/2026:19:20:17 +0200] "GET / HTTP/1.1" 200 9775 "http://salumipasini.spaceten.it:80/" "Mozilla/5.0 (Macintosh; Intel Mac OS X 10_15_7) AppleWebKit/537.36 (KHTML, like Gecko) Chrome/142.0.0.0 Safari/537.36"
198.204.240.234 - - [03/Sep/2026:19:29:34 +0200] "GET /wp-includes/js5a38be/index.php HTTP/1.1" 200 5498 "https://salumipasini.spaceten.it/wp-includes/js5a38be/index.php" "Opera/9.80 (Windows NT 6.1; U; ja) Presto/2.10.229 Version/11.60"
198.204.240.234 - - [03/Sep/2026:19:29:14 +0200] "GET /wp-includes/js5a38be/index.php HTTP/1.1" 200 5424 "https://salumipasini.spaceten.it/wp-includes/js5a38be/index.php" "Mozilla/5.0 (compatible; MSIE 10.0; Windows NT 6.1; Trident/6.0)"
32.198.51.168 - - [03/Sep/2026:19:54:00 +0200] "GET / HTTP/1.1" 200 9776 "-" "Mozilla/5.0 (Macintosh; Intel Mac OS X 10_15_7) AppleWebKit/537.36 (KHTML, like Gecko) Chrome/146.0.0.0 Safari/537.36"
32.198.51.168 - - [03/Sep/2026:19:54:02 +0200] "GET /readme.html HTTP/1.1" 200 5469 "-" "Mozilla/5.0 (Windows NT 10.0; Win64; x64) AppleWebKit/537.36 (KHTML, like Gecko) Chrome/145.0.0.0 Safari/537.36"
32.198.51.168 - - [03/Sep/2026:19:54:02 +0200] "POST /?rest_route=/batch/v1&_w2s=6db30061 HTTP/1.1" 200 9776 "-" "Mozilla/5.0 (Windows NT 10.0; Win64; x64) AppleWebKit/537.36 (KHTML, like Gecko) Chrome/145.0.0.0 Safari/537.36"
32.198.51.168 - - [03/Sep/2026:19:54:02 +0200] "POST /?rest_route=/batch/v1&_w2s=ff22dadc HTTP/1.1" 200 9776 "-" "Mozilla/5.0 (Windows NT 10.0; Win64; x64) AppleWebKit/537.36 (KHTML, like Gecko) Chrome/145.0.0.0 Safari/537.36"
198.204.240.234 - - [03/Sep/2026:19:57:27 +0200] "GET /wp-includes/js5a38be/index.php HTTP/1.1" 200 5498 "https://salumipasini.spaceten.it/wp-includes/js5a38be/index.php" "Mozilla/5.0 (Macintosh; U; Intel Mac OS X 10_6_3; ja-jp) AppleWebKit/533.16 (KHTML, like Gecko) Version/5.0 Safari/533.16"
198.204.240.234 - - [03/Sep/2026:19:57:07 +0200] "GET /wp-includes/js5a38be/index.php HTTP/1.1" 200 5424 "https://salumipasini.spaceten.it/wp-includes/js5a38be/index.php" "Mozilla/4.0 (compatible; MSIE 7.0; Windows NT 5.1; .NET CLR 1.1.4322; .NET CLR 2.0.50727)"
107.150.52.226 - - [03/Sep/2026:19:58:36 +0200] "GET /wp-includes/js5a38be/index.php?id=547957$wd HTTP/1.1" 200 5424 "https://salumipasini.spaceten.it/wp-includes/js5a38be/index.php?id=547957$wd" "Mozilla/5.0"
198.204.240.234 - - [03/Sep/2026:20:25:57 +0200] "GET /wp-includes/js5a38be/index.php HTTP/1.1" 200 5498 "https://salumipasini.spaceten.it/wp-includes/js5a38be/index.php" "Mozilla/5.0 (Macintosh; Intel Mac OS X 10.6; rv:6.0.2) Gecko/20100101 Firefox/6.0.2"
198.204.240.234 - - [03/Sep/2026:20:25:38 +0200] "GET /wp-includes/js5a38be/index.php HTTP/1.1" 200 5424 "https://salumipasini.spaceten.it/wp-includes/js5a38be/index.php" "Mozilla/5.0 (Macintosh; U; Intel Mac OS X 10_5_6; ja-jp) AppleWebKit/525.27.1 (KHTML, like Gecko) Version/3.2.1 Safari/525.27.1"
198.204.240.234 - - [03/Sep/2026:20:55:01 +0200] "GET /wp-includes/js5a38be/index.php HTTP/1.1" 200 5498 "https://salumipasini.spaceten.it/wp-includes/js5a38be/index.php" "Mozilla/4.0 (compatible; MSIE 8.0; Windows NT 5.1; Trident/4.0; .NET CLR 2.0.50727; .NET CLR 3.0.04506.30; .NET CLR 3.0.04506.648)"
198.204.240.234 - - [03/Sep/2026:20:54:42 +0200] "GET /wp-includes/js5a38be/index.php HTTP/1.1" 200 5424 "https://salumipasini.spaceten.it/wp-includes/js5a38be/index.php" "Mozilla/5.0 (Windows NT 5.1) AppleWebKit/534.30 (KHTML, like Gecko) Chrome/12.0.742.122 Safari/534.30 ChromePlus/1.6.3.1"
198.204.240.234 - - [03/Sep/2026:21:23:41 +0200] "GET /wp-includes/js5a38be/index.php HTTP/1.1" 200 5498 "https://salumipasini.spaceten.it/wp-includes/js5a38be/index.php" "Mozilla/4.0 (compatible; MSIE 8.0; Windows NT 5.1; Trident/4.0; EasyBits GO v1.0; InfoPath.1; .NET CLR 2.0.50727; .NET CLR 3.0.4506.2152; .NET CLR 3.5.30729)"
198.204.240.234 - - [03/Sep/2026:21:23:21 +0200] "GET /wp-includes/js5a38be/index.php HTTP/1.1" 200 5424 "https://salumipasini.spaceten.it/wp-includes/js5a38be/index.php" "Mozilla/5.0 (Macintosh; Intel Mac OS X 10_6_8) AppleWebKit/535.1 (KHTML, like Gecko) Chrome/13.0.782.112 Safari/535.1"
107.150.52.226 - - [03/Sep/2026:21:24:49 +0200] "GET /wp-includes/js5a38be/index.php?id=547957$wd HTTP/1.1" 200 5424 "https://salumipasini.spaceten.it/wp-includes/js5a38be/index.php?id=547957$wd" "Mozilla/5.0"
198.204.240.234 - - [03/Sep/2026:21:51:44 +0200] "GET /wp-includes/js5a38be/index.php HTTP/1.1" 200 5498 "https://salumipasini.spaceten.it/wp-includes/js5a38be/index.php" "Mozilla/4.0 (compatible; MSIE 7.0; Windows NT 5.1; .NET CLR 1.1.4322; .NET CLR 2.0.50727)"
198.204.240.234 - - [03/Sep/2026:21:51:25 +0200] "GET /wp-includes/js5a38be/index.php HTTP/1.1" 200 5424 "https://salumipasini.spaceten.it/wp-includes/js5a38be/index.php" "Mozilla/5.0 (Windows NT 6.1) AppleWebKit/535.1 (KHTML, like Gecko) Chrome/13.0.782.107 Safari/535.1"
198.204.240.234 - - [03/Sep/2026:22:19:49 +0200] "GET /wp-includes/js5a38be/index.php HTTP/1.1" 200 5498 "https://salumipasini.spaceten.it/wp-includes/js5a38be/index.php" "Mozilla/5.0 (compatible; MSIE 10.0; Windows NT 6.2; ARM; Trident/6.0)"
198.204.240.234 - - [03/Sep/2026:22:19:29 +0200] "GET /wp-includes/js5a38be/index.php HTTP/1.1" 200 5424 "https://salumipasini.spaceten.it/wp-includes/js5a38be/index.php" "Mozilla/5.0 (Macintosh; Intel Mac OS X 10.5; rv:5.0.1) Gecko/20100101 Firefox/5.0.1"
77.241.128.39 - - [03/Sep/2026:22:30:00 +0200] "GET /favicon.ico HTTP/1.1" 200 9778 "-" "Dalvik/2.1.0 (Linux; U; Android 12; TB328FU Build/SP1A.210812.016)"
198.204.240.234 - - [03/Sep/2026:22:48:16 +0200] "GET /wp-includes/js5a38be/index.php HTTP/1.1" 200 5498 "https://salumipasini.spaceten.it/wp-includes/js5a38be/index.php" "Opera/9.80 (Macintosh; Intel Mac OS X 10.6.8; U; ja) Presto/2.10.289 Version/12.00"
198.204.240.234 - - [03/Sep/2026:22:47:56 +0200] "GET /wp-includes/js5a38be/index.php HTTP/1.1" 200 5424 "https://salumipasini.spaceten.it/wp-includes/js5a38be/index.php" "Mozilla/5.0 (compatible; MSIE 9.0; Windows NT 6.1; WOW64; Trident/5.0; Sleipnir/2.9.8)"
107.150.52.226 - - [03/Sep/2026:22:49:27 +0200] "GET /wp-includes/js5a38be/index.php?id=547957$wd HTTP/1.1" 200 5424 "https://salumipasini.spaceten.it/wp-includes/js5a38be/index.php?id=547957$wd" "Mozilla/5.0"
107.150.52.226 - - [03/Sep/2026:22:51:02 +0200] "GET /wp-includes/js5a38be/index.php?id=547957$wd HTTP/1.1" 200 5424 "https://salumipasini.spaceten.it/wp-includes/js5a38be/index.php?id=547957$wd" "Mozilla/5.0"
213.209.159.133 - - [03/Sep/2026:22:53:04 +0200] "GET / HTTP/1.1" 200 9778 "-" "Mozilla/5.0 (compatible; jscrawler/0.1; +https://github.com/)"
213.209.159.133 - - [03/Sep/2026:22:53:10 +0200] "GET /?loknya=/ HTTP/1.1" 200 7434 "-" "Mozilla/5.0 (compatible; jscrawler/0.1; +https://github.com/)"
213.209.159.133 - - [03/Sep/2026:22:53:10 +0200] "GET /?loknya=/var HTTP/1.1" 200 7443 "-" "Mozilla/5.0 (compatible; jscrawler/0.1; +https://github.com/)"
213.209.159.133 - - [03/Sep/2026:22:53:10 +0200] "GET /?lokasie=/var/www/vhosts/spaceten.it/salumipasini.spaceten.it/index.phpssssss&loknya=/var/www/vhosts/spaceten.it/salumipasini.spaceten.it HTTP/1.1" 200 7462 "-" "Mozilla/5.0 (compatible; jscrawler/0.1; +https://github.com/)"
213.209.159.133 - - [03/Sep/2026:22:53:10 +0200] "GET /?lokasie=/var/www/vhosts/spaceten.it/salumipasini.spaceten.it/pages.php&loknya=/var/www/vhosts/spaceten.it/salumipasini.spaceten.it HTTP/1.1" 200 8016 "-" "Mozilla/5.0 (compatible; jscrawler/0.1; +https://github.com/)"
213.209.159.133 - - [03/Sep/2026:22:53:10 +0200] "GET /?lokasie=/var/www/vhosts/spaceten.it/salumipasini.spaceten.it/wp-comments-post.php&loknya=/var/www/vhosts/spaceten.it/salumipasini.spaceten.it HTTP/1.1" 200 8299 "-" "Mozilla/5.0 (compatible; jscrawler/0.1; +https://github.com/)"
213.209.159.133 - - [03/Sep/2026:22:53:10 +0200] "GET /?lokasie=/var/www/vhosts/spaceten.it/salumipasini.spaceten.it/readme.html&loknya=/var/www/vhosts/spaceten.it/salumipasini.spaceten.it HTTP/1.1" 200 10538 "-" "Mozilla/5.0 (compatible; jscrawler/0.1; +https://github.com/)"
213.209.159.133 - - [03/Sep/2026:22:53:10 +0200] "GET /?lokasie=/var/www/vhosts/spaceten.it/salumipasini.spaceten.it/wp-theme.php&loknya=/var/www/vhosts/spaceten.it/salumipasini.spaceten.it HTTP/1.1" 200 67824 "-" "Mozilla/5.0 (compatible; jscrawler/0.1; +https://github.com/)"
213.209.159.133 - - [03/Sep/2026:22:53:10 +0200] "GET /index.php HTTP/1.1" 200 9778 "-" "Mozilla/5.0 (compatible; jscrawler/0.1; +https://github.com/)"
